08-12 13:55:57.976  2401  2416 W UiObject2: Clicking on non-clickable object: android.view.accessibility.AccessibilityNodeInfo@8591; boundsInParent: Rect(0, 0 - 0, 0); boundsInScreen: Rect(975, 181 - 1038, 244); boundsInWindow: Rect(975, 181 - 1038, 244); packageName: app.voltplan.cable; className: android.view.View; text: null; error: null; maxTextLength: -1; stateDescription: null; contentDescription: Add; tooltipText: null; containerTitle: null; viewIdResName: null; uniqueId: null; checkable: false; checked: false; focusable: false; focused: false; selected: false; clickable: false; longClickable: false; contextClickable: false; enabled: true; password: false; scrollable: false; importantForAccessibility: true; visible: true; actions: [AccessibilityAction: ACTION_NEXT_AT_MOVEMENT_GRANULARITY - null, AccessibilityAction: ACTION_PREVIOUS_AT_MOVEMENT_GRANULARITY - null, AccessibilityAction: ACTION_ACCESSIBILITY_FOCUS - null, AccessibilityAction: ACTION_SET_SELECTION - null]; isTextSelectable: false
08-12 13:55:58.008  4542  4542 W WindowOnBackDispatcher: OnBackInvokedCallback is not enabled for the application.
08-12 13:55:58.008  4542  4542 W WindowOnBackDispatcher: Set 'android:enableOnBackInvokedCallback="true"' in the application manifest.
08-12 13:55:58.017  4542  4566 D EGL_emulation: app_time_stats: avg=331.11ms min=22.82ms max=798.48ms count=5
08-12 13:55:58.017  2401  2416 W GestureController: Gestures took longer than expected (41ms >> 16ms), device might be in a busy state.
08-12 13:55:58.606  2401  2416 D UiDevice: Waiting 10000ms for SearchCondition[findObject=BySelector [TEXT='\QOverview\E']].
08-12 13:55:58.606  2401  2416 D UiDevice: Retrieving node with selector: BySelector [TEXT='\QOverview\E'].
08-12 13:55:58.697  2401  2416 D UiObject2: Clicking on (127, 2211).
08-12 13:55:58.697  2401  2416 W UiObject2: Clicking on non-clickable object: android.view.accessibility.AccessibilityNodeInfo@90b5; boundsInParent: Rect(0, 0 - 0, 0); boundsInScreen: Rect(58, 2190 - 197, 2232); boundsInWindow: Rect(58, 2190 - 197, 2232); packageName: app.voltplan.cable; className: android.widget.TextView; text: Overview; error: null; maxTextLength: -1; stateDescription: null; contentDescription: null; tooltipText: null; containerTitle: null; viewIdResName: null; uniqueId: null; checkable: false; checked: false; focusable: false; focused: false; selected: false; clickable: false; longClickable: false; contextClickable: false; enabled: true; password: false; scrollable: false; importantForAccessibility: true; visible: true; actions: [AccessibilityAction: ACTION_NEXT_AT_MOVEMENT_GRANULARITY - null, AccessibilityAction: ACTION_PREVIOUS_AT_MOVEMENT_GRANULARITY - null, AccessibilityAction: ACTION_ACCESSIBILITY_FOCUS - null, AccessibilityAction: ACTION_SET_SELECTION - null]; isTextSelectable: false
08-12 13:55:58.793   770   770 I wpa_supplicant: wlan0: CTRL-EVENT-BEACON-LOSS 
08-12 13:55:59.028  4542  4566 D EGL_emulation: app_time_stats: avg=9.77ms min=6.82ms max=25.86ms count=56
08-12 13:55:59.325  2401  2416 D UiDevice: Waiting 10000ms for SearchCondition[findObject=BySelector [TEXT='\QComponents\E']].
08-12 13:55:59.325  2401  2416 D UiDevice: Retrieving node with selector: BySelector [TEXT='\QComponents\E'].
08-12 13:55:59.364  2401  2416 D UiObject2: Clicking on (402, 2211).
08-12 13:55:59.364  2401  2416 W UiObject2: Clicking on non-clickable object: android.view.accessibility.AccessibilityNodeInfo@91cc; boundsInParent: Rect(0, 0 - 0, 0); boundsInScreen: Rect(307, 2190 - 498, 2232); boundsInWindow: Rect(307, 2190 - 498, 2232); packageName: app.voltplan.cable; className: android.widget.TextView; text: Components; error: null; maxTextLength: -1; stateDescription: null; contentDescription: null; tooltipText: null; containerTitle: null; viewIdResName: null; uniqueId: null; checkable: false; checked: false; focusable: false; focused: false; selected: false; clickable: false; longClickable: false; contextClickable: false; enabled: true; password: false; scrollable: false; importantForAccessibility: true; visible: true; actions: [AccessibilityAction: ACTION_NEXT_AT_MOVEMENT_GRANULARITY - null, AccessibilityAction: ACTION_PREVIOUS_AT_MOVEMENT_GRANULARITY - null, AccessibilityAction: ACTION_ACCESSIBILITY_FOCUS - null, AccessibilityAction: ACTION_SET_SELECTION - null]; isTextSelectable: false
08-12 13:55:59.397  2401  2416 W GestureController: Gestures took longer than expected (32ms >> 16ms), device might be in a busy state.
08-12 13:55:59.873  2401  2416 D UiDevice: Waiting 10000ms for SearchCondition[findObject=BySelector [TEXT='\QBatteries\E']].
08-12 13:55:59.873  2401  2416 D UiDevice: Retrieving node with selector: BySelector [TEXT='\QBatteries\E'].
08-12 13:55:59.893  2401  2416 D UiObject2: Clicking on (677, 2211).
08-12 13:55:59.894  2401  2416 W UiObject2: Clicking on non-clickable object: android.view.accessibility.AccessibilityNodeInfo@92e3; boundsInParent: Rect(0, 0 - 0, 0); boundsInScreen: Rect(608, 2190 - 747, 2232); boundsInWindow: Rect(608, 2190 - 747, 2232); packageName: app.voltplan.cable; className: android.widget.TextView; text: Batteries; error: null; maxTextLength: -1; stateDescription: null; contentDescription: null; tooltipText: null; containerTitle: null; viewIdResName: null; uniqueId: null; checkable: false; checked: false; focusable: false; focused: false; selected: false; clickable: false; longClickable: false; contextClickable: false; enabled: true; password: false; scrollable: false; importantForAccessibility: true; visible: true; actions: [AccessibilityAction: ACTION_NEXT_AT_MOVEMENT_GRANULARITY - null, AccessibilityAction: ACTION_PREVIOUS_AT_MOVEMENT_GRANULARITY - null, AccessibilityAction: ACTION_ACCESSIBILITY_FOCUS - null, AccessibilityAction: ACTION_SET_SELECTION - null]; isTextSelectable: false
08-12 13:55:59.933  2401  2416 W GestureController: Gestures took longer than expected (39ms >> 16ms), device might be in a busy state.
08-12 13:56:00.013   781   856 D EGL_emulation: app_time_stats: avg=583.46ms min=15.76ms max=2850.44ms count=5
08-12 13:56:00.032  4542  4566 D EGL_emulation: app_time_stats: avg=16.19ms min=7.13ms max=34.74ms count=57
08-12 13:56:00.603  2401  2416 D UiDevice: Waiting 10000ms for SearchCondition[findObject=BySelector [TEXT='\QChargers\E']].
08-12 13:56:00.603  2401  2416 D UiDevice: Retrieving node with selector: BySelector [TEXT='\QChargers\E'].
08-12 13:56:00.628  2401  2416 D UiObject2: Clicking on (952, 2211).
08-12 13:56:00.629  2401  2416 W UiObject2: Clicking on non-clickable object: android.view.accessibility.AccessibilityNodeInfo@93fa; boundsInParent: Rect(0, 0 - 0, 0); boundsInScreen: Rect(883, 2190 - 1022, 2232); boundsInWindow: Rect(883, 2190 - 1022, 2232); packageName: app.voltplan.cable; className: android.widget.TextView; text: Chargers; error: null; maxTextLength: -1; stateDescription: null; contentDescription: null; tooltipText: null; containerTitle: null; viewIdResName: null; uniqueId: null; checkable: false; checked: false; focusable: false; focused: false; selected: false; clickable: false; longClickable: false; contextClickable: false; enabled: true; password: false; scrollable: false; importantForAccessibility: true; visible: true; actions: [AccessibilityAction: ACTION_NEXT_AT_MOVEMENT_GRANULARITY - null, AccessibilityAction: ACTION_PREVIOUS_AT_MOVEMENT_GRANULARITY - null, AccessibilityAction: ACTION_ACCESSIBILITY_FOCUS - null, AccessibilityAction: ACTION_SET_SELECTION - null]; isTextSelectable: false
08-12 13:56:00.662  2401  2416 W GestureController: Gestures took longer than expected (32ms >> 16ms), device might be in a busy state.
08-12 13:56:01.047  4542  4566 D EGL_emulation: app_time_stats: avg=9.64ms min=6.20ms max=25.11ms count=57
08-12 13:56:01.240  2401  2416 D UiDevice: Waiting 10000ms for SearchCondition[findObject=BySelector [SCROLLABLE='true']].
08-12 13:56:01.241  2401  2416 D UiDevice: Retrieving node with selector: BySelector [SCROLLABLE='true'].
08-12 13:56:01.270  2401  2416 D UiDevice: Node not found with selector: BySelector [SCROLLABLE='true'].
08-12 13:56:01.370  2401  2416 D UiDevice: Retrieving node with selector: BySelector [SCROLLABLE='true'].
08-12 13:56:01.378  2401  2416 D UiDevice: Node not found with selector: BySelector [SCROLLABLE='true'].
08-12 13:56:01.479  2401  2416 D UiDevice: Retrieving node with selector: BySelector [SCROLLABLE='true'].
08-12 13:56:01.487  2401  2416 D UiDevice: Node not found with selector: BySelector [SCROLLABLE='true'].
08-12 13:56:01.563  4542  4617 D ProfileInstaller: Skipping profile installation for app.voltplan.cable
08-12 13:56:01.588  2401  2416 D UiDevice: Retrieving node with selector: BySelector [SCROLLABLE='true'].
08-12 13:56:01.594  2401  2416 D UiDevice: Node not found with selector: BySelector [SCROLLABLE='true'].
08-12 13:56:01.702  2401  2416 D UiDevice: Retrieving node with selector: BySelector [SCROLLABLE='true'].
08-12 13:56:01.709  2401  2416 D UiDevice: Node not found with selector: BySelector [SCROLLABLE='true'].
08-12 13:56:01.812  2401  2416 D UiDevice: Retrieving node with selector: BySelector [SCROLLABLE='true'].
08-12 13:56:01.818  2401  2416 D UiDevice: Node not found with selector: BySelector [SCROLLABLE='true'].
08-12 13:56:01.920  2401  2416 D UiDevice: Retrieving node with selector: BySelector [SCROLLABLE='true'].
08-12 13:56:01.925  2401  2416 D UiDevice: Node not found with selector: BySelector [SCROLLABLE='true'].
08-12 13:56:02.027  2401  2416 D UiDevice: Retrieving node with selector: BySelector [SCROLLABLE='true'].
08-12 13:56:02.032  2401  2416 D UiDevice: Node not found with selector: BySelector [SCROLLABLE='true'].
08-12 13:56:02.133  2401  2416 D UiDevice: Retrieving node with selector: BySelector [SCROLLABLE='true'].
08-12 13:56:02.141  2401  2416 D UiDevice: Node not found with selector: BySelector [SCROLLABLE='true'].
08-12 13:56:02.251  2401  2416 D UiDevice: Retrieving node with selector: BySelector [SCROLLABLE='true'].
08-12 13:56:02.256  2401  2416 D UiDevice: Node not found with selector: BySelector [SCROLLABLE='true'].
08-12 13:56:02.358  2401  2416 D UiDevice: Retrieving node with selector: BySelector [SCROLLABLE='true'].
08-12 13:56:02.364  2401  2416 D UiDevice: Node not found with selector: BySelector [SCROLLABLE='true'].
08-12 13:56:02.424   781   781 D StatusBarIconController: ignoring old pipeline callbacks, because the new mobile icons are enabled
08-12 13:56:02.468  2401  2416 D UiDevice: Retrieving node with selector: BySelector [SCROLLABLE='true'].
08-12 13:56:02.474  2401  2416 D UiDevice: Node not found with selector: BySelector [SCROLLABLE='true'].
08-12 13:56:02.576  2401  2416 D UiDevice: Retrieving node with selector: BySelector [SCROLLABLE='true'].
08-12 13:56:02.582  2401  2416 D UiDevice: Node not found with selector: BySelector [SCROLLABLE='true'].
08-12 13:56:02.685  2401  2416 D UiDevice: Retrieving node with selector: BySelector [SCROLLABLE='true'].
08-12 13:56:02.691  2401  2416 D UiDevice: Node not found with selector: BySelector [SCROLLABLE='true'].
08-12 13:56:02.800  2401  2416 D UiDevice: Retrieving node with selector: BySelector [SCROLLABLE='true'].
08-12 13:56:02.805  2401  2416 D UiDevice: Node not found with selector: BySelector [SCROLLABLE='true'].
08-12 13:56:02.910  2401  2416 D UiDevice: Retrieving node with selector: BySelector [SCROLLABLE='true'].
08-12 13:56:02.915  2401  2416 D UiDevice: Node not found with selector: BySelector [SCROLLABLE='true'].
08-12 13:56:03.021  2401  2416 D UiDevice: Retrieving node with selector: BySelector [SCROLLABLE='true'].
08-12 13:56:03.027  2401  2416 D UiDevice: Node not found with selector: BySelector [SCROLLABLE='true'].
08-12 13:56:03.132  2401  2416 D UiDevice: Retrieving node with selector: BySelector [SCROLLABLE='true'].
08-12 13:56:03.138  2401  2416 D UiDevice: Node not found with selector: BySelector [SCROLLABLE='true'].
08-12 13:56:03.240  2401  2416 D UiDevice: Retrieving node with selector: BySelector [SCROLLABLE='true'].
08-12 13:56:03.246  2401  2416 D UiDevice: Node not found with selector: BySelector [SCROLLABLE='true'].
08-12 13:56:03.350  2401  2416 D UiDevice: Retrieving node with selector: BySelector [SCROLLABLE='true'].
08-12 13:56:03.356  2401  2416 D UiDevice: Node not found with selector: BySelector [SCROLLABLE='true'].
08-12 13:56:03.457  2401  2416 D UiDevice: Retrieving node with selector: BySelector [SCROLLABLE='true'].
08-12 13:56:03.462  2401  2416 D UiDevice: Node not found with selector: BySelector [SCROLLABLE='true'].
08-12 13:56:03.567  2401  2416 D UiDevice: Retrieving node with selector: BySelector [SCROLLABLE='true'].
08-12 13:56:03.573  2401  2416 D UiDevice: Node not found with selector: BySelector [SCROLLABLE='true'].
08-12 13:56:03.674  2401  2416 D UiDevice: Retrieving node with selector: BySelector [SCROLLABLE='true'].
08-12 13:56:03.680  2401  2416 D UiDevice: Node not found with selector: BySelector [SCROLLABLE='true'].
08-12 13:56:03.783  2401  2416 D UiDevice: Retrieving node with selector: BySelector [SCROLLABLE='true'].
08-12 13:56:03.788  2401  2416 D UiDevice: Node not found with selector: BySelector [SCROLLABLE='true'].
08-12 13:56:03.888  2401  2416 D UiDevice: Retrieving node with selector: BySelector [SCROLLABLE='true'].
08-12 13:56:03.894  2401  2416 D UiDevice: Node not found with selector: BySelector [SCROLLABLE='true'].
08-12 13:56:03.997  2401  2416 D UiDevice: Retrieving node with selector: BySelector [SCROLLABLE='true'].
08-12 13:56:04.004  2401  2416 D UiDevice: Node not found with selector: BySelector [SCROLLABLE='true'].
08-12 13:56:04.105  2401  2416 D UiDevice: Retrieving node with selector: BySelector [SCROLLABLE='true'].
08-12 13:56:04.111  2401  2416 D UiDevice: Node not found with selector: BySelector [SCROLLABLE='true'].
08-12 13:56:04.213  2401  2416 D UiDevice: Retrieving node with selector: BySelector [SCROLLABLE='true'].
08-12 13:56:04.218  2401  2416 D UiDevice: Node not found with selector: BySelector [SCROLLABLE='true'].
08-12 13:56:04.326  2401  2416 D UiDevice: Retrieving node with selector: BySelector [SCROLLABLE='true'].
08-12 13:56:04.332  2401  2416 D UiDevice: Node not found with selector: BySelector [SCROLLABLE='true'].
08-12 13:56:04.345   781   781 D StatusBarIconController: ignoring old pipeline callback because the new wifi icon is enabled
08-12 13:56:04.433  2401  2416 D UiDevice: Retrieving node with selector: BySelector [SCROLLABLE='true'].
08-12 13:56:04.440  2401  2416 D UiDevice: Node not found with selector: BySelector [SCROLLABLE='true'].
08-12 13:56:04.542  2401  2416 D UiDevice: Retrieving node with selector: BySelector [SCROLLABLE='true'].
08-12 13:56:04.548  2401  2416 D UiDevice: Node not found with selector: BySelector [SCROLLABLE='true'].
08-12 13:56:04.654  2401  2416 D UiDevice: Retrieving node with selector: BySelector [SCROLLABLE='true'].
08-12 13:56:04.660  2401  2416 D UiDevice: Node not found with selector: BySelector [SCROLLABLE='true'].
08-12 13:56:04.763  2401  2416 D UiDevice: Retrieving node with selector: BySelector [SCROLLABLE='true'].
08-12 13:56:04.770  2401  2416 D UiDevice: Node not found with selector: BySelector [SCROLLABLE='true'].
08-12 13:56:04.874  2401  2416 D UiDevice: Retrieving node with selector: BySelector [SCROLLABLE='true'].
08-12 13:56:04.880  2401  2416 D UiDevice: Node not found with selector: BySelector [SCROLLABLE='true'].
08-12 13:56:04.983  2401  2416 D UiDevice: Retrieving node with selector: BySelector [SCROLLABLE='true'].
08-12 13:56:04.988  2401  2416 D UiDevice: Node not found with selector: BySelector [SCROLLABLE='true'].
08-12 13:56:05.092  2401  2416 D UiDevice: Retrieving node with selector: BySelector [SCROLLABLE='true'].
08-12 13:56:05.099  2401  2416 D UiDevice: Node not found with selector: BySelector [SCROLLABLE='true'].
08-12 13:56:05.200  2401  2416 D UiDevice: Retrieving node with selector: BySelector [SCROLLABLE='true'].
08-12 13:56:05.206  2401  2416 D UiDevice: Node not found with selector: BySelector [SCROLLABLE='true'].
08-12 13:56:05.310  2401  2416 D UiDevice: Retrieving node with selector: BySelector [SCROLLABLE='true'].
08-12 13:56:05.315  2401  2416 D UiDevice: Node not found with selector: BySelector [SCROLLABLE='true'].
08-12 13:56:05.418  2401  2416 D UiDevice: Retrieving node with selector: BySelector [SCROLLABLE='true'].
08-12 13:56:05.424  2401  2416 D UiDevice: Node not found with selector: BySelector [SCROLLABLE='true'].
08-12 13:56:05.524  2401  2416 D UiDevice: Retrieving node with selector: BySelector [SCROLLABLE='true'].
08-12 13:56:05.529  2401  2416 D UiDevice: Node not found with selector: BySelector [SCROLLABLE='true'].
08-12 13:56:05.637  2401  2416 D UiDevice: Retrieving node with selector: BySelector [SCROLLABLE='true'].
08-12 13:56:05.643  2401  2416 D UiDevice: Node not found with selector: BySelector [SCROLLABLE='true'].
08-12 13:56:05.746  2401  2416 D UiDevice: Retrieving node with selector: BySelector [SCROLLABLE='true'].
08-12 13:56:05.751  2401  2416 D UiDevice: Node not found with selector: BySelector [SCROLLABLE='true'].
08-12 13:56:05.857  2401  2416 D UiDevice: Retrieving node with selector: BySelector [SCROLLABLE='true'].
08-12 13:56:05.863  2401  2416 D UiDevice: Node not found with selector: BySelector [SCROLLABLE='true'].
08-12 13:56:05.966  2401  2416 D UiDevice: Retrieving node with selector: BySelector [SCROLLABLE='true'].
08-12 13:56:05.973  2401  2416 D UiDevice: Node not found with selector: BySelector [SCROLLABLE='true'].
08-12 13:56:06.074  2401  2416 D UiDevice: Retrieving node with selector: BySelector [SCROLLABLE='true'].
08-12 13:56:06.079  2401  2416 D UiDevice: Node not found with selector: BySelector [SCROLLABLE='true'].
08-12 13:56:06.182  2401  2416 D UiDevice: Retrieving node with selector: BySelector [SCROLLABLE='true'].
08-12 13:56:06.188  2401  2416 D UiDevice: Node not found with selector: BySelector [SCROLLABLE='true'].
08-12 13:56:06.289  2401  2416 D UiDevice: Retrieving node with selector: BySelector [SCROLLABLE='true'].
08-12 13:56:06.295  2401  2416 D UiDevice: Node not found with selector: BySelector [SCROLLABLE='true'].
08-12 13:56:06.395  2401  2416 D UiDevice: Retrieving node with selector: BySelector [SCROLLABLE='true'].
08-12 13:56:06.401  2401  2416 D UiDevice: Node not found with selector: BySelector [SCROLLABLE='true'].
08-12 13:56:06.512  2401  2416 D UiDevice: Retrieving node with selector: BySelector [SCROLLABLE='true'].
08-12 13:56:06.519  2401  2416 D UiDevice: Node not found with selector: BySelector [SCROLLABLE='true'].
08-12 13:56:06.627  2401  2416 D UiDevice: Retrieving node with selector: BySelector [SCROLLABLE='true'].
08-12 13:56:06.634  2401  2416 D UiDevice: Node not found with selector: BySelector [SCROLLABLE='true'].
08-12 13:56:06.732   770   770 I wpa_supplicant: wlan0: CTRL-EVENT-BEACON-LOSS 
08-12 13:56:06.735  2401  2416 D UiDevice: Retrieving node with selector: BySelector [SCROLLABLE='true'].
08-12 13:56:06.740  2401  2416 D UiDevice: Node not found with selector: BySelector [SCROLLABLE='true'].
08-12 13:56:06.841  2401  2416 D UiDevice: Retrieving node with selector: BySelector [SCROLLABLE='true'].
08-12 13:56:06.848  2401  2416 D UiDevice: Node not found with selector: BySelector [SCROLLABLE='true'].
08-12 13:56:06.953  2401  2416 D UiDevice: Retrieving node with selector: BySelector [SCROLLABLE='true'].
08-12 13:56:06.959  2401  2416 D UiDevice: Node not found with selector: BySelector [SCROLLABLE='true'].
08-12 13:56:07.060  2401  2416 D UiDevice: Retrieving node with selector: BySelector [SCROLLABLE='true'].
08-12 13:56:07.065  2401  2416 D UiDevice: Node not found with selector: BySelector [SCROLLABLE='true'].
08-12 13:56:07.167  2401  2416 D UiDevice: Retrieving node with selector: BySelector [SCROLLABLE='true'].
08-12 13:56:07.173  2401  2416 D UiDevice: Node not found with selector: BySelector [SCROLLABLE='true'].
08-12 13:56:07.275  2401  2416 D UiDevice: Retrieving node with selector: BySelector [SCROLLABLE='true'].
08-12 13:56:07.279  2401  2416 D UiDevice: Node not found with selector: BySelector [SCROLLABLE='true'].
08-12 13:56:07.380  2401  2416 D UiDevice: Retrieving node with selector: BySelector [SCROLLABLE='true'].
08-12 13:56:07.384  2401  2416 D UiDevice: Node not found with selector: BySelector [SCROLLABLE='true'].
08-12 13:56:07.492  2401  2416 D UiDevice: Retrieving node with selector: BySelector [SCROLLABLE='true'].
08-12 13:56:07.498  2401  2416 D UiDevice: Node not found with selector: BySelector [SCROLLABLE='true'].
08-12 13:56:07.599  2401  2416 D UiDevice: Retrieving node with selector: BySelector [SCROLLABLE='true'].
08-12 13:56:07.605  2401  2416 D UiDevice: Node not found with selector: BySelector [SCROLLABLE='true'].
08-12 13:56:07.711  2401  2416 D UiDevice: Retrieving node with selector: BySelector [SCROLLABLE='true'].
08-12 13:56:07.718  2401  2416 D UiDevice: Node not found with selector: BySelector [SCROLLABLE='true'].
08-12 13:56:07.820  2401  2416 D UiDevice: Retrieving node with selector: BySelector [SCROLLABLE='true'].
08-12 13:56:07.825  2401  2416 D UiDevice: Node not found with selector: BySelector [SCROLLABLE='true'].
08-12 13:56:07.926  2401  2416 D UiDevice: Retrieving node with selector: BySelector [SCROLLABLE='true'].
08-12 13:56:07.932  2401  2416 D UiDevice: Node not found with selector: BySelector [SCROLLABLE='true'].
08-12 13:56:08.038  2401  2416 D UiDevice: Retrieving node with selector: BySelector [SCROLLABLE='true'].
08-12 13:56:08.042  2401  2416 D UiDevice: Node not found with selector: BySelector [SCROLLABLE='true'].
08-12 13:56:08.143  2401  2416 D UiDevice: Retrieving node with selector: BySelector [SCROLLABLE='true'].
08-12 13:56:08.148  2401  2416 D UiDevice: Node not found with selector: BySelector [SCROLLABLE='true'].
08-12 13:56:08.256  2401  2416 D UiDevice: Retrieving node with selector: BySelector [SCROLLABLE='true'].
08-12 13:56:08.262  2401  2416 D UiDevice: Node not found with selector: BySelector [SCROLLABLE='true'].
08-12 13:56:08.367  2401  2416 D UiDevice: Retrieving node with selector: BySelector [SCROLLABLE='true'].
08-12 13:56:08.374  2401  2416 D UiDevice: Node not found with selector: BySelector [SCROLLABLE='true'].
08-12 13:56:08.477  2401  2416 D UiDevice: Retrieving node with selector: BySelector [SCROLLABLE='true'].
08-12 13:56:08.487  2401  2416 D UiDevice: Node not found with selector: BySelector [SCROLLABLE='true'].
08-12 13:56:08.593  2401  2416 D UiDevice: Retrieving node with selector: BySelector [SCROLLABLE='true'].
08-12 13:56:08.598  2401  2416 D UiDevice: Node not found with selector: BySelector [SCROLLABLE='true'].
08-12 13:56:08.699  2401  2416 D UiDevice: Retrieving node with selector: BySelector [SCROLLABLE='true'].
08-12 13:56:08.704  2401  2416 D UiDevice: Node not found with selector: BySelector [SCROLLABLE='true'].
08-12 13:56:08.805  2401  2416 D UiDevice: Retrieving node with selector: BySelector [SCROLLABLE='true'].
08-12 13:56:08.810  2401  2416 D UiDevice: Node not found with selector: BySelector [SCROLLABLE='true'].
08-12 13:56:08.916  2401  2416 D UiDevice: Retrieving node with selector: BySelector [SCROLLABLE='true'].
08-12 13:56:08.922  2401  2416 D UiDevice: Node not found with selector: BySelector [SCROLLABLE='true'].
08-12 13:56:09.024  2401  2416 D UiDevice: Retrieving node with selector: BySelector [SCROLLABLE='true'].
08-12 13:56:09.030  2401  2416 D UiDevice: Node not found with selector: BySelector [SCROLLABLE='true'].
08-12 13:56:09.134  2401  2416 D UiDevice: Retrieving node with selector: BySelector [SCROLLABLE='true'].
08-12 13:56:09.140  2401  2416 D UiDevice: Node not found with selector: BySelector [SCROLLABLE='true'].
08-12 13:56:09.241  2401  2416 D UiDevice: Retrieving node with selector: BySelector [SCROLLABLE='true'].
08-12 13:56:09.247  2401  2416 D UiDevice: Node not found with selector: BySelector [SCROLLABLE='true'].
08-12 13:56:09.348  2401  2416 D UiDevice: Retrieving node with selector: BySelector [SCROLLABLE='true'].
08-12 13:56:09.354  2401  2416 D UiDevice: Node not found with selector: BySelector [SCROLLABLE='true'].
08-12 13:56:09.458  2401  2416 D UiDevice: Retrieving node with selector: BySelector [SCROLLABLE='true'].
08-12 13:56:09.463  2401  2416 D UiDevice: Node not found with selector: BySelector [SCROLLABLE='true'].
08-12 13:56:09.568  2401  2416 D UiDevice: Retrieving node with selector: BySelector [SCROLLABLE='true'].
08-12 13:56:09.574  2401  2416 D UiDevice: Node not found with selector: BySelector [SCROLLABLE='true'].
08-12 13:56:09.677  2401  2416 D UiDevice: Retrieving node with selector: BySelector [SCROLLABLE='true'].
08-12 13:56:09.682  2401  2416 D UiDevice: Node not found with selector: BySelector [SCROLLABLE='true'].
08-12 13:56:09.792  2401  2416 D UiDevice: Retrieving node with selector: BySelector [SCROLLABLE='true'].
08-12 13:56:09.798  2401  2416 D UiDevice: Node not found with selector: BySelector [SCROLLABLE='true'].
08-12 13:56:09.903  2401  2416 D UiDevice: Retrieving node with selector: BySelector [SCROLLABLE='true'].
08-12 13:56:09.908  2401  2416 D UiDevice: Node not found with selector: BySelector [SCROLLABLE='true'].
08-12 13:56:10.011  2401  2416 D UiDevice: Retrieving node with selector: BySelector [SCROLLABLE='true'].
08-12 13:56:10.016  2401  2416 D UiDevice: Node not found with selector: BySelector [SCROLLABLE='true'].
08-12 13:56:10.124  2401  2416 D UiDevice: Retrieving node with selector: BySelector [SCROLLABLE='true'].
08-12 13:56:10.129  2401  2416 D UiDevice: Node not found with selector: BySelector [SCROLLABLE='true'].
08-12 13:56:10.230  2401  2416 D UiDevice: Retrieving node with selector: BySelector [SCROLLABLE='true'].
08-12 13:56:10.235  2401  2416 D UiDevice: Node not found with selector: BySelector [SCROLLABLE='true'].
08-12 13:56:10.338  2401  2416 D UiDevice: Retrieving node with selector: BySelector [SCROLLABLE='true'].
08-12 13:56:10.345  2401  2416 D UiDevice: Node not found with selector: BySelector [SCROLLABLE='true'].
08-12 13:56:10.447  2401  2416 D UiDevice: Retrieving node with selector: BySelector [SCROLLABLE='true'].
08-12 13:56:10.452  2401  2416 D UiDevice: Node not found with selector: BySelector [SCROLLABLE='true'].
08-12 13:56:10.553  2401  2416 D UiDevice: Retrieving node with selector: BySelector [SCROLLABLE='true'].
08-12 13:56:10.558  2401  2416 D UiDevice: Node not found with selector: BySelector [SCROLLABLE='true'].
08-12 13:56:10.660  2401  2416 D UiDevice: Retrieving node with selector: BySelector [SCROLLABLE='true'].
08-12 13:56:10.665  2401  2416 D UiDevice: Node not found with selector: BySelector [SCROLLABLE='true'].
08-12 13:56:10.766  2401  2416 D UiDevice: Retrieving node with selector: BySelector [SCROLLABLE='true'].
08-12 13:56:10.773  2401  2416 D UiDevice: Node not found with selector: BySelector [SCROLLABLE='true'].
08-12 13:56:10.877  2401  2416 D UiDevice: Retrieving node with selector: BySelector [SCROLLABLE='true'].
08-12 13:56:10.882  2401  2416 D UiDevice: Node not found with selector: BySelector [SCROLLABLE='true'].
08-12 13:56:10.983  2401  2416 D UiDevice: Retrieving node with selector: BySelector [SCROLLABLE='true'].
08-12 13:56:10.989  2401  2416 D UiDevice: Node not found with selector: BySelector [SCROLLABLE='true'].
08-12 13:56:11.091  2401  2416 D UiDevice: Retrieving node with selector: BySelector [SCROLLABLE='true'].
08-12 13:56:11.096  2401  2416 D UiDevice: Node not found with selector: BySelector [SCROLLABLE='true'].
08-12 13:56:11.201  2401  2416 D UiDevice: Retrieving node with selector: BySelector [SCROLLABLE='true'].
08-12 13:56:11.207  2401  2416 D UiDevice: Node not found with selector: BySelector [SCROLLABLE='true'].
08-12 13:56:11.314  2401  2416 D UiDevice: Retrieving node with selector: BySelector [SCROLLABLE='true'].
08-12 13:56:11.320  2401  2416 D UiDevice: Node not found with selector: BySelector [SCROLLABLE='true'].
08-12 13:56:11.321  2401  2416 D UiDevice: Pressing home button.
08-12 13:56:11.345   999   999 D TaplTarget: Launcher.onNewIntent: Intent { act=android.intent.action.MAIN cat=[android.intent.category.HOME] flg=0x10400100 cmp=com.android.launcher3/.uioverrides.QuickstepLauncher (has extras) }
08-12 13:56:11.352   781   781 I vol.VolumeDialogImpl: mDialog.dismiss() reason: volume_controller from: com.android.systemui.volume.VolumeDialogImpl$7.onDismissRequested:3
08-12 13:56:11.352   781   781 I vol.VolumeDialogImpl: mDialog.dismiss() reason: volume_controller from: com.android.systemui.volume.VolumeDialogImpl$7.onDismissRequested:3
08-12 13:56:11.353   781   781 D vol.VolumeDialogImpl: dismissH: skipping dismiss because isAnimatingDismiss is true and showingStateInconsistent is false
08-12 13:56:11.353   360   360 I BpBinder: onLastStrongRef automatically unlinking death recipients: 
08-12 13:56:11.365   999  1515 E OpenGLRenderer: Unable to match the desired swap behavior.
08-12 13:56:11.411   781   856 D EGL_emulation: app_time_stats: avg=11397.52ms min=11397.52ms max=11397.52ms count=1
08-12 13:56:11.413   781   856 D EGL_emulation: app_time_stats: avg=897.06ms min=1.02ms max=14408.62ms count=17
08-12 13:56:11.463   497  1613 I ImeTracker: com.android.launcher3:b6fd0b9b: onRequestHide at ORIGIN_SERVER_HIDE_INPUT reason HIDE_UNSPECIFIED_WINDOW
08-12 13:56:11.464   497  1613 I ImeTracker: com.android.launcher3:b6fd0b9b: onCancelled at PHASE_SERVER_SHOULD_HIDE
08-12 13:56:11.827  2401  2416 D Benchmark: Flushing ART profiles for app.voltplan.cable
08-12 13:56:12.434   781   781 D StatusBarIconController: ignoring old pipeline callbacks, because the new mobile icons are enabled
08-12 13:56:14.667   770   770 I wpa_supplicant: wlan0: CTRL-EVENT-BEACON-LOSS 
08-12 13:56:16.845  2401  2416 D Benchmark: Saving profiles for process ProcessPid(processName=app.voltplan.cable, pid=4542)
08-12 13:56:16.845  2401  2416 D Benchmark: Profile Installer - Save Profile
08-12 13:56:16.856   497  3224 I ActivityManager: Broadcasting: Intent { act=androidx.profileinstaller.action.SAVE_PROFILE flg=0x400000 cmp=app.voltplan.cable/androidx.profileinstaller.ProfileInstallReceiver }
08-12 13:56:16.857  4542  4542 I Process : Sending signal. PID: 4542 SIG: 10
08-12 13:56:16.858  4542  4542 D ProfileInstaller: 
08-12 13:56:16.858  4542  4546 I .voltplan.cable: Thread[2,tid=4546,WaitingInMainSignalCatcherLoop,Thread*=0xb40000751cce12c0,peer=0x130801c8,"Signal Catcher"]: reacting to signal 10
08-12 13:56:16.858  4542  4546 I .voltplan.cable: 
08-12 13:56:16.858  4542  4546 I .voltplan.cable: SIGUSR1 forcing GC (no HPROF) and profile save
08-12 13:56:16.862   497   514 I ActivityManager: Broadcast completed: result=12
08-12 13:56:16.865  4542  4546 I .voltplan.cable: Explicit concurrent copying GC freed 18527(1012KB) AllocSpace objects, 0(0B) LOS objects, 49% free, 3367KB/6735KB, paused 11us,5us total 7.781ms
08-12 13:56:17.871  2401  2416 D Benchmark: Flushed profiles in 1 processes
08-12 13:56:17.884  2401  2416 D Benchmark: Force-stopping process app.voltplan.cable
08-12 13:56:17.886  1417  1728 W MediaProvider: isAppCloneUserPair for user 0: false
08-12 13:56:17.908   497  1613 W InputManager-JNI: Input channel object '485edbc app.voltplan.cable/app.voltplan.cable.MainActivity (client)' was disposed without first being removed with the input manager!
08-12 13:56:17.914   988   988 D CarrierSvcBindHelper: onHandleForceStop: [app.voltplan.cable]
08-12 13:56:17.914   988   988 D CarrierSvcBindHelper: No carrier app for: 0
08-12 13:56:17.916   321   321 I Zygote  : Process 4542 exited due to signal 9 (Killed)
08-12 13:56:17.953  1417  3728 W MediaProvider: isAppCloneUserPair for user 0: false
08-12 13:56:17.972  4485  4487 I artd    : Running profman: /apex/com.android.art/bin/art_exec --drop-capabilities --keep-fds=6:7 -- /apex/com.android.art/bin/profman --reference-profile-file-fd=6 --apk-fd=7
08-12 13:56:17.972  4485  4487 I artd    : Opened FDs: 6:/data/misc/profiles/ref/app.voltplan.cable/primary.prof 7:/data/app/~~-mpuLXeZSnDNNrW3IjkRQw==/app.voltplan.cable-KiXAS1AeXPQWvUiJPOPEJw==/base.apk 
08-12 13:56:18.108  4656  4656 W profman : profman took 127.802ms
08-12 13:56:18.108  4485  4487 I artd    : profman returned code 2
08-12 13:56:18.111  4485  4487 I artd    : Running profman: /apex/com.android.art/bin/art_exec --drop-capabilities --keep-fds=6:7:8 -- /apex/com.android.art/bin/profman --profile-file-fd=6 --reference-profile-file-fd=7 --apk-fd=8
08-12 13:56:18.111  4485  4487 I artd    : Opened FDs: 6:/data/misc/profiles/cur/0/app.voltplan.cable/primary.prof 7:/data/misc/profiles/ref/app.voltplan.cable/primary.prof.w1UuFt.tmp 8:/data/app/~~-mpuLXeZSnDNNrW3IjkRQw==/app.voltplan.cable-KiXAS1AeXPQWvUiJPOPEJw==/base.apk 
08-12 13:56:18.248  4657  4657 W profman : profman took 129.164ms
08-12 13:56:18.248  4485  4487 I artd    : profman returned code 2
08-12 13:56:18.252  4485  4487 I artd    : Running dex2oat: /apex/com.android.art/bin/art_exec --drop-capabilities --set-task-profile=Dex2OatBootComplete --set-priority=background --keep-fds=6:7:8:9:10:11:12 -- /apex/com.android.art/bin/dex2oat64 --zip-fd=6 --zip-location=/data/app/~~-mpuLXeZSnDNNrW3IjkRQw==/app.voltplan.cable-KiXAS1AeXPQWvUiJPOPEJw==/base.apk --oat-fd=7 --oat-location=/data/app/~~-mpuLXeZSnDNNrW3IjkRQw==/app.voltplan.cable-KiXAS1AeXPQWvUiJPOPEJw==/oat/arm64/base.odex --output-vdex-fd=8 --app-image-fd=9 --image-format=lz4 --swap-fd=10 --class-loader-context=PCL[] --classpath-dir=/data/app/~~-mpuLXeZSnDNNrW3IjkRQw==/app.voltplan.cable-KiXAS1AeXPQWvUiJPOPEJw== --input-vdex-fd=11 --profile-file-fd=12 --instruction-set=arm64 --instruction-set-features=default --instruction-set-variant=generic --compiler-filter=speed-profile --compilation-reason=cmdline --compact-dex-level=none --max-image-block-size=524288 --resolve-startup-const-strings=true --generate-mini-debug-info --runtime-arg -Xtarget-sdk-version:35 --runtime-arg -Xhidden-api-policy:enabled --runtime-arg -Xms64m --runtime-arg -Xmx512m --comments=app-version-name:1.8.0,app-version-code:87,art-version:342090000
08-12 13:56:18.252  4485  4487 I artd    : Opened FDs: 6:/data/app/~~-mpuLXeZSnDNNrW3IjkRQw==/app.voltplan.cable-KiXAS1AeXPQWvUiJPOPEJw==/base.apk 7:/data/app/~~-mpuLXeZSnDNNrW3IjkRQw==/app.voltplan.cable-KiXAS1AeXPQWvUiJPOPEJw==/oat/arm64/base.odex.MMeEfa.tmp 8:/data/app/~~-mpuLXeZSnDNNrW3IjkRQw==/app.voltplan.cable-KiXAS1AeXPQWvUiJPOPEJw==/oat/arm64/base.vdex.uEspdZ.tmp 9:/data/app/~~-mpuLXeZSnDNNrW3IjkRQw==/app.voltplan.cable-KiXAS1AeXPQWvUiJPOPEJw==/oat/arm64/base.art.qymZjZ.tmp 10:/data/app/~~-mpuLXeZSnDNNrW3IjkRQw==/app.voltplan.cable-KiXAS1AeXPQWvUiJPOPEJw==/oat/arm64/base.odex.swap.uyyf7A.tmp 11:/data/app/~~-mpuLXeZSnDNNrW3IjkRQw==/app.voltplan.cable-KiXAS1AeXPQWvUiJPOPEJw==/oat/arm64/base.vdex 12:/data/misc/profiles/ref/app.voltplan.cable/primary.prof 
08-12 13:56:18.285  4658  4658 W dex2oat64: Mismatch between dex2oat instruction set features to use (ISA: Arm64 Feature string: a53,crc,-lse,-fp16,-dotprod,-sve) and those from CPP defines (ISA: Arm64 Feature string: -a53,-crc,-lse,-fp16,-dotprod,-sve) for the command line:
08-12 13:56:18.285  4658  4658 W dex2oat64: /apex/com.android.art/bin/dex2oat64 --zip-fd=6 --zip-location=/data/app/~~-mpuLXeZSnDNNrW3IjkRQw==/app.voltplan.cable-KiXAS1AeXPQWvUiJPOPEJw==/base.apk --oat-fd=7 --oat-location=/data/app/~~-mpuLXeZSnDNNrW3IjkRQw==/app.voltplan.cable-KiXAS1AeXPQWvUiJPOPEJw==/oat/arm64/base.odex --output-vdex-fd=8 --app-image-fd=9 --image-format=lz4 --swap-fd=10 --class-loader-context=PCL[] --classpath-dir=/data/app/~~-mpuLXeZSnDNNrW3IjkRQw==/app.voltplan.cable-KiXAS1AeXPQWvUiJPOPEJw== --input-vdex-fd=11 --profile-file-fd=12 --instruction-set=arm64 --instruction-set-features=default --instruction-set-variant=generic --compiler-filter=speed-profile --compilation-reason=cmdline --compact-dex-level=none --max-image-block-size=524288 --resolve-startup-const-strings=true --generate-mini-debug-info --runtime-arg -Xtarget-sdk-version:35 --runtime-arg -Xhidden-api-policy:enabled --runtime-arg -Xms64m --runtime-arg -Xmx512m --comments=app-version-name:1.8.0,app-version-code:87,art-version:342090000
08-12 13:56:18.287  4658  4658 I dex2oat64: /apex/com.android.art/bin/dex2oat64 --output-vdex-fd=8 --class-loader-context=PCL[] --classpath-dir=/data/app/~~-mpuLXeZSnDNNrW3IjkRQw==/app.voltplan.cable-KiXAS1AeXPQWvUiJPOPEJw== --input-vdex-fd=11 --profile-file-fd=12 --compiler-filter=speed-profile --compilation-reason=cmdline --compact-dex-level=none --max-image-block-size=524288 --resolve-startup-const-strings=true --generate-mini-debug-info --comments=app-version-name:1.8.0,app-version-code:87,art-version:342090000
08-12 13:56:18.319  4658  4658 I dex2oat64: Using CollectorTypeCC GC.
08-12 13:56:18.359  4658  4658 I dex2oat64: Large app, accepted running with swap.
08-12 13:56:18.621  4658  4658 W dex2oat64: Method boolean androidx.compose.runtime.snapshots.SnapshotStateList.conditionalUpdate(boolean, kotlin.jvm.functions.Function1) failed lock verification and will run slower.
08-12 13:56:18.621  4658  4658 W dex2oat64: Common causes for lock verification issues are non-optimized dex code
08-12 13:56:18.621  4658  4658 W dex2oat64: and incorrect proguard optimizations.
08-12 13:56:18.621  4658  4658 W dex2oat64: Method boolean androidx.compose.runtime.snapshots.SnapshotStateList.conditionalUpdate$default(androidx.compose.runtime.snapshots.SnapshotStateList, boolean, kotlin.jvm.functions.Function1, int, java.lang.Object) failed lock verification and will run slower.
08-12 13:56:18.621  4658  4658 W dex2oat64: Method java.lang.Object androidx.compose.runtime.snapshots.SnapshotStateList.mutate(kotlin.jvm.functions.Function1) failed lock verification and will run slower.
08-12 13:56:18.621  4658  4658 W dex2oat64: Method void androidx.compose.runtime.snapshots.SnapshotStateList.update(boolean, kotlin.jvm.functions.Function1) failed lock verification and will run slower.
08-12 13:56:18.621  4658  4658 W dex2oat64: Method void androidx.compose.runtime.snapshots.SnapshotStateList.update$default(androidx.compose.runtime.snapshots.SnapshotStateList, boolean, kotlin.jvm.functions.Function1, int, java.lang.Object) failed lock verification and will run slower.
08-12 13:56:18.622  4658  4658 W dex2oat64: Method java.lang.Object androidx.compose.runtime.snapshots.SnapshotStateMap.mutate(kotlin.jvm.functions.Function1) failed lock verification and will run slower.
08-12 13:56:18.622  4658  4658 W dex2oat64: Method void androidx.compose.runtime.snapshots.SnapshotStateMap.update(kotlin.jvm.functions.Function1) failed lock verification and will run slower.
08-12 13:56:18.622  4658  4658 W dex2oat64: Method boolean androidx.compose.runtime.snapshots.SnapshotStateMap.removeIf$runtime_release(kotlin.jvm.functions.Function1) failed lock verification and will run slower.
08-12 13:56:19.374   781   781 D StatusBarIconController: ignoring old pipeline callback because the new wifi icon is enabled
08-12 13:56:19.488  4658  4658 I dex2oat64: Explicit concurrent copying GC freed 87271(12MB) AllocSpace objects, 0(0B) LOS objects, 49% free, 1651KB/3303KB, paused 30us,2us total 3.550ms
08-12 13:56:19.647  4658  4658 I dex2oat64: dex2oat took 1.364s (2.298s cpu) (threads: 2) arena alloc=8940KB (9154760B) java alloc=1651KB (1691488B) native alloc=7081KB (7251568B) free=9342KB (9566224B) swap=16MB (16777216B)
08-12 13:56:19.652  4485  4487 I artd    : dex2oat returned code 0
08-12 13:56:19.657   497  1613 I ArtService: Dexopt result: [packageName = app.voltplan.cable] DexContainerFileDexoptResult{dexContainerFile=/data/app/~~-mpuLXeZSnDNNrW3IjkRQw==/app.voltplan.cable-KiXAS1AeXPQWvUiJPOPEJw==/base.apk, primaryAbi=true, abi=arm64-v8a, actualCompilerFilter=speed-profile, status=PERFORMED, dex2oatWallTimeMillis=1403, dex2oatCpuTimeMillis=2310, sizeBytes=54591728, sizeBeforeBytes=54591728}
08-12 13:56:19.675  1417  2837 W MediaProvider: isAppCloneUserPair for user 0: false
08-12 13:56:19.695  4485  4487 I artd    : Running profman: /apex/com.android.art/bin/art_exec --drop-capabilities --keep-fds=6:7 -- /apex/com.android.art/bin/profman --reference-profile-file-fd=6 --apk-fd=7
08-12 13:56:19.695  4485  4487 I artd    : Opened FDs: 6:/data/misc/profiles/ref/app.voltplan.cable/primary.prof 7:/data/app/~~-mpuLXeZSnDNNrW3IjkRQw==/app.voltplan.cable-KiXAS1AeXPQWvUiJPOPEJw==/base.apk 
08-12 13:56:19.831  4676  4676 W profman : profman took 127.688ms
08-12 13:56:19.832  4485  4487 I artd    : profman returned code 2
08-12 13:56:19.832  4485  4487 I artd    : Running profman: /apex/com.android.art/bin/art_exec --drop-capabilities --keep-fds=6:7:8:9 -- /apex/com.android.art/bin/profman --profile-file-fd=6 --profile-file-fd=7 --dump-output-to-fd=8 --apk-fd=9 --dump-classes-and-methods
08-12 13:56:19.832  4485  4487 I artd    : Opened FDs: 6:/data/misc/profiles/ref/app.voltplan.cable/primary.prof 7:/data/misc/profiles/cur/0/app.voltplan.cable/primary.prof 8:/data/misc/profiles/ref/app.voltplan.cable/primary.prof.PQRLc6.tmp 9:/data/app/~~-mpuLXeZSnDNNrW3IjkRQw==/app.voltplan.cable-KiXAS1AeXPQWvUiJPOPEJw==/base.apk 
08-12 13:56:19.999  4677  4677 W profman : profman took 158.853ms
08-12 13:56:19.999  4485  4487 I artd    : profman returned code 0
08-12 13:56:20.020  1417  2479 W MediaProvider: isAppCloneUserPair for user 0: false
08-12 13:56:20.104  1417  3728 I MediaProvider: Deleted 0 0 0 0 0 0 0 items on external_primary due to app.voltplan.cable.baselineprofile
08-12 13:56:20.228  2401  2416 D Benchmark: Profiles stable in iteration 4 (for 2 iterations)
08-12 13:56:20.228  2401  2416 D Benchmark: Baseline profile for app.voltplan.cable is stable.
08-12 13:56:20.562  1417  1730 W MediaProvider: isAppCloneUserPair for user 0: false
08-12 13:56:20.569  2401  2416 D Benchmark: Moving /storage/emulated/0/Android/media/app.voltplan.cable.baselineprofile/BaselineProfileGenerator_generate-baseline-prof.txt to /sdcard/Android/media/app.voltplan.cable.baselineprofile/additional_test_output/BaselineProfileGenerator_generate-baseline-prof.txt
08-12 13:56:20.572  2401  2416 D Benchmark: Pull Baseline Profile with: `adb pull "/storage/emulated/0/Android/media/app.voltplan.cable.baselineprofile/BaselineProfileGenerator_generate-baseline-prof-2026-08-12-11-56-20.txt" .`
08-12 13:56:20.573  1417  1728 W MediaProvider: isAppCloneUserPair for user 0: false
08-12 13:56:20.580  2401  2416 D Benchmark: Moving /storage/emulated/0/Android/media/app.voltplan.cable.baselineprofile/BaselineProfileGenerator_generate-baseline-prof-2026-08-12-11-56-20.txt to /sdcard/Android/media/app.voltplan.cable.baselineprofile/additional_test_output/BaselineProfileGenerator_generate-baseline-prof-2026-08-12-11-56-20.txt
08-12 13:56:20.585  2401  2416 D Benchmark: Total Run Time Ns: 116226633013
08-12 13:56:20.597  2401  2416 D Benchmark: No processes for name app.voltplan.cable, skipping kill
08-12 13:56:20.597  2401  2416 I TestRunner: finished: generate(app.voltplan.cable.baselineprofile.BaselineProfileGenerator)
