08-12 13:54:41.330   781   781 D vol.VolumeDialogImpl: dismissH: skipping dismiss because isAnimatingDismiss is true and showingStateInconsistent is false
08-12 13:54:41.334  2401  2416 D Benchmark: Flushing ART profiles for app.voltplan.cable
08-12 13:54:41.335   999  1515 E OpenGLRenderer: Unable to match the desired swap behavior.
08-12 13:54:41.396   781   856 D EGL_emulation: app_time_stats: avg=4794.77ms min=16.37ms max=14351.26ms count=3
08-12 13:54:41.398   781   856 D EGL_emulation: app_time_stats: avg=810.42ms min=14.87ms max=14529.21ms count=19
08-12 13:54:41.470   348   348 I android.hardware.power-service.example: Power isModeSupported: 6
08-12 13:54:41.612   497  1646 I ImeTracker: com.android.launcher3:b8c33f70: onRequestHide at ORIGIN_SERVER_HIDE_INPUT reason HIDE_UNSPECIFIED_WINDOW
08-12 13:54:41.612   497  1646 I ImeTracker: com.android.launcher3:b8c33f70: onCancelled at PHASE_SERVER_SHOULD_HIDE
08-12 13:54:42.400   781   781 D StatusBarIconController: ignoring old pipeline callbacks, because the new mobile icons are enabled
08-12 13:54:46.350  2401  2416 D Benchmark: Saving profiles for process ProcessPid(processName=app.voltplan.cable, pid=4040)
08-12 13:54:46.350  2401  2416 D Benchmark: Profile Installer - Save Profile
08-12 13:54:46.362   497  1318 I ActivityManager: Broadcasting: Intent { act=androidx.profileinstaller.action.SAVE_PROFILE flg=0x400000 cmp=app.voltplan.cable/androidx.profileinstaller.ProfileInstallReceiver }
08-12 13:54:46.363  4040  4040 I Process : Sending signal. PID: 4040 SIG: 10
08-12 13:54:46.363  4040  4040 D ProfileInstaller: 
08-12 13:54:46.363  4040  4044 I .voltplan.cable: Thread[2,tid=4044,WaitingInMainSignalCatcherLoop,Thread*=0xb40000751cce12c0,peer=0x13bc01c8,"Signal Catcher"]: reacting to signal 10
08-12 13:54:46.363  4040  4044 I .voltplan.cable: 
08-12 13:54:46.363  4040  4044 I .voltplan.cable: SIGUSR1 forcing GC (no HPROF) and profile save
08-12 13:54:46.363   497   514 I ActivityManager: Broadcast completed: result=12
08-12 13:54:46.371  4040  4044 I .voltplan.cable: Explicit concurrent copying GC freed 38675(1864KB) AllocSpace objects, 4(80KB) LOS objects, 49% free, 3495KB/6991KB, paused 12us,4us total 7.699ms
08-12 13:54:46.858   770   770 I wpa_supplicant: wlan0: CTRL-EVENT-BEACON-LOSS 
08-12 13:54:47.371  2401  2416 D Benchmark: Flushed profiles in 1 processes
08-12 13:54:47.385  2401  2416 D Benchmark: Force-stopping process app.voltplan.cable
08-12 13:54:47.388  1417  3728 W MediaProvider: isAppCloneUserPair for user 0: false
08-12 13:54:47.410   497  1318 W InputManager-JNI: Input channel object 'f0a19a4 app.voltplan.cable/app.voltplan.cable.MainActivity (client)' was disposed without first being removed with the input manager!
08-12 13:54:47.413   988   988 D CarrierSvcBindHelper: onHandleForceStop: [app.voltplan.cable]
08-12 13:54:47.413   988   988 D CarrierSvcBindHelper: No carrier app for: 0
08-12 13:54:47.423   321   321 I Zygote  : Process 4040 exited due to signal 9 (Killed)
08-12 13:54:47.455  1417  2837 W MediaProvider: isAppCloneUserPair for user 0: false
08-12 13:54:47.475  2336  2337 I artd    : Running profman: /apex/com.android.art/bin/art_exec --drop-capabilities --keep-fds=6:7:8 -- /apex/com.android.art/bin/profman --profile-file-fd=6 --reference-profile-file-fd=7 --apk-fd=8
08-12 13:54:47.475  2336  2337 I artd    : Opened FDs: 6:/data/misc/profiles/cur/0/app.voltplan.cable/primary.prof 7:/data/misc/profiles/ref/app.voltplan.cable/primary.prof.23Cq1F.tmp 8:/data/app/~~-mpuLXeZSnDNNrW3IjkRQw==/app.voltplan.cable-KiXAS1AeXPQWvUiJPOPEJw==/base.apk 
08-12 13:54:47.620  4155  4155 W profman : profman took 136.497ms
08-12 13:54:47.621  2336  2337 I artd    : profman returned code 1
08-12 13:54:47.624  2336  2337 I artd    : Running dex2oat: /apex/com.android.art/bin/art_exec --drop-capabilities --set-task-profile=Dex2OatBootComplete --set-priority=background --keep-fds=6:7:8:9:10:11:12 -- /apex/com.android.art/bin/dex2oat64 --zip-fd=6 --zip-location=/data/app/~~-mpuLXeZSnDNNrW3IjkRQw==/app.voltplan.cable-KiXAS1AeXPQWvUiJPOPEJw==/base.apk --oat-fd=7 --oat-location=/data/app/~~-mpuLXeZSnDNNrW3IjkRQw==/app.voltplan.cable-KiXAS1AeXPQWvUiJPOPEJw==/oat/arm64/base.odex --output-vdex-fd=8 --app-image-fd=9 --image-format=lz4 --swap-fd=10 --class-loader-context=PCL[] --classpath-dir=/data/app/~~-mpuLXeZSnDNNrW3IjkRQw==/app.voltplan.cable-KiXAS1AeXPQWvUiJPOPEJw== --input-vdex-fd=11 --profile-file-fd=12 --instruction-set=arm64 --instruction-set-features=default --instruction-set-variant=generic --compiler-filter=speed-profile --compilation-reason=cmdline --compact-dex-level=none --max-image-block-size=524288 --resolve-startup-const-strings=true --generate-mini-debug-info --runtime-arg -Xtarget-sdk-version:35 --runtime-arg -Xhidden-api-policy:enabled --runtime-arg -Xms64m --runtime-arg -Xmx512m --comments=app-version-name:1.8.0,app-version-code:87,art-version:342090000
08-12 13:54:47.624  2336  2337 I artd    : Opened FDs: 6:/data/app/~~-mpuLXeZSnDNNrW3IjkRQw==/app.voltplan.cable-KiXAS1AeXPQWvUiJPOPEJw==/base.apk 7:/data/app/~~-mpuLXeZSnDNNrW3IjkRQw==/app.voltplan.cable-KiXAS1AeXPQWvUiJPOPEJw==/oat/arm64/base.odex.W9jVev.tmp 8:/data/app/~~-mpuLXeZSnDNNrW3IjkRQw==/app.voltplan.cable-KiXAS1AeXPQWvUiJPOPEJw==/oat/arm64/base.vdex.kBP10Z.tmp 9:/data/app/~~-mpuLXeZSnDNNrW3IjkRQw==/app.voltplan.cable-KiXAS1AeXPQWvUiJPOPEJw==/oat/arm64/base.art.uLn8AO.tmp 10:/data/app/~~-mpuLXeZSnDNNrW3IjkRQw==/app.voltplan.cable-KiXAS1AeXPQWvUiJPOPEJw==/oat/arm64/base.odex.swap.1Z13Lb.tmp 11:/data/app/~~-mpuLXeZSnDNNrW3IjkRQw==/app.voltplan.cable-KiXAS1AeXPQWvUiJPOPEJw==/oat/arm64/base.vdex 12:/data/misc/profiles/ref/app.voltplan.cable/primary.prof.23Cq1F.tmp 
08-12 13:54:47.660  4156  4156 W dex2oat64: Mismatch between dex2oat instruction set features to use (ISA: Arm64 Feature string: a53,crc,-lse,-fp16,-dotprod,-sve) and those from CPP defines (ISA: Arm64 Feature string: -a53,-crc,-lse,-fp16,-dotprod,-sve) for the command line:
08-12 13:54:47.660  4156  4156 W dex2oat64: /apex/com.android.art/bin/dex2oat64 --zip-fd=6 --zip-location=/data/app/~~-mpuLXeZSnDNNrW3IjkRQw==/app.voltplan.cable-KiXAS1AeXPQWvUiJPOPEJw==/base.apk --oat-fd=7 --oat-location=/data/app/~~-mpuLXeZSnDNNrW3IjkRQw==/app.voltplan.cable-KiXAS1AeXPQWvUiJPOPEJw==/oat/arm64/base.odex --output-vdex-fd=8 --app-image-fd=9 --image-format=lz4 --swap-fd=10 --class-loader-context=PCL[] --classpath-dir=/data/app/~~-mpuLXeZSnDNNrW3IjkRQw==/app.voltplan.cable-KiXAS1AeXPQWvUiJPOPEJw== --input-vdex-fd=11 --profile-file-fd=12 --instruction-set=arm64 --instruction-set-features=default --instruction-set-variant=generic --compiler-filter=speed-profile --compilation-reason=cmdline --compact-dex-level=none --max-image-block-size=524288 --resolve-startup-const-strings=true --generate-mini-debug-info --runtime-arg -Xtarget-sdk-version:35 --runtime-arg -Xhidden-api-policy:enabled --runtime-arg -Xms64m --runtime-arg -Xmx512m --comments=app-version-name:1.8.0,app-version-code:87,art-version:342090000
08-12 13:54:47.662  4156  4156 I dex2oat64: /apex/com.android.art/bin/dex2oat64 --output-vdex-fd=8 --class-loader-context=PCL[] --classpath-dir=/data/app/~~-mpuLXeZSnDNNrW3IjkRQw==/app.voltplan.cable-KiXAS1AeXPQWvUiJPOPEJw== --input-vdex-fd=11 --profile-file-fd=12 --compiler-filter=speed-profile --compilation-reason=cmdline --compact-dex-level=none --max-image-block-size=524288 --resolve-startup-const-strings=true --generate-mini-debug-info --comments=app-version-name:1.8.0,app-version-code:87,art-version:342090000
08-12 13:54:47.696  4156  4156 I dex2oat64: Using CollectorTypeCC GC.
08-12 13:54:47.737  4156  4156 I dex2oat64: Large app, accepted running with swap.
08-12 13:54:47.986  4156  4158 W dex2oat64: Method boolean androidx.compose.runtime.snapshots.SnapshotStateList.conditionalUpdate(boolean, kotlin.jvm.functions.Function1) failed lock verification and will run slower.
08-12 13:54:47.986  4156  4158 W dex2oat64: Common causes for lock verification issues are non-optimized dex code
08-12 13:54:47.986  4156  4158 W dex2oat64: and incorrect proguard optimizations.
08-12 13:54:47.987  4156  4158 W dex2oat64: Method boolean androidx.compose.runtime.snapshots.SnapshotStateList.conditionalUpdate$default(androidx.compose.runtime.snapshots.SnapshotStateList, boolean, kotlin.jvm.functions.Function1, int, java.lang.Object) failed lock verification and will run slower.
08-12 13:54:47.987  4156  4158 W dex2oat64: Method java.lang.Object androidx.compose.runtime.snapshots.SnapshotStateList.mutate(kotlin.jvm.functions.Function1) failed lock verification and will run slower.
08-12 13:54:47.987  4156  4158 W dex2oat64: Method void androidx.compose.runtime.snapshots.SnapshotStateList.update(boolean, kotlin.jvm.functions.Function1) failed lock verification and will run slower.
08-12 13:54:47.987  4156  4158 W dex2oat64: Method void androidx.compose.runtime.snapshots.SnapshotStateList.update$default(androidx.compose.runtime.snapshots.SnapshotStateList, boolean, kotlin.jvm.functions.Function1, int, java.lang.Object) failed lock verification and will run slower.
08-12 13:54:47.987  4156  4156 W dex2oat64: Method java.lang.Object androidx.compose.runtime.snapshots.SnapshotStateMap.mutate(kotlin.jvm.functions.Function1) failed lock verification and will run slower.
08-12 13:54:47.988  4156  4156 W dex2oat64: Method void androidx.compose.runtime.snapshots.SnapshotStateMap.update(kotlin.jvm.functions.Function1) failed lock verification and will run slower.
08-12 13:54:47.988  4156  4156 W dex2oat64: Method boolean androidx.compose.runtime.snapshots.SnapshotStateMap.removeIf$runtime_release(kotlin.jvm.functions.Function1) failed lock verification and will run slower.
08-12 13:54:48.845  4156  4156 I dex2oat64: Explicit concurrent copying GC freed 87271(12MB) AllocSpace objects, 0(0B) LOS objects, 49% free, 1651KB/3303KB, paused 27us,2us total 3.828ms
08-12 13:54:49.006  4156  4156 I dex2oat64: dex2oat took 1.348s (2.263s cpu) (threads: 2) arena alloc=9420KB (9646128B) java alloc=1651KB (1691488B) native alloc=7081KB (7251712B) free=9328KB (9552576B) swap=16MB (16777216B)
08-12 13:54:49.011  2336  2337 I artd    : dex2oat returned code 0
08-12 13:54:49.015   497  2226 I ArtService: Dexopt result: [packageName = app.voltplan.cable] DexContainerFileDexoptResult{dexContainerFile=/data/app/~~-mpuLXeZSnDNNrW3IjkRQw==/app.voltplan.cable-KiXAS1AeXPQWvUiJPOPEJw==/base.apk, primaryAbi=true, abi=arm64-v8a, actualCompilerFilter=speed-profile, status=PERFORMED, dex2oatWallTimeMillis=1392, dex2oatCpuTimeMillis=2270, sizeBytes=54591728, sizeBeforeBytes=46422080}
08-12 13:54:49.034  1417  1728 W MediaProvider: isAppCloneUserPair for user 0: false
08-12 13:54:49.055  2336  2337 I artd    : Running profman: /apex/com.android.art/bin/art_exec --drop-capabilities --keep-fds=6:7 -- /apex/com.android.art/bin/profman --reference-profile-file-fd=6 --apk-fd=7
08-12 13:54:49.055  2336  2337 I artd    : Opened FDs: 6:/data/misc/profiles/ref/app.voltplan.cable/primary.prof 7:/data/app/~~-mpuLXeZSnDNNrW3IjkRQw==/app.voltplan.cable-KiXAS1AeXPQWvUiJPOPEJw==/base.apk 
08-12 13:54:49.193   781   781 D StatusBarIconController: ignoring old pipeline callback because the new wifi icon is enabled
08-12 13:54:49.193  4174  4174 W profman : profman took 130.237ms
08-12 13:54:49.194  2336  2337 I artd    : profman returned code 2
08-12 13:54:49.195  2336  2337 I artd    : Running profman: /apex/com.android.art/bin/art_exec --drop-capabilities --keep-fds=6:7:8 -- /apex/com.android.art/bin/profman --profile-file-fd=6 --dump-output-to-fd=7 --apk-fd=8 --dump-classes-and-methods
08-12 13:54:49.195  2336  2337 I artd    : Opened FDs: 6:/data/misc/profiles/ref/app.voltplan.cable/primary.prof 7:/data/misc/profiles/ref/app.voltplan.cable/primary.prof.APQVqP.tmp 8:/data/app/~~-mpuLXeZSnDNNrW3IjkRQw==/app.voltplan.cable-KiXAS1AeXPQWvUiJPOPEJw==/base.apk 
08-12 13:54:49.360  4175  4175 W profman : profman took 156.152ms
08-12 13:54:49.361  2336  2337 I artd    : profman returned code 0
08-12 13:54:49.382  1417  1730 W MediaProvider: isAppCloneUserPair for user 0: false
08-12 13:54:49.440  1417  2479 I MediaProvider: Deleted 0 0 0 0 0 0 0 items on external_primary due to app.voltplan.cable.baselineprofile
08-12 13:54:49.490  2401  2416 D Benchmark: Killing package app.voltplan.cable
08-12 13:54:49.490  2401  2416 D Benchmark: Flushing ART profiles for app.voltplan.cable
08-12 13:54:51.999   999   999 E FrameTracker: force finish cuj, time out: J<LAUNCHER_APP_CLOSE_TO_HOME>
08-12 13:54:51.999   999   999 W FrameTracker: Missed App frame:UNKNOWN: 76, 17218, 0, CUJ=J<LAUNCHER_APP_CLOSE_TO_HOME>
08-12 13:54:51.999   999   999 W FrameTracker: Missed SF frame:UNKNOWN: 76, 17218, 0, CUJ=J<LAUNCHER_APP_CLOSE_TO_HOME>
08-12 13:54:51.999   999   999 W FrameTracker: Missing HWUI jank callback for vsyncId: 17218, CUJ=J<LAUNCHER_APP_CLOSE_TO_HOME>
08-12 13:54:51.999   999   999 W FrameTracker: Missed App frame:UNKNOWN: 72, 17233, 0, CUJ=J<LAUNCHER_APP_CLOSE_TO_HOME>
08-12 13:54:51.999   999   999 W FrameTracker: Missing HWUI jank callback for vsyncId: 17233, CUJ=J<LAUNCHER_APP_CLOSE_TO_HOME>
08-12 13:54:51.999   999   999 W FrameTracker: Missed App frame:UNKNOWN: 72, 17241, 218262147, CUJ=J<LAUNCHER_APP_CLOSE_TO_HOME>
08-12 13:54:51.999   999   999 W FrameTracker: Missed App frame:UNKNOWN: 88, 17267, 0, CUJ=J<LAUNCHER_APP_CLOSE_TO_HOME>
08-12 13:54:51.999   999   999 W FrameTracker: Missed SF frame:UNKNOWN: 88, 17267, 0, CUJ=J<LAUNCHER_APP_CLOSE_TO_HOME>
08-12 13:54:51.999   999   999 W FrameTracker: Missing HWUI jank callback for vsyncId: 17267, CUJ=J<LAUNCHER_APP_CLOSE_TO_HOME>
08-12 13:54:51.999   999   999 W FrameTracker: Missed App frame:UNKNOWN: 72, 17289, 137918196, CUJ=J<LAUNCHER_APP_CLOSE_TO_HOME>
08-12 13:54:51.999   999   999 W FrameTracker: Missing SF jank callback for vsyncId: 17322, CUJ=J<LAUNCHER_APP_CLOSE_TO_HOME>
08-12 13:54:51.999   999  1628 V PerfettoTrigger: Not triggering com.android.telemetry.interaction-jank-monitor-9 - not enough time since last trigger
08-12 13:54:52.202   781   781 D StatusBarIconController: ignoring old pipeline callback because the new wifi icon is enabled
08-12 13:54:52.404   781   781 D StatusBarIconController: ignoring old pipeline callbacks, because the new mobile icons are enabled
08-12 13:54:54.502  2401  2416 D Benchmark: Compile iteration (2) for app.voltplan.cable
08-12 13:54:54.503  2401  2416 D UiDevice: Pressing home button.
08-12 13:54:54.528   781   781 I vol.VolumeDialogImpl: mDialog.dismiss() reason: volume_controller from: com.android.systemui.volume.VolumeDialogImpl$7.onDismissRequested:3
08-12 13:54:54.529   999   999 D TaplTarget: Launcher.onNewIntent: Intent { act=android.intent.action.MAIN cat=[android.intent.category.HOME] flg=0x10000100 cmp=com.android.launcher3/.uioverrides.QuickstepLauncher (has extras) }
08-12 13:54:54.530   781   794 D KeyguardService: setOccluded(false)
08-12 13:54:54.530   781   794 D KeyguardViewMediator: setOccluded(false)
08-12 13:54:54.530   781   781 D KeyguardViewMediator: handleSetOccluded(false)
08-12 13:54:54.532   781   781 I vol.VolumeDialogImpl: mDialog.dismiss() reason: volume_controller from: com.android.systemui.volume.VolumeDialogImpl$7.onDismissRequested:3
08-12 13:54:54.532   781   781 D vol.VolumeDialogImpl: dismissH: skipping dismiss because isAnimatingDismiss is true and showingStateInconsistent is false
08-12 13:54:54.794   770   770 I wpa_supplicant: wlan0: CTRL-EVENT-BEACON-LOSS 
08-12 13:54:55.207   781   781 D StatusBarIconController: ignoring old pipeline callback because the new wifi icon is enabled
08-12 13:54:55.569  2401  2416 W InteractionController: Timed out waiting 1000ms for command and events.
08-12 13:54:55.584  2401  2416 D Benchmark: Starting activity with command: am start  -W "intent:#Intent;action=android.intent.action.MAIN;category=android.intent.category.LAUNCHER;launchFlags=0x10008000;package=app.voltplan.cable;component=app.voltplan.cable/.MainActivity;end"
08-12 13:54:55.586  1417  1730 W MediaProvider: isAppCloneUserPair for user 0: false
08-12 13:54:55.614   781   845 D SplashScreenView: Build android.window.SplashScreenView{5e92fa1 V.E...... ......ID 0,0-0,0}
08-12 13:54:55.614   781   845 D SplashScreenView: Icon: view: android.widget.ImageView{85285c6 V.ED..... ......I. 0,0-0,0 #10204f0 android:id/splashscreen_icon_view} drawable: com.android.wm.shell.startingsurface.SplashscreenIconDrawableFactory$ImmobileIconDrawable@d097987 size: 504
08-12 13:54:55.614   781   845 D SplashScreenView: Branding: view: android.view.View{57a10b4 G.ED..... ......I. 0,0-0,0 #10204ef android:id/splashscreen_branding_view} drawable: null size w: 0 h: 0
08-12 13:54:55.619   321   321 D Zygote  : Forked child process 4207
08-12 13:54:55.631   781   856 E OpenGLRenderer: Unable to match the desired swap behavior.
08-12 13:54:55.637   360   360 I BpBinder: onLastStrongRef automatically unlinking death recipients: 
08-12 13:54:55.651  4207  4207 I .voltplan.cable: Using CollectorTypeCC GC.
08-12 13:54:55.667   781   856 D EGL_emulation: app_time_stats: avg=2854.25ms min=35.24ms max=13976.54ms count=5
08-12 13:54:55.669   781   856 D EGL_emulation: app_time_stats: avg=3567.76ms min=54.85ms max=13980.89ms count=4
08-12 13:54:55.674   370   413 I adbd    : jdwp connection from 4207
08-12 13:54:55.681   999  1515 D EGL_emulation: app_time_stats: avg=1569.37ms min=10.09ms max=13872.25ms count=9
08-12 13:54:55.688  4207  4207 D CompatibilityChangeReporter: Compat change id reported: 171979766; UID 10141; state: ENABLED
08-12 13:54:55.688  4207  4207 D CompatibilityChangeReporter: Compat change id reported: 242716250; UID 10141; state: ENABLED
08-12 13:54:55.702  4207  4207 D nativeloader: Configuring clns-6 for other apk /data/app/~~-mpuLXeZSnDNNrW3IjkRQw==/app.voltplan.cable-KiXAS1AeXPQWvUiJPOPEJw==/base.apk. target_sdk_version=35, uses_libraries=, library_path=/data/app/~~-mpuLXeZSnDNNrW3IjkRQw==/app.voltplan.cable-KiXAS1AeXPQWvUiJPOPEJw==/lib/arm64:/data/app/~~-mpuLXeZSnDNNrW3IjkRQw==/app.voltplan.cable-KiXAS1AeXPQWvUiJPOPEJw==/base.apk!/lib/arm64-v8a, permitted_path=/data:/mnt/expand:/data/user/0/app.voltplan.cable
08-12 13:54:55.723  4207  4207 V GraphicsEnvironment: Currently set values for:
08-12 13:54:55.723  4207  4207 V GraphicsEnvironment:   angle_gl_driver_selection_pkgs=[]
08-12 13:54:55.723  4207  4207 V GraphicsEnvironment:   angle_gl_driver_selection_values=[]
08-12 13:54:55.723  4207  4207 V GraphicsEnvironment: ANGLE GameManagerService for app.voltplan.cable: false
08-12 13:54:55.723  4207  4207 V GraphicsEnvironment: app.voltplan.cable is not listed in per-application setting
08-12 13:54:55.723  4207  4207 V GraphicsEnvironment: Neither updatable production driver nor prerelease driver is supported.
08-12 13:54:55.758  4207  4207 D CompatibilityChangeReporter: Compat change id reported: 237531167; UID 10141; state: DISABLED
08-12 13:54:55.760  4207  4207 W OpenGLRenderer: Unknown dataspace 0
08-12 13:54:55.772  4207  4231 D libEGL  : loaded /vendor/lib64/egl/libEGL_emulation.so
08-12 13:54:55.782  4207  4207 W .voltplan.cable: Method boolean androidx.compose.runtime.snapshots.SnapshotStateList.conditionalUpdate(boolean, kotlin.jvm.functions.Function1) failed lock verification and will run slower.
08-12 13:54:55.782  4207  4207 W .voltplan.cable: Common causes for lock verification issues are non-optimized dex code
08-12 13:54:55.782  4207  4207 W .voltplan.cable: and incorrect proguard optimizations.
08-12 13:54:55.783  4207  4207 W .voltplan.cable: Method boolean androidx.compose.runtime.snapshots.SnapshotStateList.conditionalUpdate$default(androidx.compose.runtime.snapshots.SnapshotStateList, boolean, kotlin.jvm.functions.Function1, int, java.lang.Object) failed lock verification and will run slower.
08-12 13:54:55.783  4207  4207 W .voltplan.cable: Method java.lang.Object androidx.compose.runtime.snapshots.SnapshotStateList.mutate(kotlin.jvm.functions.Function1) failed lock verification and will run slower.
08-12 13:54:55.783  4207  4207 W .voltplan.cable: Method void androidx.compose.runtime.snapshots.SnapshotStateList.update(boolean, kotlin.jvm.functions.Function1) failed lock verification and will run slower.
08-12 13:54:55.783  4207  4207 W .voltplan.cable: Method void androidx.compose.runtime.snapshots.SnapshotStateList.update$default(androidx.compose.runtime.snapshots.SnapshotStateList, boolean, kotlin.jvm.functions.Function1, int, java.lang.Object) failed lock verification and will run slower.
08-12 13:54:55.785   320  4233 I resolv  : GetAddrInfoHandler::run: {101 101 101 983141 10141 0}
08-12 13:54:55.789   320  4234 I resolv  : res_nmkquery: (QUERY, IN, AAAA)
08-12 13:54:55.790   320  4234 I resolv  : resolv_cache_lookup: FOUND IN CACHE entry=0xb400006ec8c18a90
08-12 13:54:55.790   320  4234 I resolv  : doQuery: rcode=0, ancount=0, return value=99
08-12 13:54:55.790   320  4235 I resolv  : res_nmkquery: (QUERY, IN, A)
08-12 13:54:55.790   320  4235 I resolv  : resolv_cache_lookup: FOUND IN CACHE entry=0xb400006ee8c19190
08-12 13:54:55.790   320  4235 I resolv  : doQuery: rcode=0, ancount=1, return value=50
08-12 13:54:55.795  4207  4231 D libEGL  : loaded /vendor/lib64/egl/libGLESv1_CM_emulation.so
08-12 13:54:55.796  4207  4231 D libEGL  : loaded /vendor/lib64/egl/libGLESv2_emulation.so
08-12 13:54:55.821  4207  4230 D TrafficStats: tagSocket(76) with statsTag=0xffffffff, statsUid=-1
08-12 13:54:55.821  4207  4207 D CompatibilityChangeReporter: Compat change id reported: 289878283; UID 10141; state: ENABLED
08-12 13:54:55.833  4207  4228 W OpenGLRenderer: Failed to choose config with EGL_SWAP_BEHAVIOR_PRESERVED, retrying without...
08-12 13:54:55.833  4207  4228 W OpenGLRenderer: Failed to initialize 101010-2 format, error = EGL_SUCCESS
08-12 13:54:55.858   131   131 I hwservicemanager: getTransport: Cannot find entry android.hardware.graphics.mapper@4.0::IMapper/default in either framework or device VINTF manifest.
08-12 13:54:55.858  4207  4228 I Gralloc4: mapper 4.x is not supported
08-12 13:54:55.863  4207  4228 E OpenGLRenderer: Unable to match the desired swap behavior.
08-12 13:54:55.908  4207  4227 D TrafficStats: tagSocket(91) with statsTag=0xffffffff, statsUid=-1
08-12 13:54:55.910   497   514 I ActivityTaskManager: Displayed app.voltplan.cable/.MainActivity for user 0: +300ms
08-12 13:54:55.935   781   856 E OpenGLRenderer: Unable to match the desired swap behavior.
08-12 13:54:55.954   497  3713 I ImeTracker: app.voltplan.cable:a1bd07a3: onRequestHide at ORIGIN_SERVER_HIDE_INPUT reason HIDE_UNSPECIFIED_WINDOW
08-12 13:54:55.954   497  3713 I ImeTracker: app.voltplan.cable:a1bd07a3: onCancelled at PHASE_SERVER_SHOULD_HIDE
08-12 13:54:55.974  2401  2416 D Benchmark: Result: Starting: Intent { act=android.intent.action.MAIN cat=[android.intent.category.LAUNCHER] flg=0x10008000 pkg=app.voltplan.cable cmp=app.voltplan.cable/.MainActivity }
08-12 13:54:55.974  2401  2416 D Benchmark: Status: ok
08-12 13:54:55.974  2401  2416 D Benchmark: LaunchState: COLD
08-12 13:54:55.974  2401  2416 D Benchmark: Activity: app.voltplan.cable/.MainActivity
08-12 13:54:55.974  2401  2416 D Benchmark: TotalTime: 300
08-12 13:54:55.974  2401  2416 D Benchmark: WaitTime: 304
08-12 13:54:55.974  2401  2416 D Benchmark: Complete
08-12 13:54:56.039   999  1090 I ImeTracker: com.android.launcher3:10100f2d: onRequestHide at ORIGIN_CLIENT_HIDE_SOFT_INPUT reason HIDE_SOFT_INPUT
08-12 13:54:56.040   999  1090 I ImeTracker: com.android.launcher3:10100f2d: onFailed at PHASE_CLIENT_VIEW_SERVED
08-12 13:54:56.072  1417  1730 W MediaProvider: isAppCloneUserPair for user 0: false
08-12 13:54:56.144  2401  2416 I System.out: 0 Flags,FrameTimelineVsyncId,IntendedVsync,Vsync,InputEventId,HandleInputStart,AnimationStart,PerformTraversalsStart,DrawStart,FrameDeadline,FrameInterval,FrameStartTime,SyncQueued,SyncStart,IssueDrawCommandsStart,SwapBuffers,FrameCompleted,DequeueBufferDuration,QueueBufferDuration,GpuCompleted,SwapBuffersCompleted,DisplayPresentTime,CommandSubmissionCompleted,
08-12 13:54:56.144  2401  2416 I System.out: 1 1,17688,191887003656,191903670322,0,191919184757,191919185090,191919194715,192014309757,191903670322,191919176382,16666666,192015962590,192016745799,192017218132,192049172840,192057882799,1959,170375,192057882799,192052251049,0,192049172840,
08-12 13:54:56.144  2401  2416 I System.out: 2 0,17733,191937003654,192053670316,0,192058226299,192058226632,192058646299,192058677382,192087003648,192053809507,16666666,192063353674,192063377215,192063481882,192076431299,192104101382,1500,91041,192104101382,192078476382,0,192076431299,
08-12 13:54:56.144  2401  2416 I System.out: 3 0,17911,192103670314,192103670314,0,192110912049,192110912465,192111590007,192111605382,192137003646,192110909632,16666666,192111724965,192196697882,192197038382,192203226090,192236297174,2083,90417,192236297174,192203742382,0,192203226090,
08-12 13:54:56.145  2401  2416 I System.out: 4 0,17988,192220336976,192220336976,0,192222036965,192222037465,192225896799,192229969465,192237003642,192222033632,16666666,192230464674,192230906632,192231133549,192235208965,0,21658417,452209,0,192257997882,0,192235208965,
08-12 13:54:56.331   781   844 W WindowOnBackDispatcher: sendCancelIfRunning: isInProgress=falsecallback=android.view.ViewRootImpl$$ExternalSyntheticLambda17@27a2723
08-12 13:54:56.332   497  3386 W InputManager-JNI: Input channel object 'd2ac2e1 Splash Screen app.voltplan.cable (client)' was disposed without first being removed with the input manager!
08-12 13:54:56.381   781   844 W FrameTracker: Missed App frame:UNKNOWN: 24, 17832, 0, CUJ=J<SPLASHSCREEN_EXIT_ANIM>
08-12 13:54:56.382   781   844 W FrameTracker: Missed SF frame:UNKNOWN: 24, 17832, 0, CUJ=J<SPLASHSCREEN_EXIT_ANIM>
08-12 13:54:56.382   781   844 W FrameTracker: Missing HWUI jank callback for vsyncId: 17832, CUJ=J<SPLASHSCREEN_EXIT_ANIM>
08-12 13:54:56.382   781   844 W FrameTracker: Missed App frame:UNKNOWN: 88, 17868, 0, CUJ=J<SPLASHSCREEN_EXIT_ANIM>
08-12 13:54:56.383   781   844 W FrameTracker: Missed SF frame:UNKNOWN: 88, 17868, 0, CUJ=J<SPLASHSCREEN_EXIT_ANIM>
08-12 13:54:56.384   781   844 W FrameTracker: Missing HWUI jank callback for vsyncId: 17868, CUJ=J<SPLASHSCREEN_EXIT_ANIM>
08-12 13:54:56.384   781   844 W FrameTracker: Missed App frame:UNKNOWN: 74, 17890, 0, CUJ=J<SPLASHSCREEN_EXIT_ANIM>
08-12 13:54:56.385   781   844 W FrameTracker: Missed SF frame:UNKNOWN: 74, 17890, 0, CUJ=J<SPLASHSCREEN_EXIT_ANIM>
08-12 13:54:56.385   781   844 W FrameTracker: Missing HWUI jank callback for vsyncId: 17890, CUJ=J<SPLASHSCREEN_EXIT_ANIM>
08-12 13:54:56.385   781   844 W FrameTracker: Missed App frame:UNKNOWN: 88, 17957, 100226571, CUJ=J<SPLASHSCREEN_EXIT_ANIM>
08-12 13:54:56.385   781   844 W FrameTracker: Missed SF frame:UNKNOWN: 88, 17957, 100226571, CUJ=J<SPLASHSCREEN_EXIT_ANIM>
08-12 13:54:56.385   781   844 W FrameTracker: Missed App frame:UNKNOWN: 88, 17980, 95011989, CUJ=J<SPLASHSCREEN_EXIT_ANIM>
08-12 13:54:56.386   781   844 W FrameTracker: Missed SF frame:UNKNOWN: 88, 17980, 95011989, CUJ=J<SPLASHSCREEN_EXIT_ANIM>
08-12 13:54:56.386   781   844 W FrameTracker: Missed App frame:UNKNOWN: 88, 18003, 91782615, CUJ=J<SPLASHSCREEN_EXIT_ANIM>
08-12 13:54:56.386   781   844 W FrameTracker: Missed SF frame:UNKNOWN: 88, 18003, 91782615, CUJ=J<SPLASHSCREEN_EXIT_ANIM>
08-12 13:54:56.386   781   844 W FrameTracker: Missed App frame:UNKNOWN: 72, 18026, 87943616, CUJ=J<SPLASHSCREEN_EXIT_ANIM>
08-12 13:54:56.386   781   844 W FrameTracker: Missed App frame:UNKNOWN: 88, 18058, 79494577, CUJ=J<SPLASHSCREEN_EXIT_ANIM>
08-12 13:54:56.387   781   844 W FrameTracker: Missed SF frame:UNKNOWN: 88, 18058, 79494577, CUJ=J<SPLASHSCREEN_EXIT_ANIM>
08-12 13:54:56.387   781   844 W FrameTracker: Missed SF frame:UNKNOWN: 80, 18067, 60725704, CUJ=J<SPLASHSCREEN_EXIT_ANIM>
08-12 13:54:56.388   781   832 V PerfettoTrigger: Not triggering com.android.telemetry.interaction-jank-monitor-39 - not enough time since last trigger
08-12 13:54:56.678   781   856 D EGL_emulation: app_time_stats: avg=54.32ms min=4.34ms max=355.69ms count=18
08-12 13:54:56.860  2401  2416 D UiDevice: Waiting 10000ms for SearchCondition[hasObject=BySelector [PKG='\Qapp.voltplan.cable\E']].
08-12 13:54:56.860  2401  2416 D UiDevice: Searching for node with selector: BySelector [PKG='\Qapp.voltplan.cable\E'].
08-12 13:54:56.882  2401  2416 D UiDevice: Waiting 10000ms for SearchCondition[findObject=BySelector [DESC='\QAdd\E']].
08-12 13:54:56.882  2401  2416 D UiDevice: Retrieving node with selector: BySelector [DESC='\QAdd\E'].
08-12 13:54:57.485  2401  2416 D UiObject2: Clicking on (1006, 212).
08-12 13:54:57.486  2401  2416 W UiObject2: Clicking on non-clickable object: android.view.accessibility.AccessibilityNodeInfo@858d; boundsInParent: Rect(0, 0 - 0, 0); boundsInScreen: Rect(975, 181 - 1038, 244); boundsInWindow: Rect(975, 181 - 1038, 244); packageName: app.voltplan.cable; className: android.view.View; text: null; error: null; maxTextLength: -1; stateDescription: null; contentDescription: Add; tooltipText: null; containerTitle: null; viewIdResName: null; uniqueId: null; checkable: false; checked: false; focusable: false; focused: false; selected: false; clickable: false; longClickable: false; contextClickable: false; enabled: true; password: false; scrollable: false; importantForAccessibility: true; visible: true; actions: [AccessibilityAction: ACTION_NEXT_AT_MOVEMENT_GRANULARITY - null, AccessibilityAction: ACTION_PREVIOUS_AT_MOVEMENT_GRANULARITY - null, AccessibilityAction: ACTION_ACCESSIBILITY_FOCUS - null, AccessibilityAction: ACTION_SET_SELECTION - null]; isTextSelectable: false
08-12 13:54:57.528  2401  2416 W GestureController: Gestures took longer than expected (42ms >> 16ms), device might be in a busy state.
08-12 13:54:57.535  4207  4228 D EGL_emulation: app_time_stats: avg=322.79ms min=28.20ms max=763.86ms count=5
08-12 13:54:57.541  4207  4207 W WindowOnBackDispatcher: OnBackInvokedCallback is not enabled for the application.
08-12 13:54:57.541  4207  4207 W WindowOnBackDispatcher: Set 'android:enableOnBackInvokedCallback="true"' in the application manifest.
08-12 13:54:58.126  2401  2416 D UiDevice: Waiting 10000ms for SearchCondition[findObject=BySelector [TEXT='\QOverview\E']].
08-12 13:54:58.126  2401  2416 D UiDevice: Retrieving node with selector: BySelector [TEXT='\QOverview\E'].
08-12 13:54:58.183  2401  2416 D UiObject2: Clicking on (127, 2211).
08-12 13:54:58.183  2401  2416 W UiObject2: Clicking on non-clickable object: android.view.accessibility.AccessibilityNodeInfo@8f5c; boundsInParent: Rect(0, 0 - 0, 0); boundsInScreen: Rect(58, 2190 - 197, 2232); boundsInWindow: Rect(58, 2190 - 197, 2232); packageName: app.voltplan.cable; className: android.widget.TextView; text: Overview; error: null; maxTextLength: -1; stateDescription: null; contentDescription: null; tooltipText: null; containerTitle: null; viewIdResName: null; uniqueId: null; checkable: false; checked: false; focusable: false; focused: false; selected: false; clickable: false; longClickable: false; contextClickable: false; enabled: true; password: false; scrollable: false; importantForAccessibility: true; visible: true; actions: [AccessibilityAction: ACTION_NEXT_AT_MOVEMENT_GRANULARITY - null, AccessibilityAction: ACTION_PREVIOUS_AT_MOVEMENT_GRANULARITY - null, AccessibilityAction: ACTION_ACCESSIBILITY_FOCUS - null, AccessibilityAction: ACTION_SET_SELECTION - null]; isTextSelectable: false
08-12 13:54:58.229  2401  2416 W GestureController: Gestures took longer than expected (45ms >> 16ms), device might be in a busy state.
08-12 13:54:58.544  4207  4228 D EGL_emulation: app_time_stats: avg=10.94ms min=6.14ms max=64.84ms count=54
08-12 13:54:58.826  2401  2416 D UiDevice: Waiting 10000ms for SearchCondition[findObject=BySelector [TEXT='\QComponents\E']].
08-12 13:54:58.826  2401  2416 D UiDevice: Retrieving node with selector: BySelector [TEXT='\QComponents\E'].
08-12 13:54:58.850  2401  2416 D UiObject2: Clicking on (402, 2211).
08-12 13:54:58.850  2401  2416 W UiObject2: Clicking on non-clickable object: android.view.accessibility.AccessibilityNodeInfo@9073; boundsInParent: Rect(0, 0 - 0, 0); boundsInScreen: Rect(307, 2190 - 498, 2232); boundsInWindow: Rect(307, 2190 - 498, 2232); packageName: app.voltplan.cable; className: android.widget.TextView; text: Components; error: null; maxTextLength: -1; stateDescription: null; contentDescription: null; tooltipText: null; containerTitle: null; viewIdResName: null; uniqueId: null; checkable: false; checked: false; focusable: false; focused: false; selected: false; clickable: false; longClickable: false; contextClickable: false; enabled: true; password: false; scrollable: false; importantForAccessibility: true; visible: true; actions: [AccessibilityAction: ACTION_NEXT_AT_MOVEMENT_GRANULARITY - null, AccessibilityAction: ACTION_PREVIOUS_AT_MOVEMENT_GRANULARITY - null, AccessibilityAction: ACTION_ACCESSIBILITY_FOCUS - null, AccessibilityAction: ACTION_SET_SELECTION - null]; isTextSelectable: false
08-12 13:54:58.885  2401  2416 W GestureController: Gestures took longer than expected (34ms >> 16ms), device might be in a busy state.
08-12 13:54:59.355  2401  2416 D UiDevice: Waiting 10000ms for SearchCondition[findObject=BySelector [TEXT='\QBatteries\E']].
08-12 13:54:59.355  2401  2416 D UiDevice: Retrieving node with selector: BySelector [TEXT='\QBatteries\E'].
08-12 13:54:59.383  2401  2416 D UiObject2: Clicking on (677, 2211).
08-12 13:54:59.383  2401  2416 W UiObject2: Clicking on non-clickable object: android.view.accessibility.AccessibilityNodeInfo@918a; boundsInParent: Rect(0, 0 - 0, 0); boundsInScreen: Rect(608, 2190 - 747, 2232); boundsInWindow: Rect(608, 2190 - 747, 2232); packageName: app.voltplan.cable; className: android.widget.TextView; text: Batteries; error: null; maxTextLength: -1; stateDescription: null; contentDescription: null; tooltipText: null; containerTitle: null; viewIdResName: null; uniqueId: null; checkable: false; checked: false; focusable: false; focused: false; selected: false; clickable: false; longClickable: false; contextClickable: false; enabled: true; password: false; scrollable: false; importantForAccessibility: true; visible: true; actions: [AccessibilityAction: ACTION_NEXT_AT_MOVEMENT_GRANULARITY - null, AccessibilityAction: ACTION_PREVIOUS_AT_MOVEMENT_GRANULARITY - null, AccessibilityAction: ACTION_ACCESSIBILITY_FOCUS - null, AccessibilityAction: ACTION_SET_SELECTION - null]; isTextSelectable: false
08-12 13:54:59.565  4207  4228 D EGL_emulation: app_time_stats: avg=11.78ms min=7.29ms max=33.73ms count=56
08-12 13:54:59.991  2401  2416 D UiDevice: Waiting 10000ms for SearchCondition[findObject=BySelector [TEXT='\QChargers\E']].
08-12 13:54:59.991  2401  2416 D UiDevice: Retrieving node with selector: BySelector [TEXT='\QChargers\E'].
08-12 13:55:00.020   781   856 D EGL_emulation: app_time_stats: avg=3341.80ms min=3341.80ms max=3341.80ms count=1
08-12 13:55:00.613  2401  2416 D UiObject2: Clicking on (952, 2211).
08-12 13:55:00.613  2401  2416 W UiObject2: Clicking on non-clickable object: android.view.accessibility.AccessibilityNodeInfo@92a1; boundsInParent: Rect(0, 0 - 0, 0); boundsInScreen: Rect(883, 2190 - 1022, 2232); boundsInWindow: Rect(883, 2190 - 1022, 2232); packageName: app.voltplan.cable; className: android.widget.TextView; text: Chargers; error: null; maxTextLength: -1; stateDescription: null; contentDescription: null; tooltipText: null; containerTitle: null; viewIdResName: null; uniqueId: null; checkable: false; checked: false; focusable: false; focused: false; selected: false; clickable: false; longClickable: false; contextClickable: false; enabled: true; password: false; scrollable: false; importantForAccessibility: true; visible: true; actions: [AccessibilityAction: ACTION_NEXT_AT_MOVEMENT_GRANULARITY - null, AccessibilityAction: ACTION_PREVIOUS_AT_MOVEMENT_GRANULARITY - null, AccessibilityAction: ACTION_ACCESSIBILITY_FOCUS - null, AccessibilityAction: ACTION_SET_SELECTION - null]; isTextSelectable: false
08-12 13:55:00.646  2401  2416 W GestureController: Gestures took longer than expected (34ms >> 16ms), device might be in a busy state.
08-12 13:55:00.651  4207  4228 D EGL_emulation: app_time_stats: avg=18.64ms min=2.88ms max=362.97ms count=41
08-12 13:55:01.226  2401  2416 D UiDevice: Waiting 10000ms for SearchCondition[findObject=BySelector [SCROLLABLE='true']].
08-12 13:55:01.226  2401  2416 D UiDevice: Retrieving node with selector: BySelector [SCROLLABLE='true'].
08-12 13:55:01.245  2401  2416 D UiDevice: Node not found with selector: BySelector [SCROLLABLE='true'].
08-12 13:55:01.345  2401  2416 D UiDevice: Retrieving node with selector: BySelector [SCROLLABLE='true'].
08-12 13:55:01.353  2401  2416 D UiDevice: Node not found with selector: BySelector [SCROLLABLE='true'].
08-12 13:55:01.451  4207  4280 D ProfileInstaller: Skipping profile installation for app.voltplan.cable
08-12 13:55:01.454  2401  2416 D UiDevice: Retrieving node with selector: BySelector [SCROLLABLE='true'].
08-12 13:55:01.460  2401  2416 D UiDevice: Node not found with selector: BySelector [SCROLLABLE='true'].
08-12 13:55:01.562  2401  2416 D UiDevice: Retrieving node with selector: BySelector [SCROLLABLE='true'].
08-12 13:55:01.568  2401  2416 D UiDevice: Node not found with selector: BySelector [SCROLLABLE='true'].
08-12 13:55:01.669  2401  2416 D UiDevice: Retrieving node with selector: BySelector [SCROLLABLE='true'].
08-12 13:55:01.675  2401  2416 D UiDevice: Node not found with selector: BySelector [SCROLLABLE='true'].
08-12 13:55:01.776  2401  2416 D UiDevice: Retrieving node with selector: BySelector [SCROLLABLE='true'].
08-12 13:55:01.781  2401  2416 D UiDevice: Node not found with selector: BySelector [SCROLLABLE='true'].
08-12 13:55:01.887  2401  2416 D UiDevice: Retrieving node with selector: BySelector [SCROLLABLE='true'].
08-12 13:55:01.894  2401  2416 D UiDevice: Node not found with selector: BySelector [SCROLLABLE='true'].
08-12 13:55:01.996  2401  2416 D UiDevice: Retrieving node with selector: BySelector [SCROLLABLE='true'].
08-12 13:55:02.002  2401  2416 D UiDevice: Node not found with selector: BySelector [SCROLLABLE='true'].
08-12 13:55:02.103  2401  2416 D UiDevice: Retrieving node with selector: BySelector [SCROLLABLE='true'].
08-12 13:55:02.110  2401  2416 D UiDevice: Node not found with selector: BySelector [SCROLLABLE='true'].
08-12 13:55:02.211  2401  2416 D UiDevice: Retrieving node with selector: BySelector [SCROLLABLE='true'].
08-12 13:55:02.216  2401  2416 D UiDevice: Node not found with selector: BySelector [SCROLLABLE='true'].
08-12 13:55:02.317  2401  2416 D UiDevice: Retrieving node with selector: BySelector [SCROLLABLE='true'].
08-12 13:55:02.322  2401  2416 D UiDevice: Node not found with selector: BySelector [SCROLLABLE='true'].
08-12 13:55:02.408   781   781 D StatusBarIconController: ignoring old pipeline callbacks, because the new mobile icons are enabled
08-12 13:55:02.422  2401  2416 D UiDevice: Retrieving node with selector: BySelector [SCROLLABLE='true'].
08-12 13:55:02.429  2401  2416 D UiDevice: Node not found with selector: BySelector [SCROLLABLE='true'].
08-12 13:55:02.531  2401  2416 D UiDevice: Retrieving node with selector: BySelector [SCROLLABLE='true'].
08-12 13:55:02.537  2401  2416 D UiDevice: Node not found with selector: BySelector [SCROLLABLE='true'].
08-12 13:55:02.638  2401  2416 D UiDevice: Retrieving node with selector: BySelector [SCROLLABLE='true'].
08-12 13:55:02.645  2401  2416 D UiDevice: Node not found with selector: BySelector [SCROLLABLE='true'].
08-12 13:55:02.730   770   770 I wpa_supplicant: wlan0: CTRL-EVENT-BEACON-LOSS 
08-12 13:55:02.746  2401  2416 D UiDevice: Retrieving node with selector: BySelector [SCROLLABLE='true'].
08-12 13:55:02.753  2401  2416 D UiDevice: Node not found with selector: BySelector [SCROLLABLE='true'].
08-12 13:55:02.860  2401  2416 D UiDevice: Retrieving node with selector: BySelector [SCROLLABLE='true'].
08-12 13:55:02.866  2401  2416 D UiDevice: Node not found with selector: BySelector [SCROLLABLE='true'].
08-12 13:55:02.971  2401  2416 D UiDevice: Retrieving node with selector: BySelector [SCROLLABLE='true'].
08-12 13:55:02.977  2401  2416 D UiDevice: Node not found with selector: BySelector [SCROLLABLE='true'].
08-12 13:55:03.082  2401  2416 D UiDevice: Retrieving node with selector: BySelector [SCROLLABLE='true'].
08-12 13:55:03.088  2401  2416 D UiDevice: Node not found with selector: BySelector [SCROLLABLE='true'].
08-12 13:55:03.197  2401  2416 D UiDevice: Retrieving node with selector: BySelector [SCROLLABLE='true'].
08-12 13:55:03.204  2401  2416 D UiDevice: Node not found with selector: BySelector [SCROLLABLE='true'].
08-12 13:55:03.311  2401  2416 D UiDevice: Retrieving node with selector: BySelector [SCROLLABLE='true'].
08-12 13:55:03.317  2401  2416 D UiDevice: Node not found with selector: BySelector [SCROLLABLE='true'].
08-12 13:55:03.419  2401  2416 D UiDevice: Retrieving node with selector: BySelector [SCROLLABLE='true'].
08-12 13:55:03.425  2401  2416 D UiDevice: Node not found with selector: BySelector [SCROLLABLE='true'].
08-12 13:55:03.526  2401  2416 D UiDevice: Retrieving node with selector: BySelector [SCROLLABLE='true'].
08-12 13:55:03.532  2401  2416 D UiDevice: Node not found with selector: BySelector [SCROLLABLE='true'].
08-12 13:55:03.637  2401  2416 D UiDevice: Retrieving node with selector: BySelector [SCROLLABLE='true'].
08-12 13:55:03.642  2401  2416 D UiDevice: Node not found with selector: BySelector [SCROLLABLE='true'].
08-12 13:55:03.745  2401  2416 D UiDevice: Retrieving node with selector: BySelector [SCROLLABLE='true'].
08-12 13:55:03.752  2401  2416 D UiDevice: Node not found with selector: BySelector [SCROLLABLE='true'].
08-12 13:55:03.853  2401  2416 D UiDevice: Retrieving node with selector: BySelector [SCROLLABLE='true'].
08-12 13:55:03.860  2401  2416 D UiDevice: Node not found with selector: BySelector [SCROLLABLE='true'].
08-12 13:55:03.960  2401  2416 D UiDevice: Retrieving node with selector: BySelector [SCROLLABLE='true'].
08-12 13:55:03.968  2401  2416 D UiDevice: Node not found with selector: BySelector [SCROLLABLE='true'].
08-12 13:55:04.071  2401  2416 D UiDevice: Retrieving node with selector: BySelector [SCROLLABLE='true'].
08-12 13:55:04.076  2401  2416 D UiDevice: Node not found with selector: BySelector [SCROLLABLE='true'].
08-12 13:55:04.176  2401  2416 D UiDevice: Retrieving node with selector: BySelector [SCROLLABLE='true'].
08-12 13:55:04.182  2401  2416 D UiDevice: Node not found with selector: BySelector [SCROLLABLE='true'].
08-12 13:55:04.222   781   781 D StatusBarIconController: ignoring old pipeline callback because the new wifi icon is enabled
08-12 13:55:04.284  2401  2416 D UiDevice: Retrieving node with selector: BySelector [SCROLLABLE='true'].
08-12 13:55:04.291  2401  2416 D UiDevice: Node not found with selector: BySelector [SCROLLABLE='true'].
08-12 13:55:04.399  2401  2416 D UiDevice: Retrieving node with selector: BySelector [SCROLLABLE='true'].
08-12 13:55:04.405  2401  2416 D UiDevice: Node not found with selector: BySelector [SCROLLABLE='true'].
08-12 13:55:04.507  2401  2416 D UiDevice: Retrieving node with selector: BySelector [SCROLLABLE='true'].
08-12 13:55:04.513  2401  2416 D UiDevice: Node not found with selector: BySelector [SCROLLABLE='true'].
08-12 13:55:04.617  2401  2416 D UiDevice: Retrieving node with selector: BySelector [SCROLLABLE='true'].
08-12 13:55:04.622  2401  2416 D UiDevice: Node not found with selector: BySelector [SCROLLABLE='true'].
08-12 13:55:04.727  2401  2416 D UiDevice: Retrieving node with selector: BySelector [SCROLLABLE='true'].
08-12 13:55:04.732  2401  2416 D UiDevice: Node not found with selector: BySelector [SCROLLABLE='true'].
08-12 13:55:04.836  2401  2416 D UiDevice: Retrieving node with selector: BySelector [SCROLLABLE='true'].
08-12 13:55:04.843  2401  2416 D UiDevice: Node not found with selector: BySelector [SCROLLABLE='true'].
08-12 13:55:04.946  2401  2416 D UiDevice: Retrieving node with selector: BySelector [SCROLLABLE='true'].
08-12 13:55:04.952  2401  2416 D UiDevice: Node not found with selector: BySelector [SCROLLABLE='true'].
08-12 13:55:05.057  2401  2416 D UiDevice: Retrieving node with selector: BySelector [SCROLLABLE='true'].
08-12 13:55:05.062  2401  2416 D UiDevice: Node not found with selector: BySelector [SCROLLABLE='true'].
08-12 13:55:05.163  2401  2416 D UiDevice: Retrieving node with selector: BySelector [SCROLLABLE='true'].
08-12 13:55:05.169  2401  2416 D UiDevice: Node not found with selector: BySelector [SCROLLABLE='true'].
08-12 13:55:05.270  2401  2416 D UiDevice: Retrieving node with selector: BySelector [SCROLLABLE='true'].
08-12 13:55:05.275  2401  2416 D UiDevice: Node not found with selector: BySelector [SCROLLABLE='true'].
08-12 13:55:05.379  2401  2416 D UiDevice: Retrieving node with selector: BySelector [SCROLLABLE='true'].
08-12 13:55:05.385  2401  2416 D UiDevice: Node not found with selector: BySelector [SCROLLABLE='true'].
08-12 13:55:05.486  2401  2416 D UiDevice: Retrieving node with selector: BySelector [SCROLLABLE='true'].
08-12 13:55:05.491  2401  2416 D UiDevice: Node not found with selector: BySelector [SCROLLABLE='true'].
08-12 13:55:05.594  2401  2416 D UiDevice: Retrieving node with selector: BySelector [SCROLLABLE='true'].
08-12 13:55:05.599  2401  2416 D UiDevice: Node not found with selector: BySelector [SCROLLABLE='true'].
08-12 13:55:05.704  2401  2416 D UiDevice: Retrieving node with selector: BySelector [SCROLLABLE='true'].
08-12 13:55:05.708  2401  2416 D UiDevice: Node not found with selector: BySelector [SCROLLABLE='true'].
08-12 13:55:05.810  2401  2416 D UiDevice: Retrieving node with selector: BySelector [SCROLLABLE='true'].
08-12 13:55:05.816  2401  2416 D UiDevice: Node not found with selector: BySelector [SCROLLABLE='true'].
08-12 13:55:05.918  2401  2416 D UiDevice: Retrieving node with selector: BySelector [SCROLLABLE='true'].
08-12 13:55:05.923  2401  2416 D UiDevice: Node not found with selector: BySelector [SCROLLABLE='true'].
08-12 13:55:06.026  2401  2416 D UiDevice: Retrieving node with selector: BySelector [SCROLLABLE='true'].
08-12 13:55:06.031  2401  2416 D UiDevice: Node not found with selector: BySelector [SCROLLABLE='true'].
08-12 13:55:06.132  2401  2416 D UiDevice: Retrieving node with selector: BySelector [SCROLLABLE='true'].
08-12 13:55:06.137  2401  2416 D UiDevice: Node not found with selector: BySelector [SCROLLABLE='true'].
08-12 13:55:06.241  2401  2416 D UiDevice: Retrieving node with selector: BySelector [SCROLLABLE='true'].
08-12 13:55:06.247  2401  2416 D UiDevice: Node not found with selector: BySelector [SCROLLABLE='true'].
08-12 13:55:06.351  2401  2416 D UiDevice: Retrieving node with selector: BySelector [SCROLLABLE='true'].
08-12 13:55:06.357  2401  2416 D UiDevice: Node not found with selector: BySelector [SCROLLABLE='true'].
08-12 13:55:06.459  2401  2416 D UiDevice: Retrieving node with selector: BySelector [SCROLLABLE='true'].
08-12 13:55:06.464  2401  2416 D UiDevice: Node not found with selector: BySelector [SCROLLABLE='true'].
08-12 13:55:06.569  2401  2416 D UiDevice: Retrieving node with selector: BySelector [SCROLLABLE='true'].
08-12 13:55:06.575  2401  2416 D UiDevice: Node not found with selector: BySelector [SCROLLABLE='true'].
08-12 13:55:06.679  2401  2416 D UiDevice: Retrieving node with selector: BySelector [SCROLLABLE='true'].
08-12 13:55:06.685  2401  2416 D UiDevice: Node not found with selector: BySelector [SCROLLABLE='true'].
08-12 13:55:06.787  2401  2416 D UiDevice: Retrieving node with selector: BySelector [SCROLLABLE='true'].
08-12 13:55:06.792  2401  2416 D UiDevice: Node not found with selector: BySelector [SCROLLABLE='true'].
08-12 13:55:06.893  2401  2416 D UiDevice: Retrieving node with selector: BySelector [SCROLLABLE='true'].
08-12 13:55:06.898  2401  2416 D UiDevice: Node not found with selector: BySelector [SCROLLABLE='true'].
08-12 13:55:07.000  2401  2416 D UiDevice: Retrieving node with selector: BySelector [SCROLLABLE='true'].
08-12 13:55:07.006  2401  2416 D UiDevice: Node not found with selector: BySelector [SCROLLABLE='true'].
08-12 13:55:07.108  2401  2416 D UiDevice: Retrieving node with selector: BySelector [SCROLLABLE='true'].
08-12 13:55:07.113  2401  2416 D UiDevice: Node not found with selector: BySelector [SCROLLABLE='true'].
08-12 13:55:07.217  2401  2416 D UiDevice: Retrieving node with selector: BySelector [SCROLLABLE='true'].
08-12 13:55:07.222  2401  2416 D UiDevice: Node not found with selector: BySelector [SCROLLABLE='true'].
08-12 13:55:07.324  2401  2416 D UiDevice: Retrieving node with selector: BySelector [SCROLLABLE='true'].
08-12 13:55:07.330  2401  2416 D UiDevice: Node not found with selector: BySelector [SCROLLABLE='true'].
08-12 13:55:07.434  2401  2416 D UiDevice: Retrieving node with selector: BySelector [SCROLLABLE='true'].
08-12 13:55:07.439  2401  2416 D UiDevice: Node not found with selector: BySelector [SCROLLABLE='true'].
08-12 13:55:07.541  2401  2416 D UiDevice: Retrieving node with selector: BySelector [SCROLLABLE='true'].
08-12 13:55:07.548  2401  2416 D UiDevice: Node not found with selector: BySelector [SCROLLABLE='true'].
08-12 13:55:07.658  2401  2416 D UiDevice: Retrieving node with selector: BySelector [SCROLLABLE='true'].
08-12 13:55:07.665  2401  2416 D UiDevice: Node not found with selector: BySelector [SCROLLABLE='true'].
08-12 13:55:07.769  2401  2416 D UiDevice: Retrieving node with selector: BySelector [SCROLLABLE='true'].
08-12 13:55:07.774  2401  2416 D UiDevice: Node not found with selector: BySelector [SCROLLABLE='true'].
08-12 13:55:07.875  2401  2416 D UiDevice: Retrieving node with selector: BySelector [SCROLLABLE='true'].
08-12 13:55:07.881  2401  2416 D UiDevice: Node not found with selector: BySelector [SCROLLABLE='true'].
