08-12 13:55:33.301  2401  2416 D UiDevice: Retrieving node with selector: BySelector [SCROLLABLE='true'].
08-12 13:55:33.307  2401  2416 D UiDevice: Node not found with selector: BySelector [SCROLLABLE='true'].
08-12 13:55:33.408  2401  2416 D UiDevice: Retrieving node with selector: BySelector [SCROLLABLE='true'].
08-12 13:55:33.413  2401  2416 D UiDevice: Node not found with selector: BySelector [SCROLLABLE='true'].
08-12 13:55:33.517  2401  2416 D UiDevice: Retrieving node with selector: BySelector [SCROLLABLE='true'].
08-12 13:55:33.523  2401  2416 D UiDevice: Node not found with selector: BySelector [SCROLLABLE='true'].
08-12 13:55:33.624  2401  2416 D UiDevice: Retrieving node with selector: BySelector [SCROLLABLE='true'].
08-12 13:55:33.630  2401  2416 D UiDevice: Node not found with selector: BySelector [SCROLLABLE='true'].
08-12 13:55:33.737  2401  2416 D UiDevice: Retrieving node with selector: BySelector [SCROLLABLE='true'].
08-12 13:55:33.744  2401  2416 D UiDevice: Node not found with selector: BySelector [SCROLLABLE='true'].
08-12 13:55:33.846  2401  2416 D UiDevice: Retrieving node with selector: BySelector [SCROLLABLE='true'].
08-12 13:55:33.851  2401  2416 D UiDevice: Node not found with selector: BySelector [SCROLLABLE='true'].
08-12 13:55:33.952  2401  2416 D UiDevice: Retrieving node with selector: BySelector [SCROLLABLE='true'].
08-12 13:55:33.957  2401  2416 D UiDevice: Node not found with selector: BySelector [SCROLLABLE='true'].
08-12 13:55:34.058  2401  2416 D UiDevice: Retrieving node with selector: BySelector [SCROLLABLE='true'].
08-12 13:55:34.063  2401  2416 D UiDevice: Node not found with selector: BySelector [SCROLLABLE='true'].
08-12 13:55:34.164  2401  2416 D UiDevice: Retrieving node with selector: BySelector [SCROLLABLE='true'].
08-12 13:55:34.170  2401  2416 D UiDevice: Node not found with selector: BySelector [SCROLLABLE='true'].
08-12 13:55:34.272  2401  2416 D UiDevice: Retrieving node with selector: BySelector [SCROLLABLE='true'].
08-12 13:55:34.278  2401  2416 D UiDevice: Node not found with selector: BySelector [SCROLLABLE='true'].
08-12 13:55:34.385  2401  2416 D UiDevice: Retrieving node with selector: BySelector [SCROLLABLE='true'].
08-12 13:55:34.392  2401  2416 D UiDevice: Node not found with selector: BySelector [SCROLLABLE='true'].
08-12 13:55:34.495  2401  2416 D UiDevice: Retrieving node with selector: BySelector [SCROLLABLE='true'].
08-12 13:55:34.501  2401  2416 D UiDevice: Node not found with selector: BySelector [SCROLLABLE='true'].
08-12 13:55:34.607  2401  2416 D UiDevice: Retrieving node with selector: BySelector [SCROLLABLE='true'].
08-12 13:55:34.613  2401  2416 D UiDevice: Node not found with selector: BySelector [SCROLLABLE='true'].
08-12 13:55:34.721  2401  2416 D UiDevice: Retrieving node with selector: BySelector [SCROLLABLE='true'].
08-12 13:55:34.728  2401  2416 D UiDevice: Node not found with selector: BySelector [SCROLLABLE='true'].
08-12 13:55:34.730   770   770 I wpa_supplicant: wlan0: CTRL-EVENT-BEACON-LOSS 
08-12 13:55:34.836  2401  2416 D UiDevice: Retrieving node with selector: BySelector [SCROLLABLE='true'].
08-12 13:55:34.841  2401  2416 D UiDevice: Node not found with selector: BySelector [SCROLLABLE='true'].
08-12 13:55:34.942  2401  2416 D UiDevice: Retrieving node with selector: BySelector [SCROLLABLE='true'].
08-12 13:55:34.947  2401  2416 D UiDevice: Node not found with selector: BySelector [SCROLLABLE='true'].
08-12 13:55:35.050  2401  2416 D UiDevice: Retrieving node with selector: BySelector [SCROLLABLE='true'].
08-12 13:55:35.055  2401  2416 D UiDevice: Node not found with selector: BySelector [SCROLLABLE='true'].
08-12 13:55:35.159  2401  2416 D UiDevice: Retrieving node with selector: BySelector [SCROLLABLE='true'].
08-12 13:55:35.164  2401  2416 D UiDevice: Node not found with selector: BySelector [SCROLLABLE='true'].
08-12 13:55:35.273  2401  2416 D UiDevice: Retrieving node with selector: BySelector [SCROLLABLE='true'].
08-12 13:55:35.278  2401  2416 D UiDevice: Node not found with selector: BySelector [SCROLLABLE='true'].
08-12 13:55:35.379  2401  2416 D UiDevice: Retrieving node with selector: BySelector [SCROLLABLE='true'].
08-12 13:55:35.385  2401  2416 D UiDevice: Node not found with selector: BySelector [SCROLLABLE='true'].
08-12 13:55:35.492  2401  2416 D UiDevice: Retrieving node with selector: BySelector [SCROLLABLE='true'].
08-12 13:55:35.499  2401  2416 D UiDevice: Node not found with selector: BySelector [SCROLLABLE='true'].
08-12 13:55:35.602  2401  2416 D UiDevice: Retrieving node with selector: BySelector [SCROLLABLE='true'].
08-12 13:55:35.607  2401  2416 D UiDevice: Node not found with selector: BySelector [SCROLLABLE='true'].
08-12 13:55:35.709  2401  2416 D UiDevice: Retrieving node with selector: BySelector [SCROLLABLE='true'].
08-12 13:55:35.714  2401  2416 D UiDevice: Node not found with selector: BySelector [SCROLLABLE='true'].
08-12 13:55:35.815  2401  2416 D UiDevice: Retrieving node with selector: BySelector [SCROLLABLE='true'].
08-12 13:55:35.821  2401  2416 D UiDevice: Node not found with selector: BySelector [SCROLLABLE='true'].
08-12 13:55:35.922  2401  2416 D UiDevice: Retrieving node with selector: BySelector [SCROLLABLE='true'].
08-12 13:55:35.928  2401  2416 D UiDevice: Node not found with selector: BySelector [SCROLLABLE='true'].
08-12 13:55:36.032  2401  2416 D UiDevice: Retrieving node with selector: BySelector [SCROLLABLE='true'].
08-12 13:55:36.039  2401  2416 D UiDevice: Node not found with selector: BySelector [SCROLLABLE='true'].
08-12 13:55:36.140  2401  2416 D UiDevice: Retrieving node with selector: BySelector [SCROLLABLE='true'].
08-12 13:55:36.146  2401  2416 D UiDevice: Node not found with selector: BySelector [SCROLLABLE='true'].
08-12 13:55:36.252  2401  2416 D UiDevice: Retrieving node with selector: BySelector [SCROLLABLE='true'].
08-12 13:55:36.258  2401  2416 D UiDevice: Node not found with selector: BySelector [SCROLLABLE='true'].
08-12 13:55:36.366  2401  2416 D UiDevice: Retrieving node with selector: BySelector [SCROLLABLE='true'].
08-12 13:55:36.372  2401  2416 D UiDevice: Node not found with selector: BySelector [SCROLLABLE='true'].
08-12 13:55:36.476  2401  2416 D UiDevice: Retrieving node with selector: BySelector [SCROLLABLE='true'].
08-12 13:55:36.482  2401  2416 D UiDevice: Node not found with selector: BySelector [SCROLLABLE='true'].
08-12 13:55:36.584  2401  2416 D UiDevice: Retrieving node with selector: BySelector [SCROLLABLE='true'].
08-12 13:55:36.590  2401  2416 D UiDevice: Node not found with selector: BySelector [SCROLLABLE='true'].
08-12 13:55:36.691  2401  2416 D UiDevice: Retrieving node with selector: BySelector [SCROLLABLE='true'].
08-12 13:55:36.696  2401  2416 D UiDevice: Node not found with selector: BySelector [SCROLLABLE='true'].
08-12 13:55:36.800  2401  2416 D UiDevice: Retrieving node with selector: BySelector [SCROLLABLE='true'].
08-12 13:55:36.806  2401  2416 D UiDevice: Node not found with selector: BySelector [SCROLLABLE='true'].
08-12 13:55:36.916  2401  2416 D UiDevice: Retrieving node with selector: BySelector [SCROLLABLE='true'].
08-12 13:55:36.925  2401  2416 D UiDevice: Node not found with selector: BySelector [SCROLLABLE='true'].
08-12 13:55:37.032  2401  2416 D UiDevice: Retrieving node with selector: BySelector [SCROLLABLE='true'].
08-12 13:55:37.037  2401  2416 D UiDevice: Node not found with selector: BySelector [SCROLLABLE='true'].
08-12 13:55:37.142  2401  2416 D UiDevice: Retrieving node with selector: BySelector [SCROLLABLE='true'].
08-12 13:55:37.148  2401  2416 D UiDevice: Node not found with selector: BySelector [SCROLLABLE='true'].
08-12 13:55:37.249  2401  2416 D UiDevice: Retrieving node with selector: BySelector [SCROLLABLE='true'].
08-12 13:55:37.255  2401  2416 D UiDevice: Node not found with selector: BySelector [SCROLLABLE='true'].
08-12 13:55:37.280   781   781 D StatusBarIconController: ignoring old pipeline callback because the new wifi icon is enabled
08-12 13:55:37.356  2401  2416 D UiDevice: Retrieving node with selector: BySelector [SCROLLABLE='true'].
08-12 13:55:37.361  2401  2416 D UiDevice: Node not found with selector: BySelector [SCROLLABLE='true'].
08-12 13:55:37.463  2401  2416 D UiDevice: Retrieving node with selector: BySelector [SCROLLABLE='true'].
08-12 13:55:37.469  2401  2416 D UiDevice: Node not found with selector: BySelector [SCROLLABLE='true'].
08-12 13:55:37.569  2401  2416 D UiDevice: Retrieving node with selector: BySelector [SCROLLABLE='true'].
08-12 13:55:37.575  2401  2416 D UiDevice: Node not found with selector: BySelector [SCROLLABLE='true'].
08-12 13:55:37.676  2401  2416 D UiDevice: Retrieving node with selector: BySelector [SCROLLABLE='true'].
08-12 13:55:37.683  2401  2416 D UiDevice: Node not found with selector: BySelector [SCROLLABLE='true'].
08-12 13:55:37.792  2401  2416 D UiDevice: Retrieving node with selector: BySelector [SCROLLABLE='true'].
08-12 13:55:37.797  2401  2416 D UiDevice: Node not found with selector: BySelector [SCROLLABLE='true'].
08-12 13:55:37.898  2401  2416 D UiDevice: Retrieving node with selector: BySelector [SCROLLABLE='true'].
08-12 13:55:37.904  2401  2416 D UiDevice: Node not found with selector: BySelector [SCROLLABLE='true'].
08-12 13:55:38.005  2401  2416 D UiDevice: Retrieving node with selector: BySelector [SCROLLABLE='true'].
08-12 13:55:38.011  2401  2416 D UiDevice: Node not found with selector: BySelector [SCROLLABLE='true'].
08-12 13:55:38.112  2401  2416 D UiDevice: Retrieving node with selector: BySelector [SCROLLABLE='true'].
08-12 13:55:38.117  2401  2416 D UiDevice: Node not found with selector: BySelector [SCROLLABLE='true'].
08-12 13:55:38.218  2401  2416 D UiDevice: Retrieving node with selector: BySelector [SCROLLABLE='true'].
08-12 13:55:38.224  2401  2416 D UiDevice: Node not found with selector: BySelector [SCROLLABLE='true'].
08-12 13:55:38.335  2401  2416 D UiDevice: Retrieving node with selector: BySelector [SCROLLABLE='true'].
08-12 13:55:38.341  2401  2416 D UiDevice: Node not found with selector: BySelector [SCROLLABLE='true'].
08-12 13:55:38.442  2401  2416 D UiDevice: Retrieving node with selector: BySelector [SCROLLABLE='true'].
08-12 13:55:38.448  2401  2416 D UiDevice: Node not found with selector: BySelector [SCROLLABLE='true'].
08-12 13:55:38.552  2401  2416 D UiDevice: Retrieving node with selector: BySelector [SCROLLABLE='true'].
08-12 13:55:38.558  2401  2416 D UiDevice: Node not found with selector: BySelector [SCROLLABLE='true'].
08-12 13:55:38.659  2401  2416 D UiDevice: Retrieving node with selector: BySelector [SCROLLABLE='true'].
08-12 13:55:38.664  2401  2416 D UiDevice: Node not found with selector: BySelector [SCROLLABLE='true'].
08-12 13:55:38.771  2401  2416 D UiDevice: Retrieving node with selector: BySelector [SCROLLABLE='true'].
08-12 13:55:38.777  2401  2416 D UiDevice: Node not found with selector: BySelector [SCROLLABLE='true'].
08-12 13:55:38.878  2401  2416 D UiDevice: Retrieving node with selector: BySelector [SCROLLABLE='true'].
08-12 13:55:38.883  2401  2416 D UiDevice: Node not found with selector: BySelector [SCROLLABLE='true'].
08-12 13:55:38.987  2401  2416 D UiDevice: Retrieving node with selector: BySelector [SCROLLABLE='true'].
08-12 13:55:38.994  2401  2416 D UiDevice: Node not found with selector: BySelector [SCROLLABLE='true'].
08-12 13:55:39.097  2401  2416 D UiDevice: Retrieving node with selector: BySelector [SCROLLABLE='true'].
08-12 13:55:39.103  2401  2416 D UiDevice: Node not found with selector: BySelector [SCROLLABLE='true'].
08-12 13:55:39.209  2401  2416 D UiDevice: Retrieving node with selector: BySelector [SCROLLABLE='true'].
08-12 13:55:39.216  2401  2416 D UiDevice: Node not found with selector: BySelector [SCROLLABLE='true'].
08-12 13:55:39.320  2401  2416 D UiDevice: Retrieving node with selector: BySelector [SCROLLABLE='true'].
08-12 13:55:39.325  2401  2416 D UiDevice: Node not found with selector: BySelector [SCROLLABLE='true'].
08-12 13:55:39.426  2401  2416 D UiDevice: Retrieving node with selector: BySelector [SCROLLABLE='true'].
08-12 13:55:39.433  2401  2416 D UiDevice: Node not found with selector: BySelector [SCROLLABLE='true'].
08-12 13:55:39.536  2401  2416 D UiDevice: Retrieving node with selector: BySelector [SCROLLABLE='true'].
08-12 13:55:39.543  2401  2416 D UiDevice: Node not found with selector: BySelector [SCROLLABLE='true'].
08-12 13:55:39.653  2401  2416 D UiDevice: Retrieving node with selector: BySelector [SCROLLABLE='true'].
08-12 13:55:39.659  2401  2416 D UiDevice: Node not found with selector: BySelector [SCROLLABLE='true'].
08-12 13:55:39.767  2401  2416 D UiDevice: Retrieving node with selector: BySelector [SCROLLABLE='true'].
08-12 13:55:39.772  2401  2416 D UiDevice: Node not found with selector: BySelector [SCROLLABLE='true'].
08-12 13:55:39.873  2401  2416 D UiDevice: Retrieving node with selector: BySelector [SCROLLABLE='true'].
08-12 13:55:39.880  2401  2416 D UiDevice: Node not found with selector: BySelector [SCROLLABLE='true'].
08-12 13:55:39.982  2401  2416 D UiDevice: Retrieving node with selector: BySelector [SCROLLABLE='true'].
08-12 13:55:39.988  2401  2416 D UiDevice: Node not found with selector: BySelector [SCROLLABLE='true'].
08-12 13:55:40.089  2401  2416 D UiDevice: Retrieving node with selector: BySelector [SCROLLABLE='true'].
08-12 13:55:40.096  2401  2416 D UiDevice: Node not found with selector: BySelector [SCROLLABLE='true'].
08-12 13:55:40.199  2401  2416 D UiDevice: Retrieving node with selector: BySelector [SCROLLABLE='true'].
08-12 13:55:40.205  2401  2416 D UiDevice: Node not found with selector: BySelector [SCROLLABLE='true'].
08-12 13:55:40.308  2401  2416 D UiDevice: Retrieving node with selector: BySelector [SCROLLABLE='true'].
08-12 13:55:40.313  2401  2416 D UiDevice: Node not found with selector: BySelector [SCROLLABLE='true'].
08-12 13:55:40.414  2401  2416 D UiDevice: Retrieving node with selector: BySelector [SCROLLABLE='true'].
08-12 13:55:40.420  2401  2416 D UiDevice: Node not found with selector: BySelector [SCROLLABLE='true'].
08-12 13:55:40.526  2401  2416 D UiDevice: Retrieving node with selector: BySelector [SCROLLABLE='true'].
08-12 13:55:40.531  2401  2416 D UiDevice: Node not found with selector: BySelector [SCROLLABLE='true'].
08-12 13:55:40.634  2401  2416 D UiDevice: Retrieving node with selector: BySelector [SCROLLABLE='true'].
08-12 13:55:40.640  2401  2416 D UiDevice: Node not found with selector: BySelector [SCROLLABLE='true'].
08-12 13:55:40.742  2401  2416 D UiDevice: Retrieving node with selector: BySelector [SCROLLABLE='true'].
08-12 13:55:40.749  2401  2416 D UiDevice: Node not found with selector: BySelector [SCROLLABLE='true'].
08-12 13:55:40.856  2401  2416 D UiDevice: Retrieving node with selector: BySelector [SCROLLABLE='true'].
08-12 13:55:40.861  2401  2416 D UiDevice: Node not found with selector: BySelector [SCROLLABLE='true'].
08-12 13:55:40.963  2401  2416 D UiDevice: Retrieving node with selector: BySelector [SCROLLABLE='true'].
08-12 13:55:40.968  2401  2416 D UiDevice: Node not found with selector: BySelector [SCROLLABLE='true'].
08-12 13:55:41.069  2401  2416 D UiDevice: Retrieving node with selector: BySelector [SCROLLABLE='true'].
08-12 13:55:41.076  2401  2416 D UiDevice: Node not found with selector: BySelector [SCROLLABLE='true'].
08-12 13:55:41.178  2401  2416 D UiDevice: Retrieving node with selector: BySelector [SCROLLABLE='true'].
08-12 13:55:41.185  2401  2416 D UiDevice: Node not found with selector: BySelector [SCROLLABLE='true'].
08-12 13:55:41.292  2401  2416 D UiDevice: Retrieving node with selector: BySelector [SCROLLABLE='true'].
08-12 13:55:41.298  2401  2416 D UiDevice: Node not found with selector: BySelector [SCROLLABLE='true'].
08-12 13:55:41.403  2401  2416 D UiDevice: Retrieving node with selector: BySelector [SCROLLABLE='true'].
08-12 13:55:41.409  2401  2416 D UiDevice: Node not found with selector: BySelector [SCROLLABLE='true'].
08-12 13:55:41.410  2401  2416 D UiDevice: Pressing home button.
08-12 13:55:41.428   781   781 I vol.VolumeDialogImpl: mDialog.dismiss() reason: volume_controller from: com.android.systemui.volume.VolumeDialogImpl$7.onDismissRequested:3
08-12 13:55:41.433   999   999 D TaplTarget: Launcher.onNewIntent: Intent { act=android.intent.action.MAIN cat=[android.intent.category.HOME] flg=0x10400100 cmp=com.android.launcher3/.uioverrides.QuickstepLauncher (has extras) }
08-12 13:55:41.437   360   360 I BpBinder: onLastStrongRef automatically unlinking death recipients: 
08-12 13:55:41.442   781   781 I vol.VolumeDialogImpl: mDialog.dismiss() reason: volume_controller from: com.android.systemui.volume.VolumeDialogImpl$7.onDismissRequested:3
08-12 13:55:41.443   781   781 D vol.VolumeDialogImpl: dismissH: skipping dismiss because isAnimatingDismiss is true and showingStateInconsistent is false
08-12 13:55:41.451   999  1515 E OpenGLRenderer: Unable to match the desired swap behavior.
08-12 13:55:41.452  2401  2416 D Benchmark: Flushing ART profiles for app.voltplan.cable
08-12 13:55:41.511   781   856 D EGL_emulation: app_time_stats: avg=2358.04ms min=16.15ms max=14065.98ms count=6
08-12 13:55:41.515   781   856 D EGL_emulation: app_time_stats: avg=838.12ms min=0.97ms max=14216.92ms count=18
08-12 13:55:41.567   497  3386 I ImeTracker: com.android.launcher3:df9123ea: onRequestHide at ORIGIN_SERVER_HIDE_INPUT reason HIDE_UNSPECIFIED_WINDOW
08-12 13:55:41.568   497  3386 I ImeTracker: com.android.launcher3:df9123ea: onCancelled at PHASE_SERVER_SHOULD_HIDE
08-12 13:55:41.990   999   999 W FrameTracker: Missed App frame:UNKNOWN: 88, 24239, 36476704, CUJ=J<LAUNCHER_APP_CLOSE_TO_HOME>
08-12 13:55:41.990   999   999 W FrameTracker: Missed SF frame:UNKNOWN: 88, 24239, 36476704, CUJ=J<LAUNCHER_APP_CLOSE_TO_HOME>
08-12 13:55:41.990   999   999 W FrameTracker: Missed App frame:UNKNOWN: 88, 24254, 40690205, CUJ=J<LAUNCHER_APP_CLOSE_TO_HOME>
08-12 13:55:41.990   999   999 W FrameTracker: Missed SF frame:UNKNOWN: 88, 24254, 40690205, CUJ=J<LAUNCHER_APP_CLOSE_TO_HOME>
08-12 13:55:41.990   999   999 W FrameTracker: Missed App frame:UNKNOWN: 72, 24270, 0, CUJ=J<LAUNCHER_APP_CLOSE_TO_HOME>
08-12 13:55:41.990   999   999 W FrameTracker: Missing HWUI jank callback for vsyncId: 24270, CUJ=J<LAUNCHER_APP_CLOSE_TO_HOME>
08-12 13:55:41.990   999   999 W FrameTracker: Missed SF frame:UNKNOWN: 68, 24278, 0, CUJ=J<LAUNCHER_APP_CLOSE_TO_HOME>
08-12 13:55:41.990   999   999 W FrameTracker: Missing HWUI jank callback for vsyncId: 24278, CUJ=J<LAUNCHER_APP_CLOSE_TO_HOME>
08-12 13:55:41.990   999   999 W FrameTracker: Missed App frame:UNKNOWN: 76, 24293, 73650749, CUJ=J<LAUNCHER_APP_CLOSE_TO_HOME>
08-12 13:55:41.990   999   999 W FrameTracker: Missed SF frame:UNKNOWN: 76, 24293, 73650749, CUJ=J<LAUNCHER_APP_CLOSE_TO_HOME>
08-12 13:55:41.990   999   999 W FrameTracker: Missed App frame:UNKNOWN: 88, 24308, 83555333, CUJ=J<LAUNCHER_APP_CLOSE_TO_HOME>
08-12 13:55:41.990   999   999 W FrameTracker: Missed SF frame:UNKNOWN: 88, 24308, 83555333, CUJ=J<LAUNCHER_APP_CLOSE_TO_HOME>
08-12 13:55:41.990   999   999 W FrameTracker: Missed App frame:UNKNOWN: 88, 24331, 0, CUJ=J<LAUNCHER_APP_CLOSE_TO_HOME>
08-12 13:55:41.990   999   999 W FrameTracker: Missed SF frame:UNKNOWN: 88, 24331, 0, CUJ=J<LAUNCHER_APP_CLOSE_TO_HOME>
08-12 13:55:41.990   999   999 W FrameTracker: Missing HWUI jank callback for vsyncId: 24331, CUJ=J<LAUNCHER_APP_CLOSE_TO_HOME>
08-12 13:55:41.990   999   999 W FrameTracker: Missed App frame:UNKNOWN: 72, 24340, 0, CUJ=J<LAUNCHER_APP_CLOSE_TO_HOME>
08-12 13:55:41.990   999   999 W FrameTracker: Missing HWUI jank callback for vsyncId: 24340, CUJ=J<LAUNCHER_APP_CLOSE_TO_HOME>
08-12 13:55:41.990   999   999 W FrameTracker: Missed SF frame:UNKNOWN: 65, 24348, 66630504, CUJ=J<LAUNCHER_APP_CLOSE_TO_HOME>
08-12 13:55:41.990   999   999 W FrameTracker: Missed App frame:UNKNOWN: 73, 24356, 81433213, CUJ=J<LAUNCHER_APP_CLOSE_TO_HOME>
08-12 13:55:41.990   999   999 W FrameTracker: Missed SF frame:UNKNOWN: 73, 24356, 81433213, CUJ=J<LAUNCHER_APP_CLOSE_TO_HOME>
08-12 13:55:41.990   999   999 W FrameTracker: Missed App frame:UNKNOWN: 73, 24364, 97858922, CUJ=J<LAUNCHER_APP_CLOSE_TO_HOME>
08-12 13:55:41.990   999   999 W FrameTracker: Missed SF frame:UNKNOWN: 73, 24364, 97858922, CUJ=J<LAUNCHER_APP_CLOSE_TO_HOME>
08-12 13:55:41.990   999   999 W FrameTracker: Missed App frame:UNKNOWN: 74, 24373, 100331632, CUJ=J<LAUNCHER_APP_CLOSE_TO_HOME>
08-12 13:55:41.990   999   999 W FrameTracker: Missed SF frame:UNKNOWN: 74, 24373, 100331632, CUJ=J<LAUNCHER_APP_CLOSE_TO_HOME>
08-12 13:55:41.990   999   999 W FrameTracker: Missed App frame:UNKNOWN: 72, 24381, 120326924, CUJ=J<LAUNCHER_APP_CLOSE_TO_HOME>
08-12 13:55:41.990   999   999 W FrameTracker: Missed App frame:UNKNOWN: 88, 24390, 117332717, CUJ=J<LAUNCHER_APP_CLOSE_TO_HOME>
08-12 13:55:41.990   999   999 W FrameTracker: Missed SF frame:UNKNOWN: 88, 24390, 117332717, CUJ=J<LAUNCHER_APP_CLOSE_TO_HOME>
08-12 13:55:41.990   999  1628 V PerfettoTrigger: Not triggering com.android.telemetry.interaction-jank-monitor-9 - not enough time since last trigger
08-12 13:55:42.416   781   781 D StatusBarIconController: ignoring old pipeline callbacks, because the new mobile icons are enabled
08-12 13:55:42.670   770   770 I wpa_supplicant: wlan0: CTRL-EVENT-BEACON-LOSS 
08-12 13:55:42.909  2336  2337 I AidlLazyServiceRegistrar: Process has 0 (of 1 available) client(s) in use after notification artd has clients: 0
08-12 13:55:42.909  2336  2337 I AidlLazyServiceRegistrar: Trying to shut down the service. No clients in use for any service in process.
08-12 13:55:42.909  2336  2337 I AidlLazyServiceRegistrar: Unregistered all clients and exiting
08-12 13:55:46.470  2401  2416 D Benchmark: Saving profiles for process ProcessPid(processName=app.voltplan.cable, pid=4372)
08-12 13:55:46.470  2401  2416 D Benchmark: Profile Installer - Save Profile
08-12 13:55:46.481   497  3386 I ActivityManager: Broadcasting: Intent { act=androidx.profileinstaller.action.SAVE_PROFILE flg=0x400000 cmp=app.voltplan.cable/androidx.profileinstaller.ProfileInstallReceiver }
08-12 13:55:46.482  4372  4372 I Process : Sending signal. PID: 4372 SIG: 10
08-12 13:55:46.482  4372  4376 I .voltplan.cable: Thread[4,tid=4376,WaitingInMainSignalCatcherLoop,Thread*=0xb40000751ccddb20,peer=0x130801c8,"Signal Catcher"]: reacting to signal 10
08-12 13:55:46.482  4372  4376 I .voltplan.cable: 
08-12 13:55:46.482  4372  4376 I .voltplan.cable: SIGUSR1 forcing GC (no HPROF) and profile save
08-12 13:55:46.490  4372  4376 I .voltplan.cable: Explicit concurrent copying GC freed 9044(477KB) AllocSpace objects, 0(0B) LOS objects, 49% free, 3337KB/6673KB, paused 12us,4us total 7.268ms
08-12 13:55:46.492  4372  4372 D ProfileInstaller: 
08-12 13:55:46.493   497   514 I ActivityManager: Broadcast completed: result=12
08-12 13:55:47.499  2401  2416 D Benchmark: Flushed profiles in 1 processes
08-12 13:55:47.512  2401  2416 D Benchmark: Force-stopping process app.voltplan.cable
08-12 13:55:47.514  1417  3728 W MediaProvider: isAppCloneUserPair for user 0: false
08-12 13:55:47.538   497  3386 W InputManager-JNI: Input channel object '61a9c3c app.voltplan.cable/app.voltplan.cable.MainActivity (client)' was disposed without first being removed with the input manager!
08-12 13:55:47.547   988   988 D CarrierSvcBindHelper: onHandleForceStop: [app.voltplan.cable]
08-12 13:55:47.547   988   988 D CarrierSvcBindHelper: No carrier app for: 0
08-12 13:55:47.547   321   321 I Zygote  : Process 4372 exited due to signal 9 (Killed)
08-12 13:55:47.582  1417  1730 W MediaProvider: isAppCloneUserPair for user 0: false
08-12 13:55:47.636  4485  4485 I artd    : Starting artd
08-12 13:55:47.636  4485  4485 I AidlLazyServiceRegistrar: Registering service artd
08-12 13:55:47.637  4485  4486 I AidlLazyServiceRegistrar: Process has 1 (of 1 available) client(s) in use after notification artd has clients: 1
08-12 13:55:47.638  4485  4485 I artd    : Running profman: /apex/com.android.art/bin/art_exec --drop-capabilities --keep-fds=6:7 -- /apex/com.android.art/bin/profman --reference-profile-file-fd=6 --apk-fd=7
08-12 13:55:47.638  4485  4485 I artd    : Opened FDs: 6:/data/misc/profiles/ref/app.voltplan.cable/primary.prof 7:/data/app/~~-mpuLXeZSnDNNrW3IjkRQw==/app.voltplan.cable-KiXAS1AeXPQWvUiJPOPEJw==/base.apk 
08-12 13:55:47.776  4489  4489 W profman : profman took 130.158ms
08-12 13:55:47.777  4485  4485 I artd    : profman returned code 2
08-12 13:55:47.779  4485  4485 I artd    : Running profman: /apex/com.android.art/bin/art_exec --drop-capabilities --keep-fds=6:7:8 -- /apex/com.android.art/bin/profman --profile-file-fd=6 --reference-profile-file-fd=7 --apk-fd=8
08-12 13:55:47.779  4485  4485 I artd    : Opened FDs: 6:/data/misc/profiles/cur/0/app.voltplan.cable/primary.prof 7:/data/misc/profiles/ref/app.voltplan.cable/primary.prof.GqEuEJ.tmp 8:/data/app/~~-mpuLXeZSnDNNrW3IjkRQw==/app.voltplan.cable-KiXAS1AeXPQWvUiJPOPEJw==/base.apk 
08-12 13:55:47.917  4490  4490 W profman : profman took 129.642ms
08-12 13:55:47.918  4485  4485 I artd    : profman returned code 2
08-12 13:55:47.942  4485  4485 I artd    : Running dex2oat: /apex/com.android.art/bin/art_exec --drop-capabilities --set-task-profile=Dex2OatBootComplete --set-priority=background --keep-fds=6:7:8:9:10:11:12 -- /apex/com.android.art/bin/dex2oat64 --zip-fd=6 --zip-location=/data/app/~~-mpuLXeZSnDNNrW3IjkRQw==/app.voltplan.cable-KiXAS1AeXPQWvUiJPOPEJw==/base.apk --oat-fd=7 --oat-location=/data/app/~~-mpuLXeZSnDNNrW3IjkRQw==/app.voltplan.cable-KiXAS1AeXPQWvUiJPOPEJw==/oat/arm64/base.odex --output-vdex-fd=8 --app-image-fd=9 --image-format=lz4 --swap-fd=10 --class-loader-context=PCL[] --classpath-dir=/data/app/~~-mpuLXeZSnDNNrW3IjkRQw==/app.voltplan.cable-KiXAS1AeXPQWvUiJPOPEJw== --input-vdex-fd=11 --profile-file-fd=12 --instruction-set=arm64 --instruction-set-features=default --instruction-set-variant=generic --compiler-filter=speed-profile --compilation-reason=cmdline --compact-dex-level=none --max-image-block-size=524288 --resolve-startup-const-strings=true --generate-mini-debug-info --runtime-arg -Xtarget-sdk-version:35 --runtime-arg -Xhidden-api-policy:enabled --runtime-arg -Xms64m --runtime-arg -Xmx512m --comments=app-version-name:1.8.0,app-version-code:87,art-version:342090000
08-12 13:55:47.942  4485  4485 I artd    : Opened FDs: 6:/data/app/~~-mpuLXeZSnDNNrW3IjkRQw==/app.voltplan.cable-KiXAS1AeXPQWvUiJPOPEJw==/base.apk 7:/data/app/~~-mpuLXeZSnDNNrW3IjkRQw==/app.voltplan.cable-KiXAS1AeXPQWvUiJPOPEJw==/oat/arm64/base.odex.W2lRJF.tmp 8:/data/app/~~-mpuLXeZSnDNNrW3IjkRQw==/app.voltplan.cable-KiXAS1AeXPQWvUiJPOPEJw==/oat/arm64/base.vdex.CS9zTk.tmp 9:/data/app/~~-mpuLXeZSnDNNrW3IjkRQw==/app.voltplan.cable-KiXAS1AeXPQWvUiJPOPEJw==/oat/arm64/base.art.01GE5u.tmp 10:/data/app/~~-mpuLXeZSnDNNrW3IjkRQw==/app.voltplan.cable-KiXAS1AeXPQWvUiJPOPEJw==/oat/arm64/base.odex.swap.fPJzov.tmp 11:/data/app/~~-mpuLXeZSnDNNrW3IjkRQw==/app.voltplan.cable-KiXAS1AeXPQWvUiJPOPEJw==/oat/arm64/base.vdex 12:/data/misc/profiles/ref/app.voltplan.cable/primary.prof 
08-12 13:55:47.979  4491  4491 W dex2oat64: Mismatch between dex2oat instruction set features to use (ISA: Arm64 Feature string: a53,crc,-lse,-fp16,-dotprod,-sve) and those from CPP defines (ISA: Arm64 Feature string: -a53,-crc,-lse,-fp16,-dotprod,-sve) for the command line:
08-12 13:55:47.979  4491  4491 W dex2oat64: /apex/com.android.art/bin/dex2oat64 --zip-fd=6 --zip-location=/data/app/~~-mpuLXeZSnDNNrW3IjkRQw==/app.voltplan.cable-KiXAS1AeXPQWvUiJPOPEJw==/base.apk --oat-fd=7 --oat-location=/data/app/~~-mpuLXeZSnDNNrW3IjkRQw==/app.voltplan.cable-KiXAS1AeXPQWvUiJPOPEJw==/oat/arm64/base.odex --output-vdex-fd=8 --app-image-fd=9 --image-format=lz4 --swap-fd=10 --class-loader-context=PCL[] --classpath-dir=/data/app/~~-mpuLXeZSnDNNrW3IjkRQw==/app.voltplan.cable-KiXAS1AeXPQWvUiJPOPEJw== --input-vdex-fd=11 --profile-file-fd=12 --instruction-set=arm64 --instruction-set-features=default --instruction-set-variant=generic --compiler-filter=speed-profile --compilation-reason=cmdline --compact-dex-level=none --max-image-block-size=524288 --resolve-startup-const-strings=true --generate-mini-debug-info --runtime-arg -Xtarget-sdk-version:35 --runtime-arg -Xhidden-api-policy:enabled --runtime-arg -Xms64m --runtime-arg -Xmx512m --comments=app-version-name:1.8.0,app-version-code:87,art-version:342090000
08-12 13:55:47.981  4491  4491 I dex2oat64: /apex/com.android.art/bin/dex2oat64 --output-vdex-fd=8 --class-loader-context=PCL[] --classpath-dir=/data/app/~~-mpuLXeZSnDNNrW3IjkRQw==/app.voltplan.cable-KiXAS1AeXPQWvUiJPOPEJw== --input-vdex-fd=11 --profile-file-fd=12 --compiler-filter=speed-profile --compilation-reason=cmdline --compact-dex-level=none --max-image-block-size=524288 --resolve-startup-const-strings=true --generate-mini-debug-info --comments=app-version-name:1.8.0,app-version-code:87,art-version:342090000
08-12 13:55:48.012  4491  4491 I dex2oat64: Using CollectorTypeCC GC.
08-12 13:55:48.052  4491  4491 I dex2oat64: Large app, accepted running with swap.
08-12 13:55:48.296  4491  4491 W dex2oat64: Method boolean androidx.compose.runtime.snapshots.SnapshotStateList.conditionalUpdate(boolean, kotlin.jvm.functions.Function1) failed lock verification and will run slower.
08-12 13:55:48.296  4491  4491 W dex2oat64: Common causes for lock verification issues are non-optimized dex code
08-12 13:55:48.296  4491  4491 W dex2oat64: and incorrect proguard optimizations.
08-12 13:55:48.296  4491  4491 W dex2oat64: Method boolean androidx.compose.runtime.snapshots.SnapshotStateList.conditionalUpdate$default(androidx.compose.runtime.snapshots.SnapshotStateList, boolean, kotlin.jvm.functions.Function1, int, java.lang.Object) failed lock verification and will run slower.
08-12 13:55:48.296  4491  4491 W dex2oat64: Method java.lang.Object androidx.compose.runtime.snapshots.SnapshotStateList.mutate(kotlin.jvm.functions.Function1) failed lock verification and will run slower.
08-12 13:55:48.296  4491  4493 W dex2oat64: Method java.lang.Object androidx.compose.runtime.snapshots.SnapshotStateMap.mutate(kotlin.jvm.functions.Function1) failed lock verification and will run slower.
08-12 13:55:48.297  4491  4493 W dex2oat64: Method void androidx.compose.runtime.snapshots.SnapshotStateMap.update(kotlin.jvm.functions.Function1) failed lock verification and will run slower.
08-12 13:55:48.297  4491  4491 W dex2oat64: Method void androidx.compose.runtime.snapshots.SnapshotStateList.update(boolean, kotlin.jvm.functions.Function1) failed lock verification and will run slower.
08-12 13:55:48.297  4491  4491 W dex2oat64: Method void androidx.compose.runtime.snapshots.SnapshotStateList.update$default(androidx.compose.runtime.snapshots.SnapshotStateList, boolean, kotlin.jvm.functions.Function1, int, java.lang.Object) failed lock verification and will run slower.
08-12 13:55:48.297  4491  4493 W dex2oat64: Method boolean androidx.compose.runtime.snapshots.SnapshotStateMap.removeIf$runtime_release(kotlin.jvm.functions.Function1) failed lock verification and will run slower.
08-12 13:55:49.151  4491  4491 I dex2oat64: Explicit concurrent copying GC freed 87267(12MB) AllocSpace objects, 0(0B) LOS objects, 49% free, 1651KB/3303KB, paused 28us,1us total 3.315ms
08-12 13:55:49.311   781   781 D StatusBarIconController: ignoring old pipeline callback because the new wifi icon is enabled
08-12 13:55:49.312  4491  4491 I dex2oat64: dex2oat took 1.334s (2.244s cpu) (threads: 2) arena alloc=9164KB (9384560B) java alloc=1651KB (1691488B) native alloc=7081KB (7251520B) free=9314KB (9537792B) swap=16MB (16777216B)
08-12 13:55:49.318  4485  4485 I artd    : dex2oat returned code 0
08-12 13:55:49.322   497  3224 I ArtService: Dexopt result: [packageName = app.voltplan.cable] DexContainerFileDexoptResult{dexContainerFile=/data/app/~~-mpuLXeZSnDNNrW3IjkRQw==/app.voltplan.cable-KiXAS1AeXPQWvUiJPOPEJw==/base.apk, primaryAbi=true, abi=arm64-v8a, actualCompilerFilter=speed-profile, status=PERFORMED, dex2oatWallTimeMillis=1378, dex2oatCpuTimeMillis=2250, sizeBytes=54591728, sizeBeforeBytes=54591728}
08-12 13:55:49.340  1417  1728 W MediaProvider: isAppCloneUserPair for user 0: false
08-12 13:55:49.360  4485  4485 I artd    : Running profman: /apex/com.android.art/bin/art_exec --drop-capabilities --keep-fds=6:7 -- /apex/com.android.art/bin/profman --reference-profile-file-fd=6 --apk-fd=7
08-12 13:55:49.360  4485  4485 I artd    : Opened FDs: 6:/data/misc/profiles/ref/app.voltplan.cable/primary.prof 7:/data/app/~~-mpuLXeZSnDNNrW3IjkRQw==/app.voltplan.cable-KiXAS1AeXPQWvUiJPOPEJw==/base.apk 
08-12 13:55:49.496  4509  4509 W profman : profman took 127.939ms
08-12 13:55:49.496  4485  4485 I artd    : profman returned code 2
08-12 13:55:49.497  4485  4487 I artd    : Running profman: /apex/com.android.art/bin/art_exec --drop-capabilities --keep-fds=6:7:8:9 -- /apex/com.android.art/bin/profman --profile-file-fd=6 --profile-file-fd=7 --dump-output-to-fd=8 --apk-fd=9 --dump-classes-and-methods
08-12 13:55:49.497  4485  4487 I artd    : Opened FDs: 6:/data/misc/profiles/ref/app.voltplan.cable/primary.prof 7:/data/misc/profiles/cur/0/app.voltplan.cable/primary.prof 8:/data/misc/profiles/ref/app.voltplan.cable/primary.prof.pIyNFH.tmp 9:/data/app/~~-mpuLXeZSnDNNrW3IjkRQw==/app.voltplan.cable-KiXAS1AeXPQWvUiJPOPEJw==/base.apk 
08-12 13:55:49.665  4510  4510 W profman : profman took 159.869ms
08-12 13:55:49.666  4485  4487 I artd    : profman returned code 0
08-12 13:55:49.686  1417  2837 W MediaProvider: isAppCloneUserPair for user 0: false
08-12 13:55:49.760  1417  1728 I MediaProvider: Deleted 0 0 0 0 0 0 0 items on external_primary due to app.voltplan.cable.baselineprofile
08-12 13:55:49.898  2401  2416 D Benchmark: Profiles stable in iteration 3 (for 1 iterations)
08-12 13:55:49.898  2401  2416 D Benchmark: Killing package app.voltplan.cable
08-12 13:55:49.898  2401  2416 D Benchmark: Flushing ART profiles for app.voltplan.cable
08-12 13:55:50.866   770   770 I wpa_supplicant: wlan0: CTRL-EVENT-BEACON-LOSS 
08-12 13:55:52.321   781   781 D StatusBarIconController: ignoring old pipeline callback because the new wifi icon is enabled
08-12 13:55:52.415   781   781 D StatusBarIconController: ignoring old pipeline callbacks, because the new mobile icons are enabled
08-12 13:55:54.917  2401  2416 D Benchmark: Compile iteration (4) for app.voltplan.cable
08-12 13:55:54.918  2401  2416 D UiDevice: Pressing home button.
08-12 13:55:54.926   999   999 D TaplTarget: Launcher.onNewIntent: Intent { act=android.intent.action.MAIN cat=[android.intent.category.HOME] flg=0x10000100 cmp=com.android.launcher3/.uioverrides.QuickstepLauncher (has extras) }
08-12 13:55:54.928   781   809 D KeyguardService: setOccluded(false)
08-12 13:55:54.929   781   809 D KeyguardViewMediator: setOccluded(false)
08-12 13:55:54.929   781   781 D KeyguardViewMediator: handleSetOccluded(false)
08-12 13:55:54.930   781   781 I vol.VolumeDialogImpl: mDialog.dismiss() reason: volume_controller from: com.android.systemui.volume.VolumeDialogImpl$7.onDismissRequested:3
08-12 13:55:54.931   781   781 I vol.VolumeDialogImpl: mDialog.dismiss() reason: volume_controller from: com.android.systemui.volume.VolumeDialogImpl$7.onDismissRequested:3
08-12 13:55:54.931   781   781 D vol.VolumeDialogImpl: dismissH: skipping dismiss because isAnimatingDismiss is true and showingStateInconsistent is false
08-12 13:55:55.328   781   781 D StatusBarIconController: ignoring old pipeline callback because the new wifi icon is enabled
08-12 13:55:55.957  2401  2416 W InteractionController: Timed out waiting 1000ms for command and events.
08-12 13:55:55.970  2401  2416 D Benchmark: Starting activity with command: am start  -W "intent:#Intent;action=android.intent.action.MAIN;category=android.intent.category.LAUNCHER;launchFlags=0x10008000;package=app.voltplan.cable;component=app.voltplan.cable/.MainActivity;end"
08-12 13:55:55.971  1417  1730 W MediaProvider: isAppCloneUserPair for user 0: false
08-12 13:55:55.999   321   321 D Zygote  : Forked child process 4542
08-12 13:55:56.003   781   845 D SplashScreenView: Build android.window.SplashScreenView{6ae7fd8 V.E...... ......ID 0,0-0,0}
08-12 13:55:56.003   781   845 D SplashScreenView: Icon: view: android.widget.ImageView{c506f31 V.ED..... ......I. 0,0-0,0 #10204f0 android:id/splashscreen_icon_view} drawable: com.android.wm.shell.startingsurface.SplashscreenIconDrawableFactory$ImmobileIconDrawable@1067616 size: 504
08-12 13:55:56.003   781   845 D SplashScreenView: Branding: view: android.view.View{2bf2b97 G.ED..... ......I. 0,0-0,0 #10204ef android:id/splashscreen_branding_view} drawable: null size w: 0 h: 0
08-12 13:55:56.020   360   360 I BpBinder: onLastStrongRef automatically unlinking death recipients: 
08-12 13:55:56.032   781   856 E OpenGLRenderer: Unable to match the desired swap behavior.
08-12 13:55:56.042  4542  4542 I .voltplan.cable: Using CollectorTypeCC GC.
08-12 13:55:56.055   999  1515 D EGL_emulation: app_time_stats: avg=900.58ms min=1.13ms max=14116.73ms count=16
08-12 13:55:56.055   370   413 I adbd    : jdwp connection from 4542
08-12 13:55:56.065  4542  4542 D CompatibilityChangeReporter: Compat change id reported: 171979766; UID 10141; state: ENABLED
08-12 13:55:56.065  4542  4542 D CompatibilityChangeReporter: Compat change id reported: 242716250; UID 10141; state: ENABLED
08-12 13:55:56.076  4542  4542 D nativeloader: Configuring clns-6 for other apk /data/app/~~-mpuLXeZSnDNNrW3IjkRQw==/app.voltplan.cable-KiXAS1AeXPQWvUiJPOPEJw==/base.apk. target_sdk_version=35, uses_libraries=, library_path=/data/app/~~-mpuLXeZSnDNNrW3IjkRQw==/app.voltplan.cable-KiXAS1AeXPQWvUiJPOPEJw==/lib/arm64:/data/app/~~-mpuLXeZSnDNNrW3IjkRQw==/app.voltplan.cable-KiXAS1AeXPQWvUiJPOPEJw==/base.apk!/lib/arm64-v8a, permitted_path=/data:/mnt/expand:/data/user/0/app.voltplan.cable
08-12 13:55:56.082   781   856 D EGL_emulation: app_time_stats: avg=2081.13ms min=13.70ms max=13658.67ms count=7
08-12 13:55:56.084   781   856 D EGL_emulation: app_time_stats: avg=2913.71ms min=38.01ms max=14395.51ms count=5
08-12 13:55:56.097  4542  4542 V GraphicsEnvironment: Currently set values for:
08-12 13:55:56.098  4542  4542 V GraphicsEnvironment:   angle_gl_driver_selection_pkgs=[]
08-12 13:55:56.098  4542  4542 V GraphicsEnvironment:   angle_gl_driver_selection_values=[]
08-12 13:55:56.099  4542  4542 V GraphicsEnvironment: ANGLE GameManagerService for app.voltplan.cable: false
08-12 13:55:56.100  4542  4542 V GraphicsEnvironment: app.voltplan.cable is not listed in per-application setting
08-12 13:55:56.101  4542  4542 V GraphicsEnvironment: Neither updatable production driver nor prerelease driver is supported.
08-12 13:55:56.140  4542  4542 D CompatibilityChangeReporter: Compat change id reported: 237531167; UID 10141; state: DISABLED
08-12 13:55:56.143  4542  4542 W OpenGLRenderer: Unknown dataspace 0
08-12 13:55:56.150  4542  4570 D libEGL  : loaded /vendor/lib64/egl/libEGL_emulation.so
08-12 13:55:56.165   320  4572 I resolv  : GetAddrInfoHandler::run: {101 101 101 983141 10141 0}
08-12 13:55:56.169  4542  4542 W .voltplan.cable: Method boolean androidx.compose.runtime.snapshots.SnapshotStateList.conditionalUpdate(boolean, kotlin.jvm.functions.Function1) failed lock verification and will run slower.
08-12 13:55:56.169  4542  4542 W .voltplan.cable: Common causes for lock verification issues are non-optimized dex code
08-12 13:55:56.169  4542  4542 W .voltplan.cable: and incorrect proguard optimizations.
08-12 13:55:56.169  4542  4542 W .voltplan.cable: Method boolean androidx.compose.runtime.snapshots.SnapshotStateList.conditionalUpdate$default(androidx.compose.runtime.snapshots.SnapshotStateList, boolean, kotlin.jvm.functions.Function1, int, java.lang.Object) failed lock verification and will run slower.
08-12 13:55:56.169  4542  4542 W .voltplan.cable: Method java.lang.Object androidx.compose.runtime.snapshots.SnapshotStateList.mutate(kotlin.jvm.functions.Function1) failed lock verification and will run slower.
08-12 13:55:56.169  4542  4542 W .voltplan.cable: Method void androidx.compose.runtime.snapshots.SnapshotStateList.update(boolean, kotlin.jvm.functions.Function1) failed lock verification and will run slower.
08-12 13:55:56.169  4542  4542 W .voltplan.cable: Method void androidx.compose.runtime.snapshots.SnapshotStateList.update$default(androidx.compose.runtime.snapshots.SnapshotStateList, boolean, kotlin.jvm.functions.Function1, int, java.lang.Object) failed lock verification and will run slower.
08-12 13:55:56.170   320  4574 I resolv  : res_nmkquery: (QUERY, IN, A)
08-12 13:55:56.170   320  4574 I resolv  : resolv_cache_lookup: FOUND IN CACHE entry=0xb400006ee8c19190
08-12 13:55:56.170   320  4574 I resolv  : doQuery: rcode=0, ancount=1, return value=50
08-12 13:55:56.170   320  4573 I resolv  : res_nmkquery: (QUERY, IN, AAAA)
08-12 13:55:56.171   320  4573 I resolv  : resolv_cache_lookup: FOUND IN CACHE entry=0xb400006ec8c18a90
08-12 13:55:56.171   320  4573 I resolv  : doQuery: rcode=0, ancount=0, return value=99
08-12 13:55:56.177  4542  4570 D libEGL  : loaded /vendor/lib64/egl/libGLESv1_CM_emulation.so
08-12 13:55:56.179  4542  4570 D libEGL  : loaded /vendor/lib64/egl/libGLESv2_emulation.so
08-12 13:55:56.194  4542  4562 D TrafficStats: tagSocket(73) with statsTag=0xffffffff, statsUid=-1
08-12 13:55:56.211  4542  4542 D CompatibilityChangeReporter: Compat change id reported: 289878283; UID 10141; state: ENABLED
08-12 13:55:56.244  4542  4566 W OpenGLRenderer: Failed to choose config with EGL_SWAP_BEHAVIOR_PRESERVED, retrying without...
08-12 13:55:56.245  4542  4566 W OpenGLRenderer: Failed to initialize 101010-2 format, error = EGL_SUCCESS
08-12 13:55:56.295   131   131 I hwservicemanager: getTransport: Cannot find entry android.hardware.graphics.mapper@4.0::IMapper/default in either framework or device VINTF manifest.
08-12 13:55:56.295  4542  4566 I Gralloc4: mapper 4.x is not supported
08-12 13:55:56.301  4542  4566 E OpenGLRenderer: Unable to match the desired swap behavior.
08-12 13:55:56.372  4542  4568 D TrafficStats: tagSocket(91) with statsTag=0xffffffff, statsUid=-1
08-12 13:55:56.374   497   514 I ActivityTaskManager: Displayed app.voltplan.cable/.MainActivity for user 0: +380ms
08-12 13:55:56.402   497   884 I ImeTracker: app.voltplan.cable:15cb3f7a: onRequestHide at ORIGIN_SERVER_HIDE_INPUT reason HIDE_UNSPECIFIED_WINDOW
08-12 13:55:56.402   497   884 I ImeTracker: app.voltplan.cable:15cb3f7a: onCancelled at PHASE_SERVER_SHOULD_HIDE
08-12 13:55:56.427  2401  2416 D Benchmark: Result: Starting: Intent { act=android.intent.action.MAIN cat=[android.intent.category.LAUNCHER] flg=0x10008000 pkg=app.voltplan.cable cmp=app.voltplan.cable/.MainActivity }
08-12 13:55:56.427  2401  2416 D Benchmark: Status: ok
08-12 13:55:56.427  2401  2416 D Benchmark: LaunchState: COLD
08-12 13:55:56.427  2401  2416 D Benchmark: Activity: app.voltplan.cable/.MainActivity
08-12 13:55:56.427  2401  2416 D Benchmark: TotalTime: 380
08-12 13:55:56.427  2401  2416 D Benchmark: WaitTime: 388
08-12 13:55:56.427  2401  2416 D Benchmark: Complete
08-12 13:55:56.438   999  1090 I ImeTracker: com.android.launcher3:a0771fe7: onRequestHide at ORIGIN_CLIENT_HIDE_SOFT_INPUT reason HIDE_SOFT_INPUT
08-12 13:55:56.439   999  1090 I ImeTracker: com.android.launcher3:a0771fe7: onFailed at PHASE_CLIENT_VIEW_SERVED
08-12 13:55:56.489  1417  1730 W MediaProvider: isAppCloneUserPair for user 0: false
08-12 13:55:56.608  2401  2416 I System.out: 0 Flags,FrameTimelineVsyncId,IntendedVsync,Vsync,InputEventId,HandleInputStart,AnimationStart,PerformTraversalsStart,DrawStart,FrameDeadline,FrameInterval,FrameStartTime,SyncQueued,SyncStart,IssueDrawCommandsStart,SwapBuffers,FrameCompleted,DequeueBufferDuration,QueueBufferDuration,GpuCompleted,SwapBuffersCompleted,DisplayPresentTime,CommandSubmissionCompleted,
08-12 13:55:56.608  2401  2416 I System.out: 1 1,24742,252270334574,252287001240,0,252300170744,252300171369,252300181536,252452375952,252287001240,252300087911,16666666,252455852286,252475230077,252475722161,252511174077,252520562077,2416,173166,252520562077,252512328119,0,252511174077,
08-12 13:55:56.609  2401  2416 I System.out: 2 0,24772,252303667906,252520334564,0,252525416827,252525417286,252525727286,252525750786,252553667896,252522767744,16666666,252525887994,252531945661,252531998036,252533926744,252542134911,2292,192417,252542134911,252535159786,0,252533926744,
08-12 13:55:56.609  2401  2416 I System.out: 3 0,24976,252553667896,252553667896,0,252569069078,252569069536,252569871494,252569884869,252570334562,252569064744,16666666,252570016786,252570305411,252572843661,252586884953,252620464369,2125,100125,252620464369,252591291536,0,252586884953,
08-12 13:55:56.609  2401  2416 I System.out: 4 0,25080,252653667892,252653667892,0,252654973036,252654973536,252658826286,252663298453,252670334558,252654969911,16666666,252663896828,252684388994,252684885078,252709301328,0,1875,177417,0,252723391911,0,252709301328,
08-12 13:55:56.809   781   844 W WindowOnBackDispatcher: sendCancelIfRunning: isInProgress=falsecallback=android.view.ViewRootImpl$$ExternalSyntheticLambda17@4ebdda2
08-12 13:55:56.809   497   884 W InputManager-JNI: Input channel object '3c30dc7 Splash Screen app.voltplan.cable (client)' was disposed without first being removed with the input manager!
08-12 13:55:56.860   781   844 W FrameTracker: Missed App frame:JANK_APP_DEADLINE_MISSED, 24940, 33472223, CUJ=J<SPLASHSCREEN_EXIT_ANIM>
08-12 13:55:56.861   781   844 W FrameTracker: Missed App frame:UNKNOWN: 88, 24962, 0, CUJ=J<SPLASHSCREEN_EXIT_ANIM>
08-12 13:55:56.861   781   844 W FrameTracker: Missed SF frame:UNKNOWN: 88, 24962, 0, CUJ=J<SPLASHSCREEN_EXIT_ANIM>
08-12 13:55:56.861   781   844 W FrameTracker: Missing HWUI jank callback for vsyncId: 24962, CUJ=J<SPLASHSCREEN_EXIT_ANIM>
08-12 13:55:56.861   781   844 W FrameTracker: Missed App frame:UNKNOWN: 72, 24991, 73340557, CUJ=J<SPLASHSCREEN_EXIT_ANIM>
08-12 13:55:56.861   781   844 W FrameTracker: Missing HWUI jank callback for vsyncId: 25020, CUJ=J<SPLASHSCREEN_EXIT_ANIM>
08-12 13:55:56.861   781   844 W FrameTracker: Missed App frame:UNKNOWN: 88, 25044, 76288893, CUJ=J<SPLASHSCREEN_EXIT_ANIM>
08-12 13:55:56.861   781   844 W FrameTracker: Missed SF frame:UNKNOWN: 88, 25044, 76288893, CUJ=J<SPLASHSCREEN_EXIT_ANIM>
08-12 13:55:56.862   781   844 W FrameTracker: Missed App frame:UNKNOWN: 88, 25065, 100175352, CUJ=J<SPLASHSCREEN_EXIT_ANIM>
08-12 13:55:56.862   781   844 W FrameTracker: Missed SF frame:UNKNOWN: 88, 25065, 100175352, CUJ=J<SPLASHSCREEN_EXIT_ANIM>
08-12 13:55:56.862   781   844 W FrameTracker: Missed App frame:UNKNOWN: 88, 25097, 0, CUJ=J<SPLASHSCREEN_EXIT_ANIM>
08-12 13:55:56.862   781   844 W FrameTracker: Missed SF frame:UNKNOWN: 88, 25097, 0, CUJ=J<SPLASHSCREEN_EXIT_ANIM>
08-12 13:55:56.862   781   844 W FrameTracker: Missing HWUI jank callback for vsyncId: 25097, CUJ=J<SPLASHSCREEN_EXIT_ANIM>
08-12 13:55:56.862   781   844 W FrameTracker: Missed App frame:UNKNOWN: 88, 25112, 0, CUJ=J<SPLASHSCREEN_EXIT_ANIM>
08-12 13:55:56.862   781   844 W FrameTracker: Missed SF frame:UNKNOWN: 88, 25112, 0, CUJ=J<SPLASHSCREEN_EXIT_ANIM>
08-12 13:55:56.862   781   844 W FrameTracker: Missing HWUI jank callback for vsyncId: 25112, CUJ=J<SPLASHSCREEN_EXIT_ANIM>
08-12 13:55:56.862   781   844 W FrameTracker: Missed App frame:UNKNOWN: 72, 25128, 70576523, CUJ=J<SPLASHSCREEN_EXIT_ANIM>
08-12 13:55:56.862   781   844 W FrameTracker: Missed App frame:UNKNOWN: 73, 25136, 84136857, CUJ=J<SPLASHSCREEN_EXIT_ANIM>
08-12 13:55:56.862   781   844 W FrameTracker: Missed SF frame:UNKNOWN: 73, 25136, 84136857, CUJ=J<SPLASHSCREEN_EXIT_ANIM>
08-12 13:55:56.862   781   844 W FrameTracker: Missed App frame:UNKNOWN: 73, 25145, 83276817, CUJ=J<SPLASHSCREEN_EXIT_ANIM>
08-12 13:55:56.862   781   844 W FrameTracker: Missed SF frame:UNKNOWN: 73, 25145, 83276817, CUJ=J<SPLASHSCREEN_EXIT_ANIM>
08-12 13:55:56.862   781   844 W FrameTracker: Missed App frame:UNKNOWN: 74, 25153, 99809276, CUJ=J<SPLASHSCREEN_EXIT_ANIM>
08-12 13:55:56.862   781   844 W FrameTracker: Missed SF frame:UNKNOWN: 74, 25153, 99809276, CUJ=J<SPLASHSCREEN_EXIT_ANIM>
08-12 13:55:56.864   781   832 V PerfettoTrigger: Not triggering com.android.telemetry.interaction-jank-monitor-39 - not enough time since last trigger
08-12 13:55:57.096   781   856 D EGL_emulation: app_time_stats: avg=61.51ms min=5.95ms max=369.02ms count=16
08-12 13:55:57.359  2401  2416 D UiDevice: Waiting 10000ms for SearchCondition[hasObject=BySelector [PKG='\Qapp.voltplan.cable\E']].
08-12 13:55:57.359  2401  2416 D UiDevice: Searching for node with selector: BySelector [PKG='\Qapp.voltplan.cable\E'].
08-12 13:55:57.377  2401  2416 D UiDevice: Waiting 10000ms for SearchCondition[findObject=BySelector [DESC='\QAdd\E']].
08-12 13:55:57.377  2401  2416 D UiDevice: Retrieving node with selector: BySelector [DESC='\QAdd\E'].
08-12 13:55:57.976  2401  2416 D UiObject2: Clicking on (1006, 212).
