08-12 13:55:07.983  2401  2416 D UiDevice: Retrieving node with selector: BySelector [SCROLLABLE='true'].
08-12 13:55:07.990  2401  2416 D UiDevice: Node not found with selector: BySelector [SCROLLABLE='true'].
08-12 13:55:08.092  2401  2416 D UiDevice: Retrieving node with selector: BySelector [SCROLLABLE='true'].
08-12 13:55:08.100  2401  2416 D UiDevice: Node not found with selector: BySelector [SCROLLABLE='true'].
08-12 13:55:08.200  2401  2416 D UiDevice: Retrieving node with selector: BySelector [SCROLLABLE='true'].
08-12 13:55:08.205  2401  2416 D UiDevice: Node not found with selector: BySelector [SCROLLABLE='true'].
08-12 13:55:08.307  2401  2416 D UiDevice: Retrieving node with selector: BySelector [SCROLLABLE='true'].
08-12 13:55:08.312  2401  2416 D UiDevice: Node not found with selector: BySelector [SCROLLABLE='true'].
08-12 13:55:08.416  2401  2416 D UiDevice: Retrieving node with selector: BySelector [SCROLLABLE='true'].
08-12 13:55:08.420  2401  2416 D UiDevice: Node not found with selector: BySelector [SCROLLABLE='true'].
08-12 13:55:08.524  2401  2416 D UiDevice: Retrieving node with selector: BySelector [SCROLLABLE='true'].
08-12 13:55:08.531  2401  2416 D UiDevice: Node not found with selector: BySelector [SCROLLABLE='true'].
08-12 13:55:08.641  2401  2416 D UiDevice: Retrieving node with selector: BySelector [SCROLLABLE='true'].
08-12 13:55:08.646  2401  2416 D UiDevice: Node not found with selector: BySelector [SCROLLABLE='true'].
08-12 13:55:08.747  2401  2416 D UiDevice: Retrieving node with selector: BySelector [SCROLLABLE='true'].
08-12 13:55:08.752  2401  2416 D UiDevice: Node not found with selector: BySelector [SCROLLABLE='true'].
08-12 13:55:08.852  2401  2416 D UiDevice: Retrieving node with selector: BySelector [SCROLLABLE='true'].
08-12 13:55:08.858  2401  2416 D UiDevice: Node not found with selector: BySelector [SCROLLABLE='true'].
08-12 13:55:08.968  2401  2416 D UiDevice: Retrieving node with selector: BySelector [SCROLLABLE='true'].
08-12 13:55:08.973  2401  2416 D UiDevice: Node not found with selector: BySelector [SCROLLABLE='true'].
08-12 13:55:09.073  2401  2416 D UiDevice: Retrieving node with selector: BySelector [SCROLLABLE='true'].
08-12 13:55:09.078  2401  2416 D UiDevice: Node not found with selector: BySelector [SCROLLABLE='true'].
08-12 13:55:09.188  2401  2416 D UiDevice: Retrieving node with selector: BySelector [SCROLLABLE='true'].
08-12 13:55:09.193  2401  2416 D UiDevice: Node not found with selector: BySelector [SCROLLABLE='true'].
08-12 13:55:09.296  2401  2416 D UiDevice: Retrieving node with selector: BySelector [SCROLLABLE='true'].
08-12 13:55:09.303  2401  2416 D UiDevice: Node not found with selector: BySelector [SCROLLABLE='true'].
08-12 13:55:09.403  2401  2416 D UiDevice: Retrieving node with selector: BySelector [SCROLLABLE='true'].
08-12 13:55:09.409  2401  2416 D UiDevice: Node not found with selector: BySelector [SCROLLABLE='true'].
08-12 13:55:09.511  2401  2416 D UiDevice: Retrieving node with selector: BySelector [SCROLLABLE='true'].
08-12 13:55:09.516  2401  2416 D UiDevice: Node not found with selector: BySelector [SCROLLABLE='true'].
08-12 13:55:09.623  2401  2416 D UiDevice: Retrieving node with selector: BySelector [SCROLLABLE='true'].
08-12 13:55:09.628  2401  2416 D UiDevice: Node not found with selector: BySelector [SCROLLABLE='true'].
08-12 13:55:09.730  2401  2416 D UiDevice: Retrieving node with selector: BySelector [SCROLLABLE='true'].
08-12 13:55:09.735  2401  2416 D UiDevice: Node not found with selector: BySelector [SCROLLABLE='true'].
08-12 13:55:09.837  2401  2416 D UiDevice: Retrieving node with selector: BySelector [SCROLLABLE='true'].
08-12 13:55:09.842  2401  2416 D UiDevice: Node not found with selector: BySelector [SCROLLABLE='true'].
08-12 13:55:09.946  2401  2416 D UiDevice: Retrieving node with selector: BySelector [SCROLLABLE='true'].
08-12 13:55:09.953  2401  2416 D UiDevice: Node not found with selector: BySelector [SCROLLABLE='true'].
08-12 13:55:10.053  2401  2416 D UiDevice: Retrieving node with selector: BySelector [SCROLLABLE='true'].
08-12 13:55:10.059  2401  2416 D UiDevice: Node not found with selector: BySelector [SCROLLABLE='true'].
08-12 13:55:10.161  2401  2416 D UiDevice: Retrieving node with selector: BySelector [SCROLLABLE='true'].
08-12 13:55:10.168  2401  2416 D UiDevice: Node not found with selector: BySelector [SCROLLABLE='true'].
08-12 13:55:10.272  2401  2416 D UiDevice: Retrieving node with selector: BySelector [SCROLLABLE='true'].
08-12 13:55:10.277  2401  2416 D UiDevice: Node not found with selector: BySelector [SCROLLABLE='true'].
08-12 13:55:10.387  2401  2416 D UiDevice: Retrieving node with selector: BySelector [SCROLLABLE='true'].
08-12 13:55:10.393  2401  2416 D UiDevice: Node not found with selector: BySelector [SCROLLABLE='true'].
08-12 13:55:10.503  2401  2416 D UiDevice: Retrieving node with selector: BySelector [SCROLLABLE='true'].
08-12 13:55:10.509  2401  2416 D UiDevice: Node not found with selector: BySelector [SCROLLABLE='true'].
08-12 13:55:10.612  2401  2416 D UiDevice: Retrieving node with selector: BySelector [SCROLLABLE='true'].
08-12 13:55:10.618  2401  2416 D UiDevice: Node not found with selector: BySelector [SCROLLABLE='true'].
08-12 13:55:10.667   770   770 I wpa_supplicant: wlan0: CTRL-EVENT-BEACON-LOSS 
08-12 13:55:10.719  2401  2416 D UiDevice: Retrieving node with selector: BySelector [SCROLLABLE='true'].
08-12 13:55:10.724  2401  2416 D UiDevice: Node not found with selector: BySelector [SCROLLABLE='true'].
08-12 13:55:10.828  2401  2416 D UiDevice: Retrieving node with selector: BySelector [SCROLLABLE='true'].
08-12 13:55:10.833  2401  2416 D UiDevice: Node not found with selector: BySelector [SCROLLABLE='true'].
08-12 13:55:10.934  2401  2416 D UiDevice: Retrieving node with selector: BySelector [SCROLLABLE='true'].
08-12 13:55:10.939  2401  2416 D UiDevice: Node not found with selector: BySelector [SCROLLABLE='true'].
08-12 13:55:11.040  2401  2416 D UiDevice: Retrieving node with selector: BySelector [SCROLLABLE='true'].
08-12 13:55:11.045  2401  2416 D UiDevice: Node not found with selector: BySelector [SCROLLABLE='true'].
08-12 13:55:11.147  2401  2416 D UiDevice: Retrieving node with selector: BySelector [SCROLLABLE='true'].
08-12 13:55:11.153  2401  2416 D UiDevice: Node not found with selector: BySelector [SCROLLABLE='true'].
08-12 13:55:11.256  2401  2416 D UiDevice: Retrieving node with selector: BySelector [SCROLLABLE='true'].
08-12 13:55:11.262  2401  2416 D UiDevice: Node not found with selector: BySelector [SCROLLABLE='true'].
08-12 13:55:11.262  2401  2416 D UiDevice: Pressing home button.
08-12 13:55:11.279   999   999 D TaplTarget: Launcher.onNewIntent: Intent { act=android.intent.action.MAIN cat=[android.intent.category.HOME] flg=0x10400100 cmp=com.android.launcher3/.uioverrides.QuickstepLauncher (has extras) }
08-12 13:55:11.282   781   781 I vol.VolumeDialogImpl: mDialog.dismiss() reason: volume_controller from: com.android.systemui.volume.VolumeDialogImpl$7.onDismissRequested:3
08-12 13:55:11.285   781   781 I vol.VolumeDialogImpl: mDialog.dismiss() reason: volume_controller from: com.android.systemui.volume.VolumeDialogImpl$7.onDismissRequested:3
08-12 13:55:11.285   781   781 D vol.VolumeDialogImpl: dismissH: skipping dismiss because isAnimatingDismiss is true and showingStateInconsistent is false
08-12 13:55:11.286   360   360 I BpBinder: onLastStrongRef automatically unlinking death recipients: 
08-12 13:55:11.300   999  1515 E OpenGLRenderer: Unable to match the desired swap behavior.
08-12 13:55:11.345   781   856 D EGL_emulation: app_time_stats: avg=11324.86ms min=11324.86ms max=11324.86ms count=1
08-12 13:55:11.367   781   856 D EGL_emulation: app_time_stats: avg=922.12ms min=10.73ms max=14845.81ms count=17
08-12 13:55:11.402   497   563 I ImeTracker: com.android.launcher3:503ea797: onRequestHide at ORIGIN_SERVER_HIDE_INPUT reason HIDE_UNSPECIFIED_WINDOW
08-12 13:55:11.403   497   563 I ImeTracker: com.android.launcher3:503ea797: onCancelled at PHASE_SERVER_SHOULD_HIDE
08-12 13:55:11.772  2401  2416 D Benchmark: Flushing ART profiles for app.voltplan.cable
08-12 13:55:11.837   999   999 W FrameTracker: Missed App frame:UNKNOWN: 72, 20741, 48589900, CUJ=J<LAUNCHER_APP_CLOSE_TO_HOME>
08-12 13:55:11.837   999   999 W FrameTracker: Missed App frame:UNKNOWN: 76, 20756, 46105109, CUJ=J<LAUNCHER_APP_CLOSE_TO_HOME>
08-12 13:55:11.837   999   999 W FrameTracker: Missed SF frame:UNKNOWN: 76, 20756, 46105109, CUJ=J<LAUNCHER_APP_CLOSE_TO_HOME>
08-12 13:55:11.837   999   999 W FrameTracker: Missed App frame:UNKNOWN: 328, 20772, 0, CUJ=J<LAUNCHER_APP_CLOSE_TO_HOME>
08-12 13:55:11.837   999   999 W FrameTracker: Missing HWUI jank callback for vsyncId: 20772, CUJ=J<LAUNCHER_APP_CLOSE_TO_HOME>
08-12 13:55:11.837   999   999 W FrameTracker: Missed App frame:UNKNOWN: 328, 20787, 78860694, CUJ=J<LAUNCHER_APP_CLOSE_TO_HOME>
08-12 13:55:11.837   999   999 W FrameTracker: Missed App frame:UNKNOWN: 9, 20826, 0, CUJ=J<LAUNCHER_APP_CLOSE_TO_HOME>
08-12 13:55:11.837   999   999 W FrameTracker: Missed SF frame:UNKNOWN: 9, 20826, 0, CUJ=J<LAUNCHER_APP_CLOSE_TO_HOME>
08-12 13:55:11.837   999   999 W FrameTracker: Missing HWUI jank callback for vsyncId: 20826, CUJ=J<LAUNCHER_APP_CLOSE_TO_HOME>
08-12 13:55:11.837   999   999 W FrameTracker: Missed App frame:UNKNOWN: 73, 20834, 0, CUJ=J<LAUNCHER_APP_CLOSE_TO_HOME>
08-12 13:55:11.837   999   999 W FrameTracker: Missed SF frame:UNKNOWN: 73, 20834, 0, CUJ=J<LAUNCHER_APP_CLOSE_TO_HOME>
08-12 13:55:11.837   999   999 W FrameTracker: Missing HWUI jank callback for vsyncId: 20834, CUJ=J<LAUNCHER_APP_CLOSE_TO_HOME>
08-12 13:55:11.837   999   999 W FrameTracker: Missed App frame:UNKNOWN: 73, 20842, 80980367, CUJ=J<LAUNCHER_APP_CLOSE_TO_HOME>
08-12 13:55:11.837   999   999 W FrameTracker: Missed SF frame:UNKNOWN: 73, 20842, 80980367, CUJ=J<LAUNCHER_APP_CLOSE_TO_HOME>
08-12 13:55:11.837   999   999 W FrameTracker: Missed App frame:UNKNOWN: 88, 20850, 100313868, CUJ=J<LAUNCHER_APP_CLOSE_TO_HOME>
08-12 13:55:11.837   999   999 W FrameTracker: Missed SF frame:UNKNOWN: 88, 20850, 100313868, CUJ=J<LAUNCHER_APP_CLOSE_TO_HOME>
08-12 13:55:11.837   999   999 W FrameTracker: Missed App frame:UNKNOWN: 74, 20858, 117898118, CUJ=J<LAUNCHER_APP_CLOSE_TO_HOME>
08-12 13:55:11.837   999   999 W FrameTracker: Missed SF frame:UNKNOWN: 74, 20858, 117898118, CUJ=J<LAUNCHER_APP_CLOSE_TO_HOME>
08-12 13:55:11.837   999   999 W FrameTracker: Missed App frame:UNKNOWN: 74, 20867, 128331870, CUJ=J<LAUNCHER_APP_CLOSE_TO_HOME>
08-12 13:55:11.837   999   999 W FrameTracker: Missed SF frame:UNKNOWN: 74, 20867, 128331870, CUJ=J<LAUNCHER_APP_CLOSE_TO_HOME>
08-12 13:55:11.837   999   999 W FrameTracker: Missed App frame:UNKNOWN: 72, 20877, 105672955, CUJ=J<LAUNCHER_APP_CLOSE_TO_HOME>
08-12 13:55:11.837   999  1628 V PerfettoTrigger: Not triggering com.android.telemetry.interaction-jank-monitor-9 - not enough time since last trigger
08-12 13:55:12.415   781   781 D StatusBarIconController: ignoring old pipeline callbacks, because the new mobile icons are enabled
08-12 13:55:12.422   781   856 D EGL_emulation: app_time_stats: avg=215.17ms min=32.03ms max=886.50ms count=5
08-12 13:55:16.788  2401  2416 D Benchmark: Saving profiles for process ProcessPid(processName=app.voltplan.cable, pid=4207)
08-12 13:55:16.788  2401  2416 D Benchmark: Profile Installer - Save Profile
08-12 13:55:16.802   497  3713 I ActivityManager: Broadcasting: Intent { act=androidx.profileinstaller.action.SAVE_PROFILE flg=0x400000 cmp=app.voltplan.cable/androidx.profileinstaller.ProfileInstallReceiver }
08-12 13:55:16.804  4207  4207 I Process : Sending signal. PID: 4207 SIG: 10
08-12 13:55:16.804  4207  4211 I .voltplan.cable: Thread[4,tid=4211,WaitingInMainSignalCatcherLoop,Thread*=0xb40000751ccddb20,peer=0x130401c8,"Signal Catcher"]: reacting to signal 10
08-12 13:55:16.804  4207  4211 I .voltplan.cable: 
08-12 13:55:16.804  4207  4211 I .voltplan.cable: SIGUSR1 forcing GC (no HPROF) and profile save
08-12 13:55:16.806  4207  4207 D ProfileInstaller: 
08-12 13:55:16.811   497   514 I ActivityManager: Broadcast completed: result=12
08-12 13:55:16.812  4207  4211 I .voltplan.cable: Explicit concurrent copying GC freed 28187(1539KB) AllocSpace objects, 0(0B) LOS objects, 49% free, 3307KB/6614KB, paused 15us,4us total 7.872ms
08-12 13:55:17.814  2401  2416 D Benchmark: Flushed profiles in 1 processes
08-12 13:55:17.827  2401  2416 D Benchmark: Force-stopping process app.voltplan.cable
08-12 13:55:17.828  1417  1730 W MediaProvider: isAppCloneUserPair for user 0: false
08-12 13:55:17.850   497  3713 W InputManager-JNI: Input channel object 'fdb6af app.voltplan.cable/app.voltplan.cable.MainActivity (client)' was disposed without first being removed with the input manager!
08-12 13:55:17.862   988   988 D CarrierSvcBindHelper: onHandleForceStop: [app.voltplan.cable]
08-12 13:55:17.864   988   988 D CarrierSvcBindHelper: No carrier app for: 0
08-12 13:55:17.872   321   321 I Zygote  : Process 4207 exited due to signal 9 (Killed)
08-12 13:55:17.900  1417  1730 W MediaProvider: isAppCloneUserPair for user 0: false
08-12 13:55:17.921  2336  2337 I artd    : Running profman: /apex/com.android.art/bin/art_exec --drop-capabilities --keep-fds=6:7 -- /apex/com.android.art/bin/profman --reference-profile-file-fd=6 --apk-fd=7
08-12 13:55:17.921  2336  2337 I artd    : Opened FDs: 6:/data/misc/profiles/ref/app.voltplan.cable/primary.prof 7:/data/app/~~-mpuLXeZSnDNNrW3IjkRQw==/app.voltplan.cable-KiXAS1AeXPQWvUiJPOPEJw==/base.apk 
08-12 13:55:18.060  4319  4319 W profman : profman took 130.017ms
08-12 13:55:18.060  2336  2337 I artd    : profman returned code 2
08-12 13:55:18.062  2336  2337 I artd    : Running profman: /apex/com.android.art/bin/art_exec --drop-capabilities --keep-fds=6:7:8 -- /apex/com.android.art/bin/profman --profile-file-fd=6 --reference-profile-file-fd=7 --apk-fd=8
08-12 13:55:18.062  2336  2337 I artd    : Opened FDs: 6:/data/misc/profiles/cur/0/app.voltplan.cable/primary.prof 7:/data/misc/profiles/ref/app.voltplan.cable/primary.prof.69EdI3.tmp 8:/data/app/~~-mpuLXeZSnDNNrW3IjkRQw==/app.voltplan.cable-KiXAS1AeXPQWvUiJPOPEJw==/base.apk 
08-12 13:55:18.200  4320  4320 W profman : profman took 129.268ms
08-12 13:55:18.201  2336  2337 I artd    : profman returned code 2
08-12 13:55:18.205  2336  2337 I artd    : Running dex2oat: /apex/com.android.art/bin/art_exec --drop-capabilities --set-task-profile=Dex2OatBootComplete --set-priority=background --keep-fds=6:7:8:9:10:11:12 -- /apex/com.android.art/bin/dex2oat64 --zip-fd=6 --zip-location=/data/app/~~-mpuLXeZSnDNNrW3IjkRQw==/app.voltplan.cable-KiXAS1AeXPQWvUiJPOPEJw==/base.apk --oat-fd=7 --oat-location=/data/app/~~-mpuLXeZSnDNNrW3IjkRQw==/app.voltplan.cable-KiXAS1AeXPQWvUiJPOPEJw==/oat/arm64/base.odex --output-vdex-fd=8 --app-image-fd=9 --image-format=lz4 --swap-fd=10 --class-loader-context=PCL[] --classpath-dir=/data/app/~~-mpuLXeZSnDNNrW3IjkRQw==/app.voltplan.cable-KiXAS1AeXPQWvUiJPOPEJw== --input-vdex-fd=11 --profile-file-fd=12 --instruction-set=arm64 --instruction-set-features=default --instruction-set-variant=generic --compiler-filter=speed-profile --compilation-reason=cmdline --compact-dex-level=none --max-image-block-size=524288 --resolve-startup-const-strings=true --generate-mini-debug-info --runtime-arg -Xtarget-sdk-version:35 --runtime-arg -Xhidden-api-policy:enabled --runtime-arg -Xms64m --runtime-arg -Xmx512m --comments=app-version-name:1.8.0,app-version-code:87,art-version:342090000
08-12 13:55:18.205  2336  2337 I artd    : Opened FDs: 6:/data/app/~~-mpuLXeZSnDNNrW3IjkRQw==/app.voltplan.cable-KiXAS1AeXPQWvUiJPOPEJw==/base.apk 7:/data/app/~~-mpuLXeZSnDNNrW3IjkRQw==/app.voltplan.cable-KiXAS1AeXPQWvUiJPOPEJw==/oat/arm64/base.odex.5bRbST.tmp 8:/data/app/~~-mpuLXeZSnDNNrW3IjkRQw==/app.voltplan.cable-KiXAS1AeXPQWvUiJPOPEJw==/oat/arm64/base.vdex.mMbzIo.tmp 9:/data/app/~~-mpuLXeZSnDNNrW3IjkRQw==/app.voltplan.cable-KiXAS1AeXPQWvUiJPOPEJw==/oat/arm64/base.art.PybmG5.tmp 10:/data/app/~~-mpuLXeZSnDNNrW3IjkRQw==/app.voltplan.cable-KiXAS1AeXPQWvUiJPOPEJw==/oat/arm64/base.odex.swap.rGThDC.tmp 11:/data/app/~~-mpuLXeZSnDNNrW3IjkRQw==/app.voltplan.cable-KiXAS1AeXPQWvUiJPOPEJw==/oat/arm64/base.vdex 12:/data/misc/profiles/ref/app.voltplan.cable/primary.prof 
08-12 13:55:18.237  4321  4321 W dex2oat64: Mismatch between dex2oat instruction set features to use (ISA: Arm64 Feature string: a53,crc,-lse,-fp16,-dotprod,-sve) and those from CPP defines (ISA: Arm64 Feature string: -a53,-crc,-lse,-fp16,-dotprod,-sve) for the command line:
08-12 13:55:18.237  4321  4321 W dex2oat64: /apex/com.android.art/bin/dex2oat64 --zip-fd=6 --zip-location=/data/app/~~-mpuLXeZSnDNNrW3IjkRQw==/app.voltplan.cable-KiXAS1AeXPQWvUiJPOPEJw==/base.apk --oat-fd=7 --oat-location=/data/app/~~-mpuLXeZSnDNNrW3IjkRQw==/app.voltplan.cable-KiXAS1AeXPQWvUiJPOPEJw==/oat/arm64/base.odex --output-vdex-fd=8 --app-image-fd=9 --image-format=lz4 --swap-fd=10 --class-loader-context=PCL[] --classpath-dir=/data/app/~~-mpuLXeZSnDNNrW3IjkRQw==/app.voltplan.cable-KiXAS1AeXPQWvUiJPOPEJw== --input-vdex-fd=11 --profile-file-fd=12 --instruction-set=arm64 --instruction-set-features=default --instruction-set-variant=generic --compiler-filter=speed-profile --compilation-reason=cmdline --compact-dex-level=none --max-image-block-size=524288 --resolve-startup-const-strings=true --generate-mini-debug-info --runtime-arg -Xtarget-sdk-version:35 --runtime-arg -Xhidden-api-policy:enabled --runtime-arg -Xms64m --runtime-arg -Xmx512m --comments=app-version-name:1.8.0,app-version-code:87,art-version:342090000
08-12 13:55:18.239  4321  4321 I dex2oat64: /apex/com.android.art/bin/dex2oat64 --output-vdex-fd=8 --class-loader-context=PCL[] --classpath-dir=/data/app/~~-mpuLXeZSnDNNrW3IjkRQw==/app.voltplan.cable-KiXAS1AeXPQWvUiJPOPEJw== --input-vdex-fd=11 --profile-file-fd=12 --compiler-filter=speed-profile --compilation-reason=cmdline --compact-dex-level=none --max-image-block-size=524288 --resolve-startup-const-strings=true --generate-mini-debug-info --comments=app-version-name:1.8.0,app-version-code:87,art-version:342090000
08-12 13:55:18.271  4321  4321 I dex2oat64: Using CollectorTypeCC GC.
08-12 13:55:18.310  4321  4321 I dex2oat64: Large app, accepted running with swap.
08-12 13:55:18.562  4321  4323 W dex2oat64: Method boolean androidx.compose.runtime.snapshots.SnapshotStateList.conditionalUpdate(boolean, kotlin.jvm.functions.Function1) failed lock verification and will run slower.
08-12 13:55:18.562  4321  4323 W dex2oat64: Common causes for lock verification issues are non-optimized dex code
08-12 13:55:18.562  4321  4323 W dex2oat64: and incorrect proguard optimizations.
08-12 13:55:18.563  4321  4323 W dex2oat64: Method boolean androidx.compose.runtime.snapshots.SnapshotStateList.conditionalUpdate$default(androidx.compose.runtime.snapshots.SnapshotStateList, boolean, kotlin.jvm.functions.Function1, int, java.lang.Object) failed lock verification and will run slower.
08-12 13:55:18.563  4321  4323 W dex2oat64: Method java.lang.Object androidx.compose.runtime.snapshots.SnapshotStateList.mutate(kotlin.jvm.functions.Function1) failed lock verification and will run slower.
08-12 13:55:18.563  4321  4323 W dex2oat64: Method void androidx.compose.runtime.snapshots.SnapshotStateList.update(boolean, kotlin.jvm.functions.Function1) failed lock verification and will run slower.
08-12 13:55:18.563  4321  4323 W dex2oat64: Method void androidx.compose.runtime.snapshots.SnapshotStateList.update$default(androidx.compose.runtime.snapshots.SnapshotStateList, boolean, kotlin.jvm.functions.Function1, int, java.lang.Object) failed lock verification and will run slower.
08-12 13:55:18.563  4321  4321 W dex2oat64: Method java.lang.Object androidx.compose.runtime.snapshots.SnapshotStateMap.mutate(kotlin.jvm.functions.Function1) failed lock verification and will run slower.
08-12 13:55:18.563  4321  4321 W dex2oat64: Method void androidx.compose.runtime.snapshots.SnapshotStateMap.update(kotlin.jvm.functions.Function1) failed lock verification and will run slower.
08-12 13:55:18.564  4321  4321 W dex2oat64: Method boolean androidx.compose.runtime.snapshots.SnapshotStateMap.removeIf$runtime_release(kotlin.jvm.functions.Function1) failed lock verification and will run slower.
08-12 13:55:18.857   770   770 I wpa_supplicant: wlan0: CTRL-EVENT-BEACON-LOSS 
08-12 13:55:19.249   781   781 D StatusBarIconController: ignoring old pipeline callback because the new wifi icon is enabled
08-12 13:55:19.448  4321  4321 I dex2oat64: Explicit concurrent copying GC freed 87277(12MB) AllocSpace objects, 0(0B) LOS objects, 49% free, 1651KB/3303KB, paused 31us,1us total 3.451ms
08-12 13:55:19.607  4321  4321 I dex2oat64: dex2oat took 1.371s (2.302s cpu) (threads: 2) arena alloc=9262KB (9484504B) java alloc=1651KB (1691488B) native alloc=7081KB (7251616B) free=9247KB (9469232B) swap=16MB (16777216B)
08-12 13:55:19.612  2336  2337 I artd    : dex2oat returned code 0
08-12 13:55:19.617   497  2226 I ArtService: Dexopt result: [packageName = app.voltplan.cable] DexContainerFileDexoptResult{dexContainerFile=/data/app/~~-mpuLXeZSnDNNrW3IjkRQw==/app.voltplan.cable-KiXAS1AeXPQWvUiJPOPEJw==/base.apk, primaryAbi=true, abi=arm64-v8a, actualCompilerFilter=speed-profile, status=PERFORMED, dex2oatWallTimeMillis=1413, dex2oatCpuTimeMillis=2310, sizeBytes=54591728, sizeBeforeBytes=54591728}
08-12 13:55:19.635  1417  1730 W MediaProvider: isAppCloneUserPair for user 0: false
08-12 13:55:19.655  2336  2337 I artd    : Running profman: /apex/com.android.art/bin/art_exec --drop-capabilities --keep-fds=6:7 -- /apex/com.android.art/bin/profman --reference-profile-file-fd=6 --apk-fd=7
08-12 13:55:19.655  2336  2337 I artd    : Opened FDs: 6:/data/misc/profiles/ref/app.voltplan.cable/primary.prof 7:/data/app/~~-mpuLXeZSnDNNrW3IjkRQw==/app.voltplan.cable-KiXAS1AeXPQWvUiJPOPEJw==/base.apk 
08-12 13:55:19.793  4339  4339 W profman : profman took 129.812ms
08-12 13:55:19.793  2336  2337 I artd    : profman returned code 2
08-12 13:55:19.794  2336  2337 I artd    : Running profman: /apex/com.android.art/bin/art_exec --drop-capabilities --keep-fds=6:7:8:9 -- /apex/com.android.art/bin/profman --profile-file-fd=6 --profile-file-fd=7 --dump-output-to-fd=8 --apk-fd=9 --dump-classes-and-methods
08-12 13:55:19.794  2336  2337 I artd    : Opened FDs: 6:/data/misc/profiles/ref/app.voltplan.cable/primary.prof 7:/data/misc/profiles/cur/0/app.voltplan.cable/primary.prof 8:/data/misc/profiles/ref/app.voltplan.cable/primary.prof.dytUwX.tmp 9:/data/app/~~-mpuLXeZSnDNNrW3IjkRQw==/app.voltplan.cable-KiXAS1AeXPQWvUiJPOPEJw==/base.apk 
08-12 13:55:19.964  4340  4340 W profman : profman took 161.725ms
08-12 13:55:19.965  2336  2337 I artd    : profman returned code 0
08-12 13:55:19.985  1417  3728 W MediaProvider: isAppCloneUserPair for user 0: false
08-12 13:55:20.048  1417  2837 I MediaProvider: Deleted 0 0 0 0 0 0 0 items on external_primary due to app.voltplan.cable.baselineprofile
08-12 13:55:20.146  2401  2416 D Benchmark: Unstable profiles during iteration 2
08-12 13:55:20.146  2401  2416 D Benchmark: Killing package app.voltplan.cable
08-12 13:55:20.146  2401  2416 D Benchmark: Flushing ART profiles for app.voltplan.cable
08-12 13:55:22.258   781   781 D StatusBarIconController: ignoring old pipeline callback because the new wifi icon is enabled
08-12 13:55:22.414   781   781 D StatusBarIconController: ignoring old pipeline callbacks, because the new mobile icons are enabled
08-12 13:55:25.164  2401  2416 D Benchmark: Compile iteration (3) for app.voltplan.cable
08-12 13:55:25.164  2401  2416 D UiDevice: Pressing home button.
08-12 13:55:25.175   999   999 D TaplTarget: Launcher.onNewIntent: Intent { act=android.intent.action.MAIN cat=[android.intent.category.HOME] flg=0x10000100 cmp=com.android.launcher3/.uioverrides.QuickstepLauncher (has extras) }
08-12 13:55:25.176   781  2209 D KeyguardService: setOccluded(false)
08-12 13:55:25.176   781  2209 D KeyguardViewMediator: setOccluded(false)
08-12 13:55:25.177   781   781 D KeyguardViewMediator: handleSetOccluded(false)
08-12 13:55:25.178   781   781 I vol.VolumeDialogImpl: mDialog.dismiss() reason: volume_controller from: com.android.systemui.volume.VolumeDialogImpl$7.onDismissRequested:3
08-12 13:55:25.180   781   781 I vol.VolumeDialogImpl: mDialog.dismiss() reason: volume_controller from: com.android.systemui.volume.VolumeDialogImpl$7.onDismissRequested:3
08-12 13:55:25.180   781   781 D vol.VolumeDialogImpl: dismissH: skipping dismiss because isAnimatingDismiss is true and showingStateInconsistent is false
08-12 13:55:25.259   781   781 D StatusBarIconController: ignoring old pipeline callback because the new wifi icon is enabled
08-12 13:55:26.206  2401  2416 W InteractionController: Timed out waiting 1000ms for command and events.
08-12 13:55:26.218  2401  2416 D Benchmark: Starting activity with command: am start  -W "intent:#Intent;action=android.intent.action.MAIN;category=android.intent.category.LAUNCHER;launchFlags=0x10008000;package=app.voltplan.cable;component=app.voltplan.cable/.MainActivity;end"
08-12 13:55:26.219  1417  2479 W MediaProvider: isAppCloneUserPair for user 0: false
08-12 13:55:26.247   781   845 D SplashScreenView: Build android.window.SplashScreenView{761b328 V.E...... ......ID 0,0-0,0}
08-12 13:55:26.247   781   845 D SplashScreenView: Icon: view: android.widget.ImageView{21fa841 V.ED..... ......I. 0,0-0,0 #10204f0 android:id/splashscreen_icon_view} drawable: com.android.wm.shell.startingsurface.SplashscreenIconDrawableFactory$ImmobileIconDrawable@4a1e6 size: 504
08-12 13:55:26.247   781   845 D SplashScreenView: Branding: view: android.view.View{9313327 G.ED..... ......I. 0,0-0,0 #10204ef android:id/splashscreen_branding_view} drawable: null size w: 0 h: 0
08-12 13:55:26.252   321   321 D Zygote  : Forked child process 4372
08-12 13:55:26.284   781   856 E OpenGLRenderer: Unable to match the desired swap behavior.
08-12 13:55:26.287   360   360 I BpBinder: onLastStrongRef automatically unlinking death recipients: 
08-12 13:55:26.296  4372  4372 I .voltplan.cable: Using CollectorTypeCC GC.
08-12 13:55:26.323   999  1515 D EGL_emulation: app_time_stats: avg=1059.39ms min=0.56ms max=14557.15ms count=14
08-12 13:55:26.349   370   413 I adbd    : jdwp connection from 4372
08-12 13:55:26.351   781   856 D EGL_emulation: app_time_stats: avg=13929.56ms min=13929.56ms max=13929.56ms count=1
08-12 13:55:26.372   781   856 D EGL_emulation: app_time_stats: avg=3751.22ms min=37.47ms max=14849.62ms count=4
08-12 13:55:26.378  4372  4372 D CompatibilityChangeReporter: Compat change id reported: 171979766; UID 10141; state: ENABLED
08-12 13:55:26.378  4372  4372 D CompatibilityChangeReporter: Compat change id reported: 242716250; UID 10141; state: ENABLED
08-12 13:55:26.400  4372  4372 D nativeloader: Configuring clns-6 for other apk /data/app/~~-mpuLXeZSnDNNrW3IjkRQw==/app.voltplan.cable-KiXAS1AeXPQWvUiJPOPEJw==/base.apk. target_sdk_version=35, uses_libraries=, library_path=/data/app/~~-mpuLXeZSnDNNrW3IjkRQw==/app.voltplan.cable-KiXAS1AeXPQWvUiJPOPEJw==/lib/arm64:/data/app/~~-mpuLXeZSnDNNrW3IjkRQw==/app.voltplan.cable-KiXAS1AeXPQWvUiJPOPEJw==/base.apk!/lib/arm64-v8a, permitted_path=/data:/mnt/expand:/data/user/0/app.voltplan.cable
08-12 13:55:26.425  4372  4372 V GraphicsEnvironment: Currently set values for:
08-12 13:55:26.425  4372  4372 V GraphicsEnvironment:   angle_gl_driver_selection_pkgs=[]
08-12 13:55:26.425  4372  4372 V GraphicsEnvironment:   angle_gl_driver_selection_values=[]
08-12 13:55:26.425  4372  4372 V GraphicsEnvironment: ANGLE GameManagerService for app.voltplan.cable: false
08-12 13:55:26.426  4372  4372 V GraphicsEnvironment: app.voltplan.cable is not listed in per-application setting
08-12 13:55:26.426  4372  4372 V GraphicsEnvironment: Neither updatable production driver nor prerelease driver is supported.
08-12 13:55:26.464   320  4397 I resolv  : GetAddrInfoHandler::run: {101 101 101 983141 10141 0}
08-12 13:55:26.464  4372  4372 D CompatibilityChangeReporter: Compat change id reported: 237531167; UID 10141; state: DISABLED
08-12 13:55:26.465   320  4398 I resolv  : res_nmkquery: (QUERY, IN, AAAA)
08-12 13:55:26.465   320  4398 I resolv  : resolv_cache_lookup: FOUND IN CACHE entry=0xb400006ec8c18a90
08-12 13:55:26.465   320  4398 I resolv  : doQuery: rcode=0, ancount=0, return value=99
08-12 13:55:26.467  4372  4372 W OpenGLRenderer: Unknown dataspace 0
08-12 13:55:26.469   320  4399 I resolv  : res_nmkquery: (QUERY, IN, A)
08-12 13:55:26.470   320  4399 I resolv  : resolv_cache_lookup: FOUND IN CACHE entry=0xb400006ee8c19190
08-12 13:55:26.470   320  4399 I resolv  : doQuery: rcode=0, ancount=1, return value=50
08-12 13:55:26.471  4372  4393 D TrafficStats: tagSocket(72) with statsTag=0xffffffff, statsUid=-1
08-12 13:55:26.478  4372  4400 D libEGL  : loaded /vendor/lib64/egl/libEGL_emulation.so
08-12 13:55:26.480  4372  4400 D libEGL  : loaded /vendor/lib64/egl/libGLESv1_CM_emulation.so
08-12 13:55:26.482  4372  4400 D libEGL  : loaded /vendor/lib64/egl/libGLESv2_emulation.so
08-12 13:55:26.491  4372  4372 W .voltplan.cable: Method boolean androidx.compose.runtime.snapshots.SnapshotStateList.conditionalUpdate(boolean, kotlin.jvm.functions.Function1) failed lock verification and will run slower.
08-12 13:55:26.491  4372  4372 W .voltplan.cable: Common causes for lock verification issues are non-optimized dex code
08-12 13:55:26.491  4372  4372 W .voltplan.cable: and incorrect proguard optimizations.
08-12 13:55:26.491  4372  4372 W .voltplan.cable: Method boolean androidx.compose.runtime.snapshots.SnapshotStateList.conditionalUpdate$default(androidx.compose.runtime.snapshots.SnapshotStateList, boolean, kotlin.jvm.functions.Function1, int, java.lang.Object) failed lock verification and will run slower.
08-12 13:55:26.491  4372  4372 W .voltplan.cable: Method java.lang.Object androidx.compose.runtime.snapshots.SnapshotStateList.mutate(kotlin.jvm.functions.Function1) failed lock verification and will run slower.
08-12 13:55:26.491  4372  4372 W .voltplan.cable: Method void androidx.compose.runtime.snapshots.SnapshotStateList.update(boolean, kotlin.jvm.functions.Function1) failed lock verification and will run slower.
08-12 13:55:26.492  4372  4372 W .voltplan.cable: Method void androidx.compose.runtime.snapshots.SnapshotStateList.update$default(androidx.compose.runtime.snapshots.SnapshotStateList, boolean, kotlin.jvm.functions.Function1, int, java.lang.Object) failed lock verification and will run slower.
08-12 13:55:26.519  4372  4372 D CompatibilityChangeReporter: Compat change id reported: 289878283; UID 10141; state: ENABLED
08-12 13:55:26.548  4372  4394 W OpenGLRenderer: Failed to choose config with EGL_SWAP_BEHAVIOR_PRESERVED, retrying without...
08-12 13:55:26.554  4372  4394 W OpenGLRenderer: Failed to initialize 101010-2 format, error = EGL_SUCCESS
08-12 13:55:26.595   131   131 I hwservicemanager: getTransport: Cannot find entry android.hardware.graphics.mapper@4.0::IMapper/default in either framework or device VINTF manifest.
08-12 13:55:26.595  4372  4394 I Gralloc4: mapper 4.x is not supported
08-12 13:55:26.600  4372  4394 E OpenGLRenderer: Unable to match the desired swap behavior.
08-12 13:55:26.687   999  1090 I ImeTracker: com.android.launcher3:6406eb87: onRequestHide at ORIGIN_CLIENT_HIDE_SOFT_INPUT reason HIDE_SOFT_INPUT
08-12 13:55:26.688   497   857 I ImeTracker: com.android.launcher3:6406eb87: onCancelled at PHASE_SERVER_SHOULD_HIDE
08-12 13:55:26.688  4372  4389 D TrafficStats: tagSocket(94) with statsTag=0xffffffff, statsUid=-1
08-12 13:55:26.695   497   514 I ActivityTaskManager: Displayed app.voltplan.cable/.MainActivity for user 0: +453ms
08-12 13:55:26.759  2401  2416 D Benchmark: Result: Starting: Intent { act=android.intent.action.MAIN cat=[android.intent.category.LAUNCHER] flg=0x10008000 pkg=app.voltplan.cable cmp=app.voltplan.cable/.MainActivity }
08-12 13:55:26.759  2401  2416 D Benchmark: Status: ok
08-12 13:55:26.759  2401  2416 D Benchmark: LaunchState: COLD
08-12 13:55:26.759  2401  2416 D Benchmark: Activity: app.voltplan.cable/.MainActivity
08-12 13:55:26.759  2401  2416 D Benchmark: TotalTime: 453
08-12 13:55:26.759  2401  2416 D Benchmark: WaitTime: 456
08-12 13:55:26.759  2401  2416 D Benchmark: Complete
08-12 13:55:26.764   497   857 I ImeTracker: app.voltplan.cable:f2d46ae3: onRequestHide at ORIGIN_SERVER_HIDE_INPUT reason HIDE_UNSPECIFIED_WINDOW
08-12 13:55:26.764   497   857 I ImeTracker: app.voltplan.cable:f2d46ae3: onCancelled at PHASE_SERVER_SHOULD_HIDE
08-12 13:55:26.793   770   770 I wpa_supplicant: wlan0: CTRL-EVENT-BEACON-LOSS 
08-12 13:55:26.819  1417  2479 W MediaProvider: isAppCloneUserPair for user 0: false
08-12 13:55:26.919  2401  2416 I System.out: 0 Flags,FrameTimelineVsyncId,IntendedVsync,Vsync,InputEventId,HandleInputStart,AnimationStart,PerformTraversalsStart,DrawStart,FrameDeadline,FrameInterval,FrameStartTime,SyncQueued,SyncStart,IssueDrawCommandsStart,SwapBuffers,FrameCompleted,DequeueBufferDuration,QueueBufferDuration,GpuCompleted,SwapBuffersCompleted,DisplayPresentTime,CommandSubmissionCompleted,
08-12 13:55:26.919  2401  2416 I System.out: 1 1,21275,222587002428,222620335760,0,222629380813,222629381022,222629391188,222751855938,222603669094,222629374355,16666666,222754109397,222779953772,222782081772,222819996230,222837158438,1542,89083,222837158438,222821627730,0,222819996230,
08-12 13:55:26.919  2401  2416 I System.out: 2 0,21313,222637002426,222820335752,0,222826099022,222826099272,222826372813,222826401605,222870335750,222825514397,16666666,222826538147,222826554730,222826923355,222848385188,222857729438,2125,184000,222857729438,222849321188,0,222848385188,
08-12 13:55:26.919  2401  2416 I System.out: 3 0,21472,222853669084,222853669084,0,222868477772,222868478063,222871002605,222875362688,222870335750,222868473855,16666666,222875888105,222913726563,222917888522,223015749147,1297036727059284055,1375,96667,0,223016416730,72057628414509145,223015749147,
08-12 13:55:27.107   781   844 W WindowOnBackDispatcher: sendCancelIfRunning: isInProgress=falsecallback=android.view.ViewRootImpl$$ExternalSyntheticLambda17@5e01e79
08-12 13:55:27.108   497  1646 W InputManager-JNI: Input channel object '33cbd86 Splash Screen app.voltplan.cable (client)' was disposed without first being removed with the input manager!
08-12 13:55:27.157   781   844 W FrameTracker: Missed App frame:UNKNOWN: 24, 21458, 32317271, CUJ=J<SPLASHSCREEN_EXIT_ANIM>
08-12 13:55:27.158   781   844 W FrameTracker: Missed SF frame:UNKNOWN: 24, 21458, 32317271, CUJ=J<SPLASHSCREEN_EXIT_ANIM>
08-12 13:55:27.158   781   844 W FrameTracker: Missed App frame:UNKNOWN: 88, 21487, 0, CUJ=J<SPLASHSCREEN_EXIT_ANIM>
08-12 13:55:27.159   781   844 W FrameTracker: Missed SF frame:UNKNOWN: 88, 21487, 0, CUJ=J<SPLASHSCREEN_EXIT_ANIM>
08-12 13:55:27.159   781   844 W FrameTracker: Missing HWUI jank callback for vsyncId: 21487, CUJ=J<SPLASHSCREEN_EXIT_ANIM>
08-12 13:55:27.159   781   844 W FrameTracker: Missed App frame:UNKNOWN: 88, 21509, 0, CUJ=J<SPLASHSCREEN_EXIT_ANIM>
08-12 13:55:27.159   781   844 W FrameTracker: Missed SF frame:UNKNOWN: 88, 21509, 0, CUJ=J<SPLASHSCREEN_EXIT_ANIM>
08-12 13:55:27.159   781   844 W FrameTracker: Missing HWUI jank callback for vsyncId: 21509, CUJ=J<SPLASHSCREEN_EXIT_ANIM>
08-12 13:55:27.159   781   844 W FrameTracker: Missed App frame:UNKNOWN: 88, 21531, 74409481, CUJ=J<SPLASHSCREEN_EXIT_ANIM>
08-12 13:55:27.160   781   844 W FrameTracker: Missed SF frame:UNKNOWN: 88, 21531, 74409481, CUJ=J<SPLASHSCREEN_EXIT_ANIM>
08-12 13:55:27.160   781   844 W FrameTracker: Missed App frame:UNKNOWN: 88, 21553, 0, CUJ=J<SPLASHSCREEN_EXIT_ANIM>
08-12 13:55:27.160   781   844 W FrameTracker: Missed SF frame:UNKNOWN: 88, 21553, 0, CUJ=J<SPLASHSCREEN_EXIT_ANIM>
08-12 13:55:27.160   781   844 W FrameTracker: Missing HWUI jank callback for vsyncId: 21553, CUJ=J<SPLASHSCREEN_EXIT_ANIM>
08-12 13:55:27.160   781   844 W FrameTracker: Missed App frame:UNKNOWN: 72, 21569, 101182275, CUJ=J<SPLASHSCREEN_EXIT_ANIM>
08-12 13:55:27.160   781   844 W FrameTracker: Missed App frame:UNKNOWN: 88, 21599, 116193151, CUJ=J<SPLASHSCREEN_EXIT_ANIM>
08-12 13:55:27.160   781   844 W FrameTracker: Missed SF frame:UNKNOWN: 88, 21599, 116193151, CUJ=J<SPLASHSCREEN_EXIT_ANIM>
08-12 13:55:27.160   781   844 W FrameTracker: Missed App frame:UNKNOWN: 88, 21608, 0, CUJ=J<SPLASHSCREEN_EXIT_ANIM>
08-12 13:55:27.160   781   844 W FrameTracker: Missed SF frame:UNKNOWN: 88, 21608, 0, CUJ=J<SPLASHSCREEN_EXIT_ANIM>
08-12 13:55:27.160   781   844 W FrameTracker: Missing HWUI jank callback for vsyncId: 21608, CUJ=J<SPLASHSCREEN_EXIT_ANIM>
08-12 13:55:27.160   781   844 W FrameTracker: Missed App frame:UNKNOWN: 88, 21634, 0, CUJ=J<SPLASHSCREEN_EXIT_ANIM>
08-12 13:55:27.160   781   844 W FrameTracker: Missed SF frame:UNKNOWN: 88, 21634, 0, CUJ=J<SPLASHSCREEN_EXIT_ANIM>
08-12 13:55:27.160   781   844 W FrameTracker: Missing HWUI jank callback for vsyncId: 21634, CUJ=J<SPLASHSCREEN_EXIT_ANIM>
08-12 13:55:27.160   781   844 W FrameTracker: Missed App frame:UNKNOWN: 88, 21649, 75535157, CUJ=J<SPLASHSCREEN_EXIT_ANIM>
08-12 13:55:27.160   781   844 W FrameTracker: Missed SF frame:UNKNOWN: 88, 21649, 75535157, CUJ=J<SPLASHSCREEN_EXIT_ANIM>
08-12 13:55:27.160   781   844 W FrameTracker: Missed App frame:UNKNOWN: 72, 21657, 88139533, CUJ=J<SPLASHSCREEN_EXIT_ANIM>
08-12 13:55:27.161   781   832 V PerfettoTrigger: Not triggering com.android.telemetry.interaction-jank-monitor-39 - not enough time since last trigger
08-12 13:55:27.363   781   856 D EGL_emulation: app_time_stats: avg=72.25ms min=14.58ms max=317.14ms count=14
08-12 13:55:27.638  2401  2416 D UiDevice: Waiting 10000ms for SearchCondition[hasObject=BySelector [PKG='\Qapp.voltplan.cable\E']].
08-12 13:55:27.638  2401  2416 D UiDevice: Searching for node with selector: BySelector [PKG='\Qapp.voltplan.cable\E'].
08-12 13:55:27.664  2401  2416 D UiDevice: Waiting 10000ms for SearchCondition[findObject=BySelector [DESC='\QAdd\E']].
08-12 13:55:27.664  2401  2416 D UiDevice: Retrieving node with selector: BySelector [DESC='\QAdd\E'].
08-12 13:55:28.266  2401  2416 D UiObject2: Clicking on (1006, 212).
08-12 13:55:28.266  2401  2416 W UiObject2: Clicking on non-clickable object: android.view.accessibility.AccessibilityNodeInfo@858f; boundsInParent: Rect(0, 0 - 0, 0); boundsInScreen: Rect(975, 181 - 1038, 244); boundsInWindow: Rect(975, 181 - 1038, 244); packageName: app.voltplan.cable; className: android.view.View; text: null; error: null; maxTextLength: -1; stateDescription: null; contentDescription: Add; tooltipText: null; containerTitle: null; viewIdResName: null; uniqueId: null; checkable: false; checked: false; focusable: false; focused: false; selected: false; clickable: false; longClickable: false; contextClickable: false; enabled: true; password: false; scrollable: false; importantForAccessibility: true; visible: true; actions: [AccessibilityAction: ACTION_NEXT_AT_MOVEMENT_GRANULARITY - null, AccessibilityAction: ACTION_PREVIOUS_AT_MOVEMENT_GRANULARITY - null, AccessibilityAction: ACTION_ACCESSIBILITY_FOCUS - null, AccessibilityAction: ACTION_SET_SELECTION - null]; isTextSelectable: false
08-12 13:55:28.288  4372  4372 W WindowOnBackDispatcher: OnBackInvokedCallback is not enabled for the application.
08-12 13:55:28.288  4372  4372 W WindowOnBackDispatcher: Set 'android:enableOnBackInvokedCallback="true"' in the application manifest.
08-12 13:55:28.301  4372  4394 D EGL_emulation: app_time_stats: avg=407.49ms min=27.71ms max=789.39ms count=4
08-12 13:55:28.303  2401  2416 W GestureController: Gestures took longer than expected (36ms >> 16ms), device might be in a busy state.
08-12 13:55:28.888  2401  2416 D UiDevice: Waiting 10000ms for SearchCondition[findObject=BySelector [TEXT='\QOverview\E']].
08-12 13:55:28.888  2401  2416 D UiDevice: Retrieving node with selector: BySelector [TEXT='\QOverview\E'].
08-12 13:55:28.931  2401  2416 D UiObject2: Clicking on (127, 2211).
08-12 13:55:28.931  2401  2416 W UiObject2: Clicking on non-clickable object: android.view.accessibility.AccessibilityNodeInfo@8f5e; boundsInParent: Rect(0, 0 - 0, 0); boundsInScreen: Rect(58, 2190 - 197, 2232); boundsInWindow: Rect(58, 2190 - 197, 2232); packageName: app.voltplan.cable; className: android.widget.TextView; text: Overview; error: null; maxTextLength: -1; stateDescription: null; contentDescription: null; tooltipText: null; containerTitle: null; viewIdResName: null; uniqueId: null; checkable: false; checked: false; focusable: false; focused: false; selected: false; clickable: false; longClickable: false; contextClickable: false; enabled: true; password: false; scrollable: false; importantForAccessibility: true; visible: true; actions: [AccessibilityAction: ACTION_NEXT_AT_MOVEMENT_GRANULARITY - null, AccessibilityAction: ACTION_PREVIOUS_AT_MOVEMENT_GRANULARITY - null, AccessibilityAction: ACTION_ACCESSIBILITY_FOCUS - null, AccessibilityAction: ACTION_SET_SELECTION - null]; isTextSelectable: false
08-12 13:55:28.962  2401  2416 W GestureController: Gestures took longer than expected (32ms >> 16ms), device might be in a busy state.
08-12 13:55:29.311  4372  4394 D EGL_emulation: app_time_stats: avg=10.41ms min=7.00ms max=27.79ms count=58
08-12 13:55:29.556  2401  2416 D UiDevice: Waiting 10000ms for SearchCondition[findObject=BySelector [TEXT='\QComponents\E']].
08-12 13:55:29.556  2401  2416 D UiDevice: Retrieving node with selector: BySelector [TEXT='\QComponents\E'].
08-12 13:55:29.585  2401  2416 D UiObject2: Clicking on (402, 2211).
08-12 13:55:29.585  2401  2416 W UiObject2: Clicking on non-clickable object: android.view.accessibility.AccessibilityNodeInfo@9075; boundsInParent: Rect(0, 0 - 0, 0); boundsInScreen: Rect(307, 2190 - 498, 2232); boundsInWindow: Rect(307, 2190 - 498, 2232); packageName: app.voltplan.cable; className: android.widget.TextView; text: Components; error: null; maxTextLength: -1; stateDescription: null; contentDescription: null; tooltipText: null; containerTitle: null; viewIdResName: null; uniqueId: null; checkable: false; checked: false; focusable: false; focused: false; selected: false; clickable: false; longClickable: false; contextClickable: false; enabled: true; password: false; scrollable: false; importantForAccessibility: true; visible: true; actions: [AccessibilityAction: ACTION_NEXT_AT_MOVEMENT_GRANULARITY - null, AccessibilityAction: ACTION_PREVIOUS_AT_MOVEMENT_GRANULARITY - null, AccessibilityAction: ACTION_ACCESSIBILITY_FOCUS - null, AccessibilityAction: ACTION_SET_SELECTION - null]; isTextSelectable: false
08-12 13:55:29.638  2401  2416 W GestureController: Gestures took longer than expected (52ms >> 16ms), device might be in a busy state.
08-12 13:55:30.108  2401  2416 D UiDevice: Waiting 10000ms for SearchCondition[findObject=BySelector [TEXT='\QBatteries\E']].
08-12 13:55:30.109  2401  2416 D UiDevice: Retrieving node with selector: BySelector [TEXT='\QBatteries\E'].
08-12 13:55:30.135  2401  2416 D UiObject2: Clicking on (677, 2211).
08-12 13:55:30.136  2401  2416 W UiObject2: Clicking on non-clickable object: android.view.accessibility.AccessibilityNodeInfo@918c; boundsInParent: Rect(0, 0 - 0, 0); boundsInScreen: Rect(608, 2190 - 747, 2232); boundsInWindow: Rect(608, 2190 - 747, 2232); packageName: app.voltplan.cable; className: android.widget.TextView; text: Batteries; error: null; maxTextLength: -1; stateDescription: null; contentDescription: null; tooltipText: null; containerTitle: null; viewIdResName: null; uniqueId: null; checkable: false; checked: false; focusable: false; focused: false; selected: false; clickable: false; longClickable: false; contextClickable: false; enabled: true; password: false; scrollable: false; importantForAccessibility: true; visible: true; actions: [AccessibilityAction: ACTION_NEXT_AT_MOVEMENT_GRANULARITY - null, AccessibilityAction: ACTION_PREVIOUS_AT_MOVEMENT_GRANULARITY - null, AccessibilityAction: ACTION_ACCESSIBILITY_FOCUS - null, AccessibilityAction: ACTION_SET_SELECTION - null]; isTextSelectable: false
08-12 13:55:30.187  2401  2416 W GestureController: Gestures took longer than expected (51ms >> 16ms), device might be in a busy state.
08-12 13:55:30.314  4372  4394 D EGL_emulation: app_time_stats: avg=11.97ms min=7.22ms max=36.21ms count=57
08-12 13:55:30.756  2401  2416 D UiDevice: Waiting 10000ms for SearchCondition[findObject=BySelector [TEXT='\QChargers\E']].
08-12 13:55:30.756  2401  2416 D UiDevice: Retrieving node with selector: BySelector [TEXT='\QChargers\E'].
08-12 13:55:30.793  2401  2416 D UiObject2: Clicking on (952, 2211).
08-12 13:55:30.793  2401  2416 W UiObject2: Clicking on non-clickable object: android.view.accessibility.AccessibilityNodeInfo@92a3; boundsInParent: Rect(0, 0 - 0, 0); boundsInScreen: Rect(883, 2190 - 1022, 2232); boundsInWindow: Rect(883, 2190 - 1022, 2232); packageName: app.voltplan.cable; className: android.widget.TextView; text: Chargers; error: null; maxTextLength: -1; stateDescription: null; contentDescription: null; tooltipText: null; containerTitle: null; viewIdResName: null; uniqueId: null; checkable: false; checked: false; focusable: false; focused: false; selected: false; clickable: false; longClickable: false; contextClickable: false; enabled: true; password: false; scrollable: false; importantForAccessibility: true; visible: true; actions: [AccessibilityAction: ACTION_NEXT_AT_MOVEMENT_GRANULARITY - null, AccessibilityAction: ACTION_PREVIOUS_AT_MOVEMENT_GRANULARITY - null, AccessibilityAction: ACTION_ACCESSIBILITY_FOCUS - null, AccessibilityAction: ACTION_SET_SELECTION - null]; isTextSelectable: false
08-12 13:55:30.829  2401  2416 W GestureController: Gestures took longer than expected (35ms >> 16ms), device might be in a busy state.
08-12 13:55:31.330  4372  4394 D EGL_emulation: app_time_stats: avg=10.98ms min=7.60ms max=25.54ms count=56
08-12 13:55:31.407  2401  2416 D UiDevice: Waiting 10000ms for SearchCondition[findObject=BySelector [SCROLLABLE='true']].
08-12 13:55:31.407  2401  2416 D UiDevice: Retrieving node with selector: BySelector [SCROLLABLE='true'].
08-12 13:55:31.428  2401  2416 D UiDevice: Node not found with selector: BySelector [SCROLLABLE='true'].
08-12 13:55:31.530  2401  2416 D UiDevice: Retrieving node with selector: BySelector [SCROLLABLE='true'].
08-12 13:55:31.542  2401  2416 D UiDevice: Node not found with selector: BySelector [SCROLLABLE='true'].
08-12 13:55:31.587  4372  4444 D ProfileInstaller: Skipping profile installation for app.voltplan.cable
08-12 13:55:31.643  2401  2416 D UiDevice: Retrieving node with selector: BySelector [SCROLLABLE='true'].
08-12 13:55:31.654  2401  2416 D UiDevice: Node not found with selector: BySelector [SCROLLABLE='true'].
08-12 13:55:31.755  2401  2416 D UiDevice: Retrieving node with selector: BySelector [SCROLLABLE='true'].
08-12 13:55:31.760  2401  2416 D UiDevice: Node not found with selector: BySelector [SCROLLABLE='true'].
08-12 13:55:31.862  2401  2416 D UiDevice: Retrieving node with selector: BySelector [SCROLLABLE='true'].
08-12 13:55:31.868  2401  2416 D UiDevice: Node not found with selector: BySelector [SCROLLABLE='true'].
08-12 13:55:31.973  2401  2416 D UiDevice: Retrieving node with selector: BySelector [SCROLLABLE='true'].
08-12 13:55:31.979  2401  2416 D UiDevice: Node not found with selector: BySelector [SCROLLABLE='true'].
08-12 13:55:32.083  2401  2416 D UiDevice: Retrieving node with selector: BySelector [SCROLLABLE='true'].
08-12 13:55:32.088  2401  2416 D UiDevice: Node not found with selector: BySelector [SCROLLABLE='true'].
08-12 13:55:32.190  2401  2416 D UiDevice: Retrieving node with selector: BySelector [SCROLLABLE='true'].
08-12 13:55:32.195  2401  2416 D UiDevice: Node not found with selector: BySelector [SCROLLABLE='true'].
08-12 13:55:32.305  2401  2416 D UiDevice: Retrieving node with selector: BySelector [SCROLLABLE='true'].
08-12 13:55:32.310  2401  2416 D UiDevice: Node not found with selector: BySelector [SCROLLABLE='true'].
08-12 13:55:32.414  2401  2416 D UiDevice: Retrieving node with selector: BySelector [SCROLLABLE='true'].
08-12 13:55:32.418   781   781 D StatusBarIconController: ignoring old pipeline callbacks, because the new mobile icons are enabled
08-12 13:55:32.421  2401  2416 D UiDevice: Node not found with selector: BySelector [SCROLLABLE='true'].
08-12 13:55:32.526  2401  2416 D UiDevice: Retrieving node with selector: BySelector [SCROLLABLE='true'].
08-12 13:55:32.533  2401  2416 D UiDevice: Node not found with selector: BySelector [SCROLLABLE='true'].
08-12 13:55:32.637  2401  2416 D UiDevice: Retrieving node with selector: BySelector [SCROLLABLE='true'].
08-12 13:55:32.643  2401  2416 D UiDevice: Node not found with selector: BySelector [SCROLLABLE='true'].
08-12 13:55:32.744  2401  2416 D UiDevice: Retrieving node with selector: BySelector [SCROLLABLE='true'].
08-12 13:55:32.750  2401  2416 D UiDevice: Node not found with selector: BySelector [SCROLLABLE='true'].
08-12 13:55:32.856  2401  2416 D UiDevice: Retrieving node with selector: BySelector [SCROLLABLE='true'].
08-12 13:55:32.861  2401  2416 D UiDevice: Node not found with selector: BySelector [SCROLLABLE='true'].
08-12 13:55:32.970  2401  2416 D UiDevice: Retrieving node with selector: BySelector [SCROLLABLE='true'].
08-12 13:55:32.977  2401  2416 D UiDevice: Node not found with selector: BySelector [SCROLLABLE='true'].
08-12 13:55:33.078  2401  2416 D UiDevice: Retrieving node with selector: BySelector [SCROLLABLE='true'].
08-12 13:55:33.084  2401  2416 D UiDevice: Node not found with selector: BySelector [SCROLLABLE='true'].
08-12 13:55:33.194  2401  2416 D UiDevice: Retrieving node with selector: BySelector [SCROLLABLE='true'].
08-12 13:55:33.199  2401  2416 D UiDevice: Node not found with selector: BySelector [SCROLLABLE='true'].
