08-12 13:54:24.356  2401  2416 I TestRunner: started: generate(app.voltplan.cable.baselineprofile.BaselineProfileGenerator)
08-12 13:54:24.358  2401  2416 D UiDevice: Turning on screen.
08-12 13:54:24.370  2401  2416 D Benchmark: No processes for name app.voltplan.cable, skipping kill
08-12 13:54:24.370  2401  2416 D Benchmark: Resetting compiled state for app.voltplan.cable for stable profiles.
08-12 13:54:24.370  2401  2416 D Benchmark: Clearing ART profiles for app.voltplan.cable
08-12 13:54:24.370  2401  2416 D Benchmark: Resetting profiles for app.voltplan.cable
08-12 13:54:24.371  1417  2837 W MediaProvider: isAppCloneUserPair for user 0: false
08-12 13:54:24.400  2336  2337 I artd    : Running dex2oat: /apex/com.android.art/bin/art_exec --drop-capabilities --set-task-profile=Dex2OatBootComplete --set-priority=background --keep-fds=6:7:8:9:10 -- /apex/com.android.art/bin/dex2oat64 --zip-fd=6 --zip-location=/data/app/~~-mpuLXeZSnDNNrW3IjkRQw==/app.voltplan.cable-KiXAS1AeXPQWvUiJPOPEJw==/base.apk --oat-fd=7 --oat-location=/data/app/~~-mpuLXeZSnDNNrW3IjkRQw==/app.voltplan.cable-KiXAS1AeXPQWvUiJPOPEJw==/oat/arm64/base.odex --output-vdex-fd=8 --swap-fd=9 --class-loader-context=PCL[] --classpath-dir=/data/app/~~-mpuLXeZSnDNNrW3IjkRQw==/app.voltplan.cable-KiXAS1AeXPQWvUiJPOPEJw== --input-vdex-fd=10 --instruction-set=arm64 --instruction-set-features=default --instruction-set-variant=generic --compiler-filter=verify --compilation-reason=cmdline --compact-dex-level=none --max-image-block-size=524288 --resolve-startup-const-strings=true --generate-mini-debug-info --runtime-arg -Xtarget-sdk-version:35 --runtime-arg -Xhidden-api-policy:enabled --runtime-arg -Xms64m --runtime-arg -Xmx512m --comments=app-version-name:1.8.0,app-version-code:87,art-version:342090000
08-12 13:54:24.400  2336  2337 I artd    : Opened FDs: 6:/data/app/~~-mpuLXeZSnDNNrW3IjkRQw==/app.voltplan.cable-KiXAS1AeXPQWvUiJPOPEJw==/base.apk 7:/data/app/~~-mpuLXeZSnDNNrW3IjkRQw==/app.voltplan.cable-KiXAS1AeXPQWvUiJPOPEJw==/oat/arm64/base.odex.8ymfE5.tmp 8:/data/app/~~-mpuLXeZSnDNNrW3IjkRQw==/app.voltplan.cable-KiXAS1AeXPQWvUiJPOPEJw==/oat/arm64/base.vdex.F4yoep.tmp 9:/data/app/~~-mpuLXeZSnDNNrW3IjkRQw==/app.voltplan.cable-KiXAS1AeXPQWvUiJPOPEJw==/oat/arm64/base.odex.swap.EiM9fQ.tmp 10:/data/app/~~-mpuLXeZSnDNNrW3IjkRQw==/app.voltplan.cable-KiXAS1AeXPQWvUiJPOPEJw==/oat/arm64/base.vdex 
08-12 13:54:24.437  3952  3952 W dex2oat64: Mismatch between dex2oat instruction set features to use (ISA: Arm64 Feature string: a53,crc,-lse,-fp16,-dotprod,-sve) and those from CPP defines (ISA: Arm64 Feature string: -a53,-crc,-lse,-fp16,-dotprod,-sve) for the command line:
08-12 13:54:24.437  3952  3952 W dex2oat64: /apex/com.android.art/bin/dex2oat64 --zip-fd=6 --zip-location=/data/app/~~-mpuLXeZSnDNNrW3IjkRQw==/app.voltplan.cable-KiXAS1AeXPQWvUiJPOPEJw==/base.apk --oat-fd=7 --oat-location=/data/app/~~-mpuLXeZSnDNNrW3IjkRQw==/app.voltplan.cable-KiXAS1AeXPQWvUiJPOPEJw==/oat/arm64/base.odex --output-vdex-fd=8 --swap-fd=9 --class-loader-context=PCL[] --classpath-dir=/data/app/~~-mpuLXeZSnDNNrW3IjkRQw==/app.voltplan.cable-KiXAS1AeXPQWvUiJPOPEJw== --input-vdex-fd=10 --instruction-set=arm64 --instruction-set-features=default --instruction-set-variant=generic --compiler-filter=verify --compilation-reason=cmdline --compact-dex-level=none --max-image-block-size=524288 --resolve-startup-const-strings=true --generate-mini-debug-info --runtime-arg -Xtarget-sdk-version:35 --runtime-arg -Xhidden-api-policy:enabled --runtime-arg -Xms64m --runtime-arg -Xmx512m --comments=app-version-name:1.8.0,app-version-code:87,art-version:342090000
08-12 13:54:24.437  3952  3952 I dex2oat64: /apex/com.android.art/bin/dex2oat64 --output-vdex-fd=8 --class-loader-context=PCL[] --classpath-dir=/data/app/~~-mpuLXeZSnDNNrW3IjkRQw==/app.voltplan.cable-KiXAS1AeXPQWvUiJPOPEJw== --input-vdex-fd=10 --compiler-filter=verify --compilation-reason=cmdline --compact-dex-level=none --max-image-block-size=524288 --resolve-startup-const-strings=true --generate-mini-debug-info --comments=app-version-name:1.8.0,app-version-code:87,art-version:342090000
08-12 13:54:24.468  3952  3952 I dex2oat64: Using CollectorTypeCC GC.
08-12 13:54:24.508  3952  3952 I dex2oat64: Large app, accepted running with swap.
08-12 13:54:24.585  3952  3952 I dex2oat64: dex2oat took 149.736ms (137.577ms cpu) (threads: 2) arena alloc=0B (0B) java alloc=5101KB (5224224B) native alloc=2499KB (2559104B) free=1020KB (1045104B) swap=16MB (16777216B)
08-12 13:54:24.589  2336  2337 I artd    : dex2oat returned code 0
08-12 13:54:24.592   497   563 I ArtService: Dexopt result: [packageName = app.voltplan.cable] DexContainerFileDexoptResult{dexContainerFile=/data/app/~~-mpuLXeZSnDNNrW3IjkRQw==/app.voltplan.cable-KiXAS1AeXPQWvUiJPOPEJw==/base.apk, primaryAbi=true, abi=arm64-v8a, actualCompilerFilter=verify, status=PERFORMED, dex2oatWallTimeMillis=190, dex2oatCpuTimeMillis=140, sizeBytes=46422080, sizeBeforeBytes=53373768}
08-12 13:54:24.611  1417  3728 W MediaProvider: isAppCloneUserPair for user 0: false
08-12 13:54:24.649  2401  2416 D Benchmark: Profile Installer - Skip File Operation: WRITE_SKIP_FILE
08-12 13:54:24.660   497   563 I ActivityManager: Broadcasting: Intent { act=androidx.profileinstaller.action.SKIP_FILE flg=0x400000 cmp=app.voltplan.cable/androidx.profileinstaller.ProfileInstallReceiver (has extras) }
08-12 13:54:24.665   321   321 D Zygote  : Forked child process 3982
08-12 13:54:24.688  3982  3982 I .voltplan.cable: Using CollectorTypeCC GC.
08-12 13:54:24.695   370   413 I adbd    : jdwp connection from 3982
08-12 13:54:24.703  3982  3982 D CompatibilityChangeReporter: Compat change id reported: 171979766; UID 10141; state: ENABLED
08-12 13:54:24.703  3982  3982 D CompatibilityChangeReporter: Compat change id reported: 242716250; UID 10141; state: ENABLED
08-12 13:54:24.711  3982  3982 D nativeloader: Configuring clns-6 for other apk /data/app/~~-mpuLXeZSnDNNrW3IjkRQw==/app.voltplan.cable-KiXAS1AeXPQWvUiJPOPEJw==/base.apk. target_sdk_version=35, uses_libraries=, library_path=/data/app/~~-mpuLXeZSnDNNrW3IjkRQw==/app.voltplan.cable-KiXAS1AeXPQWvUiJPOPEJw==/lib/arm64:/data/app/~~-mpuLXeZSnDNNrW3IjkRQw==/app.voltplan.cable-KiXAS1AeXPQWvUiJPOPEJw==/base.apk!/lib/arm64-v8a, permitted_path=/data:/mnt/expand:/data/user/0/app.voltplan.cable
08-12 13:54:24.750  3982  3982 V GraphicsEnvironment: Currently set values for:
08-12 13:54:24.750  3982  3982 V GraphicsEnvironment:   angle_gl_driver_selection_pkgs=[]
08-12 13:54:24.750  3982  3982 V GraphicsEnvironment:   angle_gl_driver_selection_values=[]
08-12 13:54:24.750  3982  3982 V GraphicsEnvironment: ANGLE GameManagerService for app.voltplan.cable: false
08-12 13:54:24.750  3982  3982 V GraphicsEnvironment: app.voltplan.cable is not listed in per-application setting
08-12 13:54:24.750  3982  3982 V GraphicsEnvironment: Neither updatable production driver nor prerelease driver is supported.
08-12 13:54:24.765  3982  3982 D ProfileInstaller: RESULT_INSTALL_SKIP_FILE_SUCCESS
08-12 13:54:24.766   497   514 I ActivityManager: Broadcast completed: result=10
08-12 13:54:24.768  2401  2416 D Benchmark: Killing process app.voltplan.cable
08-12 13:54:24.775   320  4008 I resolv  : GetAddrInfoHandler::run: {101 101 101 983141 10141 0}
08-12 13:54:24.776   320  4009 I resolv  : res_nmkquery: (QUERY, IN, AAAA)
08-12 13:54:24.776   320  4009 I resolv  : resolv_cache_lookup: FOUND IN CACHE entry=0xb400006ec8c18a90
08-12 13:54:24.776   320  4009 I resolv  : doQuery: rcode=0, ancount=0, return value=99
08-12 13:54:24.776   320  4010 I resolv  : res_nmkquery: (QUERY, IN, A)
08-12 13:54:24.776   320  4010 I resolv  : resolv_cache_lookup: FOUND IN CACHE entry=0xb400006ee8c19190
08-12 13:54:24.776   320  4010 I resolv  : doQuery: rcode=0, ancount=1, return value=50
08-12 13:54:24.777  3982  4001 D TrafficStats: tagSocket(65) with statsTag=0xffffffff, statsUid=-1
08-12 13:54:24.781  2401  2416 D Benchmark: Force-stopping process app.voltplan.cable
08-12 13:54:24.783  1417  3728 W MediaProvider: isAppCloneUserPair for user 0: false
08-12 13:54:24.804   988   988 D CarrierSvcBindHelper: onHandleForceStop: [app.voltplan.cable]
08-12 13:54:24.805   988   988 D CarrierSvcBindHelper: No carrier app for: 0
08-12 13:54:24.806   321   321 I Zygote  : Process 3982 exited due to signal 9 (Killed)
08-12 13:54:24.833  2401  2416 D UiDevice: Pressing home button.
08-12 13:54:24.845   781   781 I vol.VolumeDialogImpl: mDialog.dismiss() reason: volume_controller from: com.android.systemui.volume.VolumeDialogImpl$7.onDismissRequested:3
08-12 13:54:24.851   999   999 D TaplTarget: Launcher.onNewIntent: Intent { act=android.intent.action.MAIN cat=[android.intent.category.HOME] flg=0x10000100 cmp=com.android.launcher3/.uioverrides.QuickstepLauncher (has extras) }
08-12 13:54:24.851   781   931 D KeyguardService: setOccluded(false)
08-12 13:54:24.851   781   931 D KeyguardViewMediator: setOccluded(false)
08-12 13:54:24.851   781   781 D KeyguardViewMediator: handleSetOccluded(false)
08-12 13:54:24.856   781   781 I vol.VolumeDialogImpl: mDialog.dismiss() reason: volume_controller from: com.android.systemui.volume.VolumeDialogImpl$7.onDismissRequested:3
08-12 13:54:24.856   781   781 D vol.VolumeDialogImpl: dismissH: skipping dismiss because isAnimatingDismiss is true and showingStateInconsistent is false
08-12 13:54:25.860  2401  2416 W InteractionController: Timed out waiting 1000ms for command and events.
08-12 13:54:25.872  2401  2416 D Benchmark: Starting activity with command: am start  -W "intent:#Intent;action=android.intent.action.MAIN;category=android.intent.category.LAUNCHER;launchFlags=0x10008000;package=app.voltplan.cable;component=app.voltplan.cable/.MainActivity;end"
08-12 13:54:25.874  1417  3728 W MediaProvider: isAppCloneUserPair for user 0: false
08-12 13:54:25.900   781   845 D SplashScreenView: Build android.window.SplashScreenView{8f639e1 V.E...... ......ID 0,0-0,0}
08-12 13:54:25.900   781   845 D SplashScreenView: Icon: view: android.widget.ImageView{b7f6306 V.ED..... ......I. 0,0-0,0 #10204f0 android:id/splashscreen_icon_view} drawable: com.android.wm.shell.startingsurface.SplashscreenIconDrawableFactory$ImmobileIconDrawable@20d2dc7 size: 504
08-12 13:54:25.900   781   845 D SplashScreenView: Branding: view: android.view.View{2794ff4 G.ED..... ......I. 0,0-0,0 #10204ef android:id/splashscreen_branding_view} drawable: null size w: 0 h: 0
08-12 13:54:25.915   321   321 D Zygote  : Forked child process 4040
08-12 13:54:25.917   781   856 E OpenGLRenderer: Unable to match the desired swap behavior.
08-12 13:54:25.920   360   360 I BpBinder: onLastStrongRef automatically unlinking death recipients: 
08-12 13:54:25.953  4040  4040 I .voltplan.cable: Using CollectorTypeCC GC.
08-12 13:54:25.960   999  1515 D EGL_emulation: app_time_stats: avg=2184.75ms min=55.24ms max=4314.27ms count=2
08-12 13:54:25.966   370   413 I adbd    : jdwp connection from 4040
08-12 13:54:25.988  4040  4040 D CompatibilityChangeReporter: Compat change id reported: 171979766; UID 10141; state: ENABLED
08-12 13:54:25.988  4040  4040 D CompatibilityChangeReporter: Compat change id reported: 242716250; UID 10141; state: ENABLED
08-12 13:54:25.996  4040  4040 D nativeloader: Configuring clns-6 for other apk /data/app/~~-mpuLXeZSnDNNrW3IjkRQw==/app.voltplan.cable-KiXAS1AeXPQWvUiJPOPEJw==/base.apk. target_sdk_version=35, uses_libraries=, library_path=/data/app/~~-mpuLXeZSnDNNrW3IjkRQw==/app.voltplan.cable-KiXAS1AeXPQWvUiJPOPEJw==/lib/arm64:/data/app/~~-mpuLXeZSnDNNrW3IjkRQw==/app.voltplan.cable-KiXAS1AeXPQWvUiJPOPEJw==/base.apk!/lib/arm64-v8a, permitted_path=/data:/mnt/expand:/data/user/0/app.voltplan.cable
08-12 13:54:25.998   781   856 D EGL_emulation: app_time_stats: avg=574.86ms min=2.31ms max=3942.46ms count=7
08-12 13:54:26.000   781   856 D EGL_emulation: app_time_stats: avg=479.31ms min=0.86ms max=4178.64ms count=9
08-12 13:54:26.017  4040  4040 V GraphicsEnvironment: Currently set values for:
08-12 13:54:26.017  4040  4040 V GraphicsEnvironment:   angle_gl_driver_selection_pkgs=[]
08-12 13:54:26.018  4040  4040 V GraphicsEnvironment:   angle_gl_driver_selection_values=[]
08-12 13:54:26.018  4040  4040 V GraphicsEnvironment: ANGLE GameManagerService for app.voltplan.cable: false
08-12 13:54:26.019  4040  4040 V GraphicsEnvironment: app.voltplan.cable is not listed in per-application setting
08-12 13:54:26.019  4040  4040 V GraphicsEnvironment: Neither updatable production driver nor prerelease driver is supported.
08-12 13:54:26.052  4040  4040 D CompatibilityChangeReporter: Compat change id reported: 237531167; UID 10141; state: DISABLED
08-12 13:54:26.054  4040  4040 W OpenGLRenderer: Unknown dataspace 0
08-12 13:54:26.074  4040  4066 D libEGL  : loaded /vendor/lib64/egl/libEGL_emulation.so
08-12 13:54:26.075  4040  4066 D libEGL  : loaded /vendor/lib64/egl/libGLESv1_CM_emulation.so
08-12 13:54:26.076  4040  4066 D libEGL  : loaded /vendor/lib64/egl/libGLESv2_emulation.so
08-12 13:54:26.092   320  4068 I resolv  : GetAddrInfoHandler::run: {101 101 101 983141 10141 0}
08-12 13:54:26.093   320  4069 I resolv  : res_nmkquery: (QUERY, IN, AAAA)
08-12 13:54:26.093   320  4069 I resolv  : resolv_cache_lookup: FOUND IN CACHE entry=0xb400006ec8c18a90
08-12 13:54:26.093   320  4069 I resolv  : doQuery: rcode=0, ancount=0, return value=99
08-12 13:54:26.097   320  4070 I resolv  : res_nmkquery: (QUERY, IN, A)
08-12 13:54:26.097   320  4070 I resolv  : resolv_cache_lookup: FOUND IN CACHE entry=0xb400006ee8c19190
08-12 13:54:26.097   320  4070 I resolv  : doQuery: rcode=0, ancount=1, return value=50
08-12 13:54:26.098  4040  4059 D TrafficStats: tagSocket(72) with statsTag=0xffffffff, statsUid=-1
08-12 13:54:26.150  4040  4040 D CompatibilityChangeReporter: Compat change id reported: 289878283; UID 10141; state: ENABLED
08-12 13:54:26.175  4040  4064 W OpenGLRenderer: Failed to choose config with EGL_SWAP_BEHAVIOR_PRESERVED, retrying without...
08-12 13:54:26.175  4040  4064 W OpenGLRenderer: Failed to initialize 101010-2 format, error = EGL_SUCCESS
08-12 13:54:26.196   131   131 I hwservicemanager: getTransport: Cannot find entry android.hardware.graphics.mapper@4.0::IMapper/default in either framework or device VINTF manifest.
08-12 13:54:26.196  4040  4064 I Gralloc4: mapper 4.x is not supported
08-12 13:54:26.200  4040  4064 E OpenGLRenderer: Unable to match the desired swap behavior.
08-12 13:54:26.311  4040  4063 D TrafficStats: tagSocket(93) with statsTag=0xffffffff, statsUid=-1
08-12 13:54:26.317   497   514 I ActivityTaskManager: Displayed app.voltplan.cable/.MainActivity for user 0: +421ms
08-12 13:54:26.319   999  1090 I ImeTracker: com.android.launcher3:9ad68e80: onRequestHide at ORIGIN_CLIENT_HIDE_SOFT_INPUT reason HIDE_SOFT_INPUT
08-12 13:54:26.320   497  3884 I ImeTracker: com.android.launcher3:9ad68e80: onCancelled at PHASE_SERVER_SHOULD_HIDE
08-12 13:54:26.324   497   510 I ImeTracker: app.voltplan.cable:b537d76b: onRequestHide at ORIGIN_SERVER_HIDE_INPUT reason HIDE_UNSPECIFIED_WINDOW
08-12 13:54:26.324   497   510 I ImeTracker: app.voltplan.cable:b537d76b: onCancelled at PHASE_SERVER_SHOULD_HIDE
08-12 13:54:26.362  2401  2416 D Benchmark: Result: Starting: Intent { act=android.intent.action.MAIN cat=[android.intent.category.LAUNCHER] flg=0x10008000 pkg=app.voltplan.cable cmp=app.voltplan.cable/.MainActivity }
08-12 13:54:26.362  2401  2416 D Benchmark: Status: ok
08-12 13:54:26.362  2401  2416 D Benchmark: LaunchState: COLD
08-12 13:54:26.362  2401  2416 D Benchmark: Activity: app.voltplan.cable/.MainActivity
08-12 13:54:26.362  2401  2416 D Benchmark: TotalTime: 421
08-12 13:54:26.362  2401  2416 D Benchmark: WaitTime: 436
08-12 13:54:26.362  2401  2416 D Benchmark: Complete
08-12 13:54:26.394  1417  3728 W MediaProvider: isAppCloneUserPair for user 0: false
08-12 13:54:26.462  2401  2416 I System.out: 0 Flags,FrameTimelineVsyncId,IntendedVsync,Vsync,InputEventId,HandleInputStart,AnimationStart,PerformTraversalsStart,DrawStart,FrameDeadline,FrameInterval,FrameStartTime,SyncQueued,SyncStart,IssueDrawCommandsStart,SwapBuffers,FrameCompleted,DequeueBufferDuration,QueueBufferDuration,GpuCompleted,SwapBuffersCompleted,DisplayPresentTime,CommandSubmissionCompleted,
08-12 13:54:26.462  2401  2416 I System.out: 1 1,14391,162187004844,162203671510,0,162210382493,162210382826,162210400951,162350950076,162203671510,162210377576,16666666,162356304909,162369369034,162369663076,162453408743,162469927285,1667,89666,162469927285,162454622910,0,162453408743,
08-12 13:54:26.462  2401  2416 I System.out: 2 0,14421,162220338176,162453671500,0,162458890368,162458890535,162459929326,162459961201,162487004832,162458842368,16666666,162460620660,162460637368,162461344410,162461839368,162469968035,2417,7067042,162469935076,162469968035,0,162461839368,
08-12 13:54:26.462  2401  2416 I System.out: 3 0,14647,162487004832,162487004832,0,162492205951,162492206076,162496873743,162496899535,162503671498,162492203618,16666666,162497868618,162497896243,162497923910,162500795743,162507988951,2041,98000,162507988951,162501176451,0,162500795743,
08-12 13:54:26.710   781   844 W WindowOnBackDispatcher: sendCancelIfRunning: isInProgress=falsecallback=android.view.ViewRootImpl$$ExternalSyntheticLambda17@5f9ccde
08-12 13:54:26.711   497   563 W InputManager-JNI: Input channel object '1ea0c29 Splash Screen app.voltplan.cable (client)' was disposed without first being removed with the input manager!
08-12 13:54:26.766   781   844 W FrameTracker: Missed App frame:JANK_APP_DEADLINE_MISSED, 14602, 17862702, CUJ=J<SPLASHSCREEN_EXIT_ANIM>
08-12 13:54:26.767   781   844 W FrameTracker: Missed App frame:UNKNOWN: 72, 14633, 0, CUJ=J<SPLASHSCREEN_EXIT_ANIM>
08-12 13:54:26.767   781   844 W FrameTracker: Missing HWUI jank callback for vsyncId: 14633, CUJ=J<SPLASHSCREEN_EXIT_ANIM>
08-12 13:54:26.767   781   844 W FrameTracker: Missing HWUI jank callback for vsyncId: 14662, CUJ=J<SPLASHSCREEN_EXIT_ANIM>
08-12 13:54:26.767   781   844 W FrameTracker: Missed SF frame:UNKNOWN: 80, 14684, 48882246, CUJ=J<SPLASHSCREEN_EXIT_ANIM>
08-12 13:54:26.767   781   844 W FrameTracker: Missed SF frame:UNKNOWN: 80, 14700, 0, CUJ=J<SPLASHSCREEN_EXIT_ANIM>
08-12 13:54:26.767   781   844 W FrameTracker: Missing HWUI jank callback for vsyncId: 14700, CUJ=J<SPLASHSCREEN_EXIT_ANIM>
08-12 13:54:26.767   781   844 W FrameTracker: Missed App frame:UNKNOWN: 88, 14715, 0, CUJ=J<SPLASHSCREEN_EXIT_ANIM>
08-12 13:54:26.767   781   844 W FrameTracker: Missed SF frame:UNKNOWN: 88, 14715, 0, CUJ=J<SPLASHSCREEN_EXIT_ANIM>
08-12 13:54:26.767   781   844 W FrameTracker: Missing HWUI jank callback for vsyncId: 14715, CUJ=J<SPLASHSCREEN_EXIT_ANIM>
08-12 13:54:26.767   781   844 W FrameTracker: Missed SF frame:UNKNOWN: 80, 14723, 0, CUJ=J<SPLASHSCREEN_EXIT_ANIM>
08-12 13:54:26.767   781   844 W FrameTracker: Missing HWUI jank callback for vsyncId: 14723, CUJ=J<SPLASHSCREEN_EXIT_ANIM>
08-12 13:54:26.767   781   844 W FrameTracker: Missed App frame:UNKNOWN: 72, 14738, 67718082, CUJ=J<SPLASHSCREEN_EXIT_ANIM>
08-12 13:54:26.767   781   844 W FrameTracker: Missed App frame:UNKNOWN: 88, 14754, 0, CUJ=J<SPLASHSCREEN_EXIT_ANIM>
08-12 13:54:26.767   781   844 W FrameTracker: Missed SF frame:UNKNOWN: 88, 14754, 0, CUJ=J<SPLASHSCREEN_EXIT_ANIM>
08-12 13:54:26.767   781   844 W FrameTracker: Missing HWUI jank callback for vsyncId: 14754, CUJ=J<SPLASHSCREEN_EXIT_ANIM>
08-12 13:54:26.767   781   844 W FrameTracker: Missing HWUI jank callback for vsyncId: 14762, CUJ=J<SPLASHSCREEN_EXIT_ANIM>
08-12 13:54:26.767   781   844 W FrameTracker: Missed SF frame:UNKNOWN: 80, 14778, 67266711, CUJ=J<SPLASHSCREEN_EXIT_ANIM>
08-12 13:54:26.767   781   844 W FrameTracker: Missed App frame:UNKNOWN: 88, 14787, 53360337, CUJ=J<SPLASHSCREEN_EXIT_ANIM>
08-12 13:54:26.767   781   844 W FrameTracker: Missed SF frame:UNKNOWN: 88, 14787, 53360337, CUJ=J<SPLASHSCREEN_EXIT_ANIM>
08-12 13:54:26.767   781   844 W FrameTracker: Missed SF frame:UNKNOWN: 80, 14803, 65909130, CUJ=J<SPLASHSCREEN_EXIT_ANIM>
08-12 13:54:26.767   781   844 W FrameTracker: Missed App frame:UNKNOWN: 88, 14811, 68212506, CUJ=J<SPLASHSCREEN_EXIT_ANIM>
08-12 13:54:26.767   781   844 W FrameTracker: Missed SF frame:UNKNOWN: 88, 14811, 68212506, CUJ=J<SPLASHSCREEN_EXIT_ANIM>
08-12 13:54:26.767   781   832 V PerfettoTrigger: Not triggering com.android.telemetry.interaction-jank-monitor-39 - not enough time since last trigger
08-12 13:54:27.011   781   856 D EGL_emulation: app_time_stats: avg=51.25ms min=3.17ms max=313.24ms count=19
08-12 13:54:27.238  2401  2416 D UiDevice: Waiting 10000ms for SearchCondition[hasObject=BySelector [PKG='\Qapp.voltplan.cable\E']].
08-12 13:54:27.238  2401  2416 D UiDevice: Searching for node with selector: BySelector [PKG='\Qapp.voltplan.cable\E'].
08-12 13:54:27.260  2401  2416 D UiDevice: Waiting 10000ms for SearchCondition[findObject=BySelector [DESC='\QAdd\E']].
08-12 13:54:27.260  2401  2416 D UiDevice: Retrieving node with selector: BySelector [DESC='\QAdd\E'].
08-12 13:54:27.868  2401  2416 W baselineprofile: Accessing hidden method Landroid/view/MotionEvent;->setDisplayId(I)V (blocked,test-api, reflection, allowed)
08-12 13:54:27.873  2401  2416 D UiObject2: Clicking on (1006, 212).
08-12 13:54:27.873  2401  2416 W UiObject2: Clicking on non-clickable object: android.view.accessibility.AccessibilityNodeInfo@858b; boundsInParent: Rect(0, 0 - 0, 0); boundsInScreen: Rect(975, 181 - 1038, 244); boundsInWindow: Rect(975, 181 - 1038, 244); packageName: app.voltplan.cable; className: android.view.View; text: null; error: null; maxTextLength: -1; stateDescription: null; contentDescription: Add; tooltipText: null; containerTitle: null; viewIdResName: null; uniqueId: null; checkable: false; checked: false; focusable: false; focused: false; selected: false; clickable: false; longClickable: false; contextClickable: false; enabled: true; password: false; scrollable: false; importantForAccessibility: true; visible: true; actions: [AccessibilityAction: ACTION_NEXT_AT_MOVEMENT_GRANULARITY - null, AccessibilityAction: ACTION_PREVIOUS_AT_MOVEMENT_GRANULARITY - null, AccessibilityAction: ACTION_ACCESSIBILITY_FOCUS - null, AccessibilityAction: ACTION_SET_SELECTION - null]; isTextSelectable: false
08-12 13:54:27.873  2401  2416 D CompatibilityChangeReporter: Compat change id reported: 289878283; UID 10142; state: ENABLED
08-12 13:54:27.916  2401  2416 W GestureController: Gestures took longer than expected (42ms >> 16ms), device might be in a busy state.
08-12 13:54:27.928  4040  4064 D EGL_emulation: app_time_stats: avg=405.99ms min=15.33ms max=903.91ms count=4
08-12 13:54:27.928  4040  4040 W WindowOnBackDispatcher: OnBackInvokedCallback is not enabled for the application.
08-12 13:54:27.928  4040  4040 W WindowOnBackDispatcher: Set 'android:enableOnBackInvokedCallback="true"' in the application manifest.
08-12 13:54:28.562  2401  2416 D UiDevice: Waiting 10000ms for SearchCondition[findObject=BySelector [TEXT='\QOverview\E']].
08-12 13:54:28.562  2401  2416 D UiDevice: Retrieving node with selector: BySelector [TEXT='\QOverview\E'].
08-12 13:54:28.717  2401  2416 D UiObject2: Clicking on (127, 2211).
08-12 13:54:28.717  2401  2416 W UiObject2: Clicking on non-clickable object: android.view.accessibility.AccessibilityNodeInfo@8c91; boundsInParent: Rect(0, 0 - 0, 0); boundsInScreen: Rect(58, 2190 - 197, 2232); boundsInWindow: Rect(58, 2190 - 197, 2232); packageName: app.voltplan.cable; className: android.widget.TextView; text: Overview; error: null; maxTextLength: -1; stateDescription: null; contentDescription: null; tooltipText: null; containerTitle: null; viewIdResName: null; uniqueId: null; checkable: false; checked: false; focusable: false; focused: false; selected: false; clickable: false; longClickable: false; contextClickable: false; enabled: true; password: false; scrollable: false; importantForAccessibility: true; visible: true; actions: [AccessibilityAction: ACTION_NEXT_AT_MOVEMENT_GRANULARITY - null, AccessibilityAction: ACTION_PREVIOUS_AT_MOVEMENT_GRANULARITY - null, AccessibilityAction: ACTION_ACCESSIBILITY_FOCUS - null, AccessibilityAction: ACTION_SET_SELECTION - null]; isTextSelectable: false
08-12 13:54:28.928  4040  4064 D EGL_emulation: app_time_stats: avg=23.26ms min=6.92ms max=165.98ms count=27
08-12 13:54:29.228  2401  2416 D UiDevice: Waiting 10000ms for SearchCondition[findObject=BySelector [TEXT='\QComponents\E']].
08-12 13:54:29.228  2401  2416 D UiDevice: Retrieving node with selector: BySelector [TEXT='\QComponents\E'].
08-12 13:54:29.271  2401  2416 D UiObject2: Clicking on (402, 2211).
08-12 13:54:29.271  2401  2416 W UiObject2: Clicking on non-clickable object: android.view.accessibility.AccessibilityNodeInfo@8da8; boundsInParent: Rect(0, 0 - 0, 0); boundsInScreen: Rect(307, 2190 - 498, 2232); boundsInWindow: Rect(307, 2190 - 498, 2232); packageName: app.voltplan.cable; className: android.widget.TextView; text: Components; error: null; maxTextLength: -1; stateDescription: null; contentDescription: null; tooltipText: null; containerTitle: null; viewIdResName: null; uniqueId: null; checkable: false; checked: false; focusable: false; focused: false; selected: false; clickable: false; longClickable: false; contextClickable: false; enabled: true; password: false; scrollable: false; importantForAccessibility: true; visible: true; actions: [AccessibilityAction: ACTION_NEXT_AT_MOVEMENT_GRANULARITY - null, AccessibilityAction: ACTION_PREVIOUS_AT_MOVEMENT_GRANULARITY - null, AccessibilityAction: ACTION_ACCESSIBILITY_FOCUS - null, AccessibilityAction: ACTION_SET_SELECTION - null]; isTextSelectable: false
08-12 13:54:29.312  2401  2416 W GestureController: Gestures took longer than expected (41ms >> 16ms), device might be in a busy state.
08-12 13:54:29.896  2401  2416 D UiDevice: Waiting 10000ms for SearchCondition[findObject=BySelector [TEXT='\QBatteries\E']].
08-12 13:54:29.896  2401  2416 D UiDevice: Retrieving node with selector: BySelector [TEXT='\QBatteries\E'].
08-12 13:54:29.928  4040  4064 D EGL_emulation: app_time_stats: avg=12.86ms min=7.13ms max=32.45ms count=57
08-12 13:54:29.943  2401  2416 D UiObject2: Clicking on (677, 2211).
08-12 13:54:29.943  2401  2416 W UiObject2: Clicking on non-clickable object: android.view.accessibility.AccessibilityNodeInfo@8ebf; boundsInParent: Rect(0, 0 - 0, 0); boundsInScreen: Rect(608, 2190 - 747, 2232); boundsInWindow: Rect(608, 2190 - 747, 2232); packageName: app.voltplan.cable; className: android.widget.TextView; text: Batteries; error: null; maxTextLength: -1; stateDescription: null; contentDescription: null; tooltipText: null; containerTitle: null; viewIdResName: null; uniqueId: null; checkable: false; checked: false; focusable: false; focused: false; selected: false; clickable: false; longClickable: false; contextClickable: false; enabled: true; password: false; scrollable: false; importantForAccessibility: true; visible: true; actions: [AccessibilityAction: ACTION_NEXT_AT_MOVEMENT_GRANULARITY - null, AccessibilityAction: ACTION_PREVIOUS_AT_MOVEMENT_GRANULARITY - null, AccessibilityAction: ACTION_ACCESSIBILITY_FOCUS - null, AccessibilityAction: ACTION_SET_SELECTION - null]; isTextSelectable: false
08-12 13:54:29.979  2401  2416 W GestureController: Gestures took longer than expected (37ms >> 16ms), device might be in a busy state.
08-12 13:54:30.561  2401  2416 D UiDevice: Waiting 10000ms for SearchCondition[findObject=BySelector [TEXT='\QChargers\E']].
08-12 13:54:30.561  2401  2416 D UiDevice: Retrieving node with selector: BySelector [TEXT='\QChargers\E'].
08-12 13:54:30.600  2401  2416 D UiObject2: Clicking on (952, 2211).
08-12 13:54:30.600  2401  2416 W UiObject2: Clicking on non-clickable object: android.view.accessibility.AccessibilityNodeInfo@8fd6; boundsInParent: Rect(0, 0 - 0, 0); boundsInScreen: Rect(883, 2190 - 1022, 2232); boundsInWindow: Rect(883, 2190 - 1022, 2232); packageName: app.voltplan.cable; className: android.widget.TextView; text: Chargers; error: null; maxTextLength: -1; stateDescription: null; contentDescription: null; tooltipText: null; containerTitle: null; viewIdResName: null; uniqueId: null; checkable: false; checked: false; focusable: false; focused: false; selected: false; clickable: false; longClickable: false; contextClickable: false; enabled: true; password: false; scrollable: false; importantForAccessibility: true; visible: true; actions: [AccessibilityAction: ACTION_NEXT_AT_MOVEMENT_GRANULARITY - null, AccessibilityAction: ACTION_PREVIOUS_AT_MOVEMENT_GRANULARITY - null, AccessibilityAction: ACTION_ACCESSIBILITY_FOCUS - null, AccessibilityAction: ACTION_SET_SELECTION - null]; isTextSelectable: false
08-12 13:54:30.729   770   770 I wpa_supplicant: wlan0: CTRL-EVENT-BEACON-LOSS 
08-12 13:54:30.944  4040  4064 D EGL_emulation: app_time_stats: avg=14.90ms min=7.13ms max=34.22ms count=58
08-12 13:54:31.211  2401  2416 D UiDevice: Waiting 10000ms for SearchCondition[findObject=BySelector [SCROLLABLE='true']].
08-12 13:54:31.211  2401  2416 D UiDevice: Retrieving node with selector: BySelector [SCROLLABLE='true'].
08-12 13:54:31.243  2401  2416 D UiDevice: Node not found with selector: BySelector [SCROLLABLE='true'].
08-12 13:54:31.344  2401  2416 D UiDevice: Retrieving node with selector: BySelector [SCROLLABLE='true'].
08-12 13:54:31.349  2401  2416 D UiDevice: Node not found with selector: BySelector [SCROLLABLE='true'].
08-12 13:54:31.450  2401  2416 D UiDevice: Retrieving node with selector: BySelector [SCROLLABLE='true'].
08-12 13:54:31.455  2401  2416 D UiDevice: Node not found with selector: BySelector [SCROLLABLE='true'].
08-12 13:54:31.495  4040  4115 D ProfileInstaller: Skipping profile installation for app.voltplan.cable
08-12 13:54:31.557  2401  2416 D UiDevice: Retrieving node with selector: BySelector [SCROLLABLE='true'].
08-12 13:54:31.562  2401  2416 D UiDevice: Node not found with selector: BySelector [SCROLLABLE='true'].
08-12 13:54:31.664  2401  2416 D UiDevice: Retrieving node with selector: BySelector [SCROLLABLE='true'].
08-12 13:54:31.670  2401  2416 D UiDevice: Node not found with selector: BySelector [SCROLLABLE='true'].
08-12 13:54:31.771  2401  2416 D UiDevice: Retrieving node with selector: BySelector [SCROLLABLE='true'].
08-12 13:54:31.779  2401  2416 D UiDevice: Node not found with selector: BySelector [SCROLLABLE='true'].
08-12 13:54:31.882  2401  2416 D UiDevice: Retrieving node with selector: BySelector [SCROLLABLE='true'].
08-12 13:54:31.887  2401  2416 D UiDevice: Node not found with selector: BySelector [SCROLLABLE='true'].
08-12 13:54:31.988  2401  2416 D UiDevice: Retrieving node with selector: BySelector [SCROLLABLE='true'].
08-12 13:54:31.994  2401  2416 D UiDevice: Node not found with selector: BySelector [SCROLLABLE='true'].
08-12 13:54:32.104  2401  2416 D UiDevice: Retrieving node with selector: BySelector [SCROLLABLE='true'].
08-12 13:54:32.109  2401  2416 D UiDevice: Node not found with selector: BySelector [SCROLLABLE='true'].
08-12 13:54:32.210  2401  2416 D UiDevice: Retrieving node with selector: BySelector [SCROLLABLE='true'].
08-12 13:54:32.220  2401  2416 D UiDevice: Node not found with selector: BySelector [SCROLLABLE='true'].
08-12 13:54:32.323  2401  2416 D UiDevice: Retrieving node with selector: BySelector [SCROLLABLE='true'].
08-12 13:54:32.330  2401  2416 D UiDevice: Node not found with selector: BySelector [SCROLLABLE='true'].
08-12 13:54:32.398   781   781 D StatusBarIconController: ignoring old pipeline callbacks, because the new mobile icons are enabled
08-12 13:54:32.440  2401  2416 D UiDevice: Retrieving node with selector: BySelector [SCROLLABLE='true'].
08-12 13:54:32.446  2401  2416 D UiDevice: Node not found with selector: BySelector [SCROLLABLE='true'].
08-12 13:54:32.547  2401  2416 D UiDevice: Retrieving node with selector: BySelector [SCROLLABLE='true'].
08-12 13:54:32.553  2401  2416 D UiDevice: Node not found with selector: BySelector [SCROLLABLE='true'].
08-12 13:54:32.656  2401  2416 D UiDevice: Retrieving node with selector: BySelector [SCROLLABLE='true'].
08-12 13:54:32.661  2401  2416 D UiDevice: Node not found with selector: BySelector [SCROLLABLE='true'].
08-12 13:54:32.765  2401  2416 D UiDevice: Retrieving node with selector: BySelector [SCROLLABLE='true'].
08-12 13:54:32.771  2401  2416 D UiDevice: Node not found with selector: BySelector [SCROLLABLE='true'].
08-12 13:54:32.872  2401  2416 D UiDevice: Retrieving node with selector: BySelector [SCROLLABLE='true'].
08-12 13:54:32.877  2401  2416 D UiDevice: Node not found with selector: BySelector [SCROLLABLE='true'].
08-12 13:54:32.979  2401  2416 D UiDevice: Retrieving node with selector: BySelector [SCROLLABLE='true'].
08-12 13:54:32.985  2401  2416 D UiDevice: Node not found with selector: BySelector [SCROLLABLE='true'].
08-12 13:54:33.088  2401  2416 D UiDevice: Retrieving node with selector: BySelector [SCROLLABLE='true'].
08-12 13:54:33.093  2401  2416 D UiDevice: Node not found with selector: BySelector [SCROLLABLE='true'].
08-12 13:54:33.193  2401  2416 D UiDevice: Retrieving node with selector: BySelector [SCROLLABLE='true'].
08-12 13:54:33.199  2401  2416 D UiDevice: Node not found with selector: BySelector [SCROLLABLE='true'].
08-12 13:54:33.299  2401  2416 D UiDevice: Retrieving node with selector: BySelector [SCROLLABLE='true'].
08-12 13:54:33.305  2401  2416 D UiDevice: Node not found with selector: BySelector [SCROLLABLE='true'].
08-12 13:54:33.405  2401  2416 D UiDevice: Retrieving node with selector: BySelector [SCROLLABLE='true'].
08-12 13:54:33.410  2401  2416 D UiDevice: Node not found with selector: BySelector [SCROLLABLE='true'].
08-12 13:54:33.511  2401  2416 D UiDevice: Retrieving node with selector: BySelector [SCROLLABLE='true'].
08-12 13:54:33.522  2401  2416 D UiDevice: Node not found with selector: BySelector [SCROLLABLE='true'].
08-12 13:54:33.629  2401  2416 D UiDevice: Retrieving node with selector: BySelector [SCROLLABLE='true'].
08-12 13:54:33.635  2401  2416 D UiDevice: Node not found with selector: BySelector [SCROLLABLE='true'].
08-12 13:54:33.737  2401  2416 D UiDevice: Retrieving node with selector: BySelector [SCROLLABLE='true'].
08-12 13:54:33.742  2401  2416 D UiDevice: Node not found with selector: BySelector [SCROLLABLE='true'].
08-12 13:54:33.851  2401  2416 D UiDevice: Retrieving node with selector: BySelector [SCROLLABLE='true'].
08-12 13:54:33.856  2401  2416 D UiDevice: Node not found with selector: BySelector [SCROLLABLE='true'].
08-12 13:54:33.959  2401  2416 D UiDevice: Retrieving node with selector: BySelector [SCROLLABLE='true'].
08-12 13:54:33.965  2401  2416 D UiDevice: Node not found with selector: BySelector [SCROLLABLE='true'].
08-12 13:54:34.072  2401  2416 D UiDevice: Retrieving node with selector: BySelector [SCROLLABLE='true'].
08-12 13:54:34.080  2401  2416 D UiDevice: Node not found with selector: BySelector [SCROLLABLE='true'].
08-12 13:54:34.173   781   781 D StatusBarIconController: ignoring old pipeline callback because the new wifi icon is enabled
08-12 13:54:34.182  2401  2416 D UiDevice: Retrieving node with selector: BySelector [SCROLLABLE='true'].
08-12 13:54:34.187  2401  2416 D UiDevice: Node not found with selector: BySelector [SCROLLABLE='true'].
08-12 13:54:34.288  2401  2416 D UiDevice: Retrieving node with selector: BySelector [SCROLLABLE='true'].
08-12 13:54:34.294  2401  2416 D UiDevice: Node not found with selector: BySelector [SCROLLABLE='true'].
08-12 13:54:34.398  2401  2416 D UiDevice: Retrieving node with selector: BySelector [SCROLLABLE='true'].
08-12 13:54:34.405  2401  2416 D UiDevice: Node not found with selector: BySelector [SCROLLABLE='true'].
08-12 13:54:34.509  2401  2416 D UiDevice: Retrieving node with selector: BySelector [SCROLLABLE='true'].
08-12 13:54:34.514  2401  2416 D UiDevice: Node not found with selector: BySelector [SCROLLABLE='true'].
08-12 13:54:34.618  2401  2416 D UiDevice: Retrieving node with selector: BySelector [SCROLLABLE='true'].
08-12 13:54:34.623  2401  2416 D UiDevice: Node not found with selector: BySelector [SCROLLABLE='true'].
08-12 13:54:34.723  2401  2416 D UiDevice: Retrieving node with selector: BySelector [SCROLLABLE='true'].
08-12 13:54:34.730  2401  2416 D UiDevice: Node not found with selector: BySelector [SCROLLABLE='true'].
08-12 13:54:34.832  2401  2416 D UiDevice: Retrieving node with selector: BySelector [SCROLLABLE='true'].
08-12 13:54:34.837  2401  2416 D UiDevice: Node not found with selector: BySelector [SCROLLABLE='true'].
08-12 13:54:34.938  2401  2416 D UiDevice: Retrieving node with selector: BySelector [SCROLLABLE='true'].
08-12 13:54:34.944  2401  2416 D UiDevice: Node not found with selector: BySelector [SCROLLABLE='true'].
08-12 13:54:35.053  2401  2416 D UiDevice: Retrieving node with selector: BySelector [SCROLLABLE='true'].
08-12 13:54:35.058  2401  2416 D UiDevice: Node not found with selector: BySelector [SCROLLABLE='true'].
08-12 13:54:35.160  2401  2416 D UiDevice: Retrieving node with selector: BySelector [SCROLLABLE='true'].
08-12 13:54:35.165  2401  2416 D UiDevice: Node not found with selector: BySelector [SCROLLABLE='true'].
08-12 13:54:35.267  2401  2416 D UiDevice: Retrieving node with selector: BySelector [SCROLLABLE='true'].
08-12 13:54:35.271  2401  2416 D UiDevice: Node not found with selector: BySelector [SCROLLABLE='true'].
08-12 13:54:35.372  2401  2416 D UiDevice: Retrieving node with selector: BySelector [SCROLLABLE='true'].
08-12 13:54:35.377  2401  2416 D UiDevice: Node not found with selector: BySelector [SCROLLABLE='true'].
08-12 13:54:35.480  2401  2416 D UiDevice: Retrieving node with selector: BySelector [SCROLLABLE='true'].
08-12 13:54:35.487  2401  2416 D UiDevice: Node not found with selector: BySelector [SCROLLABLE='true'].
08-12 13:54:35.592  2401  2416 D UiDevice: Retrieving node with selector: BySelector [SCROLLABLE='true'].
08-12 13:54:35.598  2401  2416 D UiDevice: Node not found with selector: BySelector [SCROLLABLE='true'].
08-12 13:54:35.701  2401  2416 D UiDevice: Retrieving node with selector: BySelector [SCROLLABLE='true'].
08-12 13:54:35.706  2401  2416 D UiDevice: Node not found with selector: BySelector [SCROLLABLE='true'].
08-12 13:54:35.810  2401  2416 D UiDevice: Retrieving node with selector: BySelector [SCROLLABLE='true'].
08-12 13:54:35.815  2401  2416 D UiDevice: Node not found with selector: BySelector [SCROLLABLE='true'].
08-12 13:54:35.922  2401  2416 D UiDevice: Retrieving node with selector: BySelector [SCROLLABLE='true'].
08-12 13:54:35.929  2401  2416 D UiDevice: Node not found with selector: BySelector [SCROLLABLE='true'].
08-12 13:54:36.034  2401  2416 D UiDevice: Retrieving node with selector: BySelector [SCROLLABLE='true'].
08-12 13:54:36.044  2401  2416 D UiDevice: Node not found with selector: BySelector [SCROLLABLE='true'].
08-12 13:54:36.147  2401  2416 D UiDevice: Retrieving node with selector: BySelector [SCROLLABLE='true'].
08-12 13:54:36.152  2401  2416 D UiDevice: Node not found with selector: BySelector [SCROLLABLE='true'].
08-12 13:54:36.256  2401  2416 D UiDevice: Retrieving node with selector: BySelector [SCROLLABLE='true'].
08-12 13:54:36.261  2401  2416 D UiDevice: Node not found with selector: BySelector [SCROLLABLE='true'].
08-12 13:54:36.361  2401  2416 D UiDevice: Retrieving node with selector: BySelector [SCROLLABLE='true'].
08-12 13:54:36.368  2401  2416 D UiDevice: Node not found with selector: BySelector [SCROLLABLE='true'].
08-12 13:54:36.473  2401  2416 D UiDevice: Retrieving node with selector: BySelector [SCROLLABLE='true'].
08-12 13:54:36.482  2401  2416 D UiDevice: Node not found with selector: BySelector [SCROLLABLE='true'].
08-12 13:54:36.585  2401  2416 D UiDevice: Retrieving node with selector: BySelector [SCROLLABLE='true'].
08-12 13:54:36.591  2401  2416 D UiDevice: Node not found with selector: BySelector [SCROLLABLE='true'].
08-12 13:54:36.693  2401  2416 D UiDevice: Retrieving node with selector: BySelector [SCROLLABLE='true'].
08-12 13:54:36.698  2401  2416 D UiDevice: Node not found with selector: BySelector [SCROLLABLE='true'].
08-12 13:54:36.801  2401  2416 D UiDevice: Retrieving node with selector: BySelector [SCROLLABLE='true'].
08-12 13:54:36.809  2401  2416 D UiDevice: Node not found with selector: BySelector [SCROLLABLE='true'].
08-12 13:54:36.912  2401  2416 D UiDevice: Retrieving node with selector: BySelector [SCROLLABLE='true'].
08-12 13:54:36.919  2401  2416 D UiDevice: Node not found with selector: BySelector [SCROLLABLE='true'].
08-12 13:54:37.021  2401  2416 D UiDevice: Retrieving node with selector: BySelector [SCROLLABLE='true'].
08-12 13:54:37.027  2401  2416 D UiDevice: Node not found with selector: BySelector [SCROLLABLE='true'].
08-12 13:54:37.129  2401  2416 D UiDevice: Retrieving node with selector: BySelector [SCROLLABLE='true'].
08-12 13:54:37.134  2401  2416 D UiDevice: Node not found with selector: BySelector [SCROLLABLE='true'].
08-12 13:54:37.237  2401  2416 D UiDevice: Retrieving node with selector: BySelector [SCROLLABLE='true'].
08-12 13:54:37.242  2401  2416 D UiDevice: Node not found with selector: BySelector [SCROLLABLE='true'].
08-12 13:54:37.343  2401  2416 D UiDevice: Retrieving node with selector: BySelector [SCROLLABLE='true'].
08-12 13:54:37.348  2401  2416 D UiDevice: Node not found with selector: BySelector [SCROLLABLE='true'].
08-12 13:54:37.458  2401  2416 D UiDevice: Retrieving node with selector: BySelector [SCROLLABLE='true'].
08-12 13:54:37.465  2401  2416 D UiDevice: Node not found with selector: BySelector [SCROLLABLE='true'].
08-12 13:54:37.575  2401  2416 D UiDevice: Retrieving node with selector: BySelector [SCROLLABLE='true'].
08-12 13:54:37.581  2401  2416 D UiDevice: Node not found with selector: BySelector [SCROLLABLE='true'].
08-12 13:54:37.686  2401  2416 D UiDevice: Retrieving node with selector: BySelector [SCROLLABLE='true'].
08-12 13:54:37.692  2401  2416 D UiDevice: Node not found with selector: BySelector [SCROLLABLE='true'].
08-12 13:54:37.793  2401  2416 D UiDevice: Retrieving node with selector: BySelector [SCROLLABLE='true'].
08-12 13:54:37.801  2401  2416 D UiDevice: Node not found with selector: BySelector [SCROLLABLE='true'].
08-12 13:54:37.902  2401  2416 D UiDevice: Retrieving node with selector: BySelector [SCROLLABLE='true'].
08-12 13:54:37.909  2401  2416 D UiDevice: Node not found with selector: BySelector [SCROLLABLE='true'].
08-12 13:54:38.011  2401  2416 D UiDevice: Retrieving node with selector: BySelector [SCROLLABLE='true'].
08-12 13:54:38.017  2401  2416 D UiDevice: Node not found with selector: BySelector [SCROLLABLE='true'].
08-12 13:54:38.121  2401  2416 D UiDevice: Retrieving node with selector: BySelector [SCROLLABLE='true'].
08-12 13:54:38.127  2401  2416 D UiDevice: Node not found with selector: BySelector [SCROLLABLE='true'].
08-12 13:54:38.228  2401  2416 D UiDevice: Retrieving node with selector: BySelector [SCROLLABLE='true'].
08-12 13:54:38.235  2401  2416 D UiDevice: Node not found with selector: BySelector [SCROLLABLE='true'].
08-12 13:54:38.336  2401  2416 D UiDevice: Retrieving node with selector: BySelector [SCROLLABLE='true'].
08-12 13:54:38.341  2401  2416 D UiDevice: Node not found with selector: BySelector [SCROLLABLE='true'].
08-12 13:54:38.442  2401  2416 D UiDevice: Retrieving node with selector: BySelector [SCROLLABLE='true'].
08-12 13:54:38.447  2401  2416 D UiDevice: Node not found with selector: BySelector [SCROLLABLE='true'].
08-12 13:54:38.549  2401  2416 D UiDevice: Retrieving node with selector: BySelector [SCROLLABLE='true'].
08-12 13:54:38.554  2401  2416 D UiDevice: Node not found with selector: BySelector [SCROLLABLE='true'].
08-12 13:54:38.655  2401  2416 D UiDevice: Retrieving node with selector: BySelector [SCROLLABLE='true'].
08-12 13:54:38.660  2401  2416 D UiDevice: Node not found with selector: BySelector [SCROLLABLE='true'].
08-12 13:54:38.762  2401  2416 D UiDevice: Retrieving node with selector: BySelector [SCROLLABLE='true'].
08-12 13:54:38.769  2401  2416 D UiDevice: Node not found with selector: BySelector [SCROLLABLE='true'].
08-12 13:54:38.869  2401  2416 D UiDevice: Retrieving node with selector: BySelector [SCROLLABLE='true'].
08-12 13:54:38.877  2401  2416 D UiDevice: Node not found with selector: BySelector [SCROLLABLE='true'].
08-12 13:54:38.922   770   770 I wpa_supplicant: wlan0: CTRL-EVENT-BEACON-LOSS 
08-12 13:54:38.979  2401  2416 D UiDevice: Retrieving node with selector: BySelector [SCROLLABLE='true'].
08-12 13:54:38.985  2401  2416 D UiDevice: Node not found with selector: BySelector [SCROLLABLE='true'].
08-12 13:54:39.085  2401  2416 D UiDevice: Retrieving node with selector: BySelector [SCROLLABLE='true'].
08-12 13:54:39.092  2401  2416 D UiDevice: Node not found with selector: BySelector [SCROLLABLE='true'].
08-12 13:54:39.123   497  1318 D WifiNl80211Manager: Scan result ready event
08-12 13:54:39.123   497  1318 D WifiNative: Scan result ready event
08-12 13:54:39.195  2401  2416 D UiDevice: Retrieving node with selector: BySelector [SCROLLABLE='true'].
08-12 13:54:39.200  2401  2416 D UiDevice: Node not found with selector: BySelector [SCROLLABLE='true'].
08-12 13:54:39.306  2401  2416 D UiDevice: Retrieving node with selector: BySelector [SCROLLABLE='true'].
08-12 13:54:39.313  2401  2416 D UiDevice: Node not found with selector: BySelector [SCROLLABLE='true'].
08-12 13:54:39.418  2401  2416 D UiDevice: Retrieving node with selector: BySelector [SCROLLABLE='true'].
08-12 13:54:39.424  2401  2416 D UiDevice: Node not found with selector: BySelector [SCROLLABLE='true'].
08-12 13:54:39.534  2401  2416 D UiDevice: Retrieving node with selector: BySelector [SCROLLABLE='true'].
08-12 13:54:39.539  2401  2416 D UiDevice: Node not found with selector: BySelector [SCROLLABLE='true'].
08-12 13:54:39.645  2401  2416 D UiDevice: Retrieving node with selector: BySelector [SCROLLABLE='true'].
08-12 13:54:39.651  2401  2416 D UiDevice: Node not found with selector: BySelector [SCROLLABLE='true'].
08-12 13:54:39.754  2401  2416 D UiDevice: Retrieving node with selector: BySelector [SCROLLABLE='true'].
08-12 13:54:39.763  2401  2416 D UiDevice: Node not found with selector: BySelector [SCROLLABLE='true'].
08-12 13:54:39.868  2401  2416 D UiDevice: Retrieving node with selector: BySelector [SCROLLABLE='true'].
08-12 13:54:39.874  2401  2416 D UiDevice: Node not found with selector: BySelector [SCROLLABLE='true'].
08-12 13:54:39.981  2401  2416 D UiDevice: Retrieving node with selector: BySelector [SCROLLABLE='true'].
08-12 13:54:39.987  2401  2416 D UiDevice: Node not found with selector: BySelector [SCROLLABLE='true'].
08-12 13:54:40.091  2401  2416 D UiDevice: Retrieving node with selector: BySelector [SCROLLABLE='true'].
08-12 13:54:40.096  2401  2416 D UiDevice: Node not found with selector: BySelector [SCROLLABLE='true'].
08-12 13:54:40.201  2401  2416 D UiDevice: Retrieving node with selector: BySelector [SCROLLABLE='true'].
08-12 13:54:40.207  2401  2416 D UiDevice: Node not found with selector: BySelector [SCROLLABLE='true'].
08-12 13:54:40.309  2401  2416 D UiDevice: Retrieving node with selector: BySelector [SCROLLABLE='true'].
08-12 13:54:40.315  2401  2416 D UiDevice: Node not found with selector: BySelector [SCROLLABLE='true'].
08-12 13:54:40.416  2401  2416 D UiDevice: Retrieving node with selector: BySelector [SCROLLABLE='true'].
08-12 13:54:40.421  2401  2416 D UiDevice: Node not found with selector: BySelector [SCROLLABLE='true'].
08-12 13:54:40.522  2401  2416 D UiDevice: Retrieving node with selector: BySelector [SCROLLABLE='true'].
08-12 13:54:40.527  2401  2416 D UiDevice: Node not found with selector: BySelector [SCROLLABLE='true'].
08-12 13:54:40.627  2401  2416 D UiDevice: Retrieving node with selector: BySelector [SCROLLABLE='true'].
08-12 13:54:40.634  2401  2416 D UiDevice: Node not found with selector: BySelector [SCROLLABLE='true'].
08-12 13:54:40.736  2401  2416 D UiDevice: Retrieving node with selector: BySelector [SCROLLABLE='true'].
08-12 13:54:40.741  2401  2416 D UiDevice: Node not found with selector: BySelector [SCROLLABLE='true'].
08-12 13:54:40.842  2401  2416 D UiDevice: Retrieving node with selector: BySelector [SCROLLABLE='true'].
08-12 13:54:40.849  2401  2416 D UiDevice: Node not found with selector: BySelector [SCROLLABLE='true'].
08-12 13:54:40.955  2401  2416 D UiDevice: Retrieving node with selector: BySelector [SCROLLABLE='true'].
08-12 13:54:40.960  2401  2416 D UiDevice: Node not found with selector: BySelector [SCROLLABLE='true'].
08-12 13:54:41.062  2401  2416 D UiDevice: Retrieving node with selector: BySelector [SCROLLABLE='true'].
08-12 13:54:41.070  2401  2416 D UiDevice: Node not found with selector: BySelector [SCROLLABLE='true'].
08-12 13:54:41.180  2401  2416 D UiDevice: Retrieving node with selector: BySelector [SCROLLABLE='true'].
08-12 13:54:41.185  2401  2416 D UiDevice: Node not found with selector: BySelector [SCROLLABLE='true'].
08-12 13:54:41.291  2401  2416 D UiDevice: Retrieving node with selector: BySelector [SCROLLABLE='true'].
08-12 13:54:41.297  2401  2416 D UiDevice: Node not found with selector: BySelector [SCROLLABLE='true'].
08-12 13:54:41.298  2401  2416 D UiDevice: Pressing home button.
08-12 13:54:41.312   781   781 I vol.VolumeDialogImpl: mDialog.dismiss() reason: volume_controller from: com.android.systemui.volume.VolumeDialogImpl$7.onDismissRequested:3
08-12 13:54:41.318   999   999 D TaplTarget: Launcher.onNewIntent: Intent { act=android.intent.action.MAIN cat=[android.intent.category.HOME] flg=0x10400100 cmp=com.android.launcher3/.uioverrides.QuickstepLauncher (has extras) }
08-12 13:54:41.320   360   360 I BpBinder: onLastStrongRef automatically unlinking death recipients: 
08-12 13:54:41.330   781   781 I vol.VolumeDialogImpl: mDialog.dismiss() reason: volume_controller from: com.android.systemui.volume.VolumeDialogImpl$7.onDismissRequested:3
